{"id":3278,"date":"2020-12-27T18:12:04","date_gmt":"2020-12-27T18:12:04","guid":{"rendered":"https:\/\/www.ahmadiyya-islam.org\/se\/?page_id=3278"},"modified":"2021-10-23T07:06:13","modified_gmt":"2021-10-23T07:06:13","slug":"tarbiyyat-camp-december-2020-gasttal","status":"publish","type":"page","link":"https:\/\/www.ahmadiyya-islam.org\/se\/tarbiyyat-camp-december-2020-gasttal\/","title":{"rendered":"Tarbiyyat camp (December 2020): G\u00e4sttal"},"content":{"rendered":"<p>Tal av Respekterad Waseem Zaffar sb &#8211; \u00a0Amir Jamaat Sverige\u00a0 \u00a0(Svenska)<\/p>\n<p>Tal av Respecterad Azhar Hanif sb &#8211;\u00a0 Missionary-in-charge, USA\u00a0 (Engleska)<\/p>\n<p>Tal av Respecterad Anees Ahmad Nadeem sb &#8211;\u00a0 National President, Japan<\/p>\n<p>Tal av Respecterad Ibrahim Noonen sb &#8211;\u00a0 Missionary-in-charge, Ireland (Engleska)<\/p>\n<p>Tal av Respecterad Alhaj Mohammed bin Salih sb &#8211;\u00a0 Amir Jamaat, Ghana (Engleska)<\/p>\n<p>Tal av Respecterad Tahir Nadeem sb &#8211;\u00a0 Arabic Desk, UK (Urdu)<\/p>\n","protected":false},"excerpt":{"rendered":"<p>Tal av Respekterad Waseem Zaffar sb &#8211; \u00a0Amir Jamaat Sverige\u00a0 \u00a0(Svenska) Tal av Respecterad Azhar Hanif sb &#8211;\u00a0 Missionary-in-charge, USA\u00a0 (Engleska) Tal av Respecterad Anees Ahmad Nadeem sb &#8211;\u00a0 National President, Japan Tal av Respecterad Ibrahim Noonen sb &#8211;\u00a0 Missionary-in-charge, Ireland (Engleska) Tal av Respecterad Alhaj Mohammed bin Salih sb &#8211;\u00a0 Amir Jamaat, Ghana (Engleska)<\/p>\n","protected":false},"author":13,"featured_media":0,"parent":0,"menu_order":10,"comment_status":"closed","ping_status":"closed","template":"","meta":{"_acf_changed":false,"footnotes":""},"class_list":["post-3278","page","type-page","status-publish","hentry"],"acf":[],"yoast_head":"<!-- This site is optimized with the Yoast SEO Premium plugin v21.1 (Yoast SEO v27.4) - https:\/\/yoast.com\/product\/yoast-seo-premium-wordpress\/ -->\n<title>Tarbiyyat camp (December 2020): G\u00e4sttal - Islams Ahmadiyya F\u00f6rsamling<\/title>\n<meta name=\"robots\" content=\"index, follow, max-snippet:-1, max-image-preview:large, max-video-preview:-1\" \/>\n<link rel=\"canonical\" href=\"https:\/\/www.ahmadiyya-islam.org\/se\/tarbiyyat-camp-december-2020-gasttal\/\" \/>\n<meta property=\"og:locale\" content=\"sv_SE\" \/>\n<meta property=\"og:type\" content=\"article\" \/>\n<meta property=\"og:title\" content=\"Tarbiyyat camp (December 2020): G\u00e4sttal\" \/>\n<meta property=\"og:description\" content=\"Tal av Respekterad Waseem Zaffar sb &#8211; \u00a0Amir Jamaat Sverige\u00a0 \u00a0(Svenska) Tal av Respecterad Azhar Hanif sb &#8211;\u00a0 Missionary-in-charge, USA\u00a0 (Engleska) Tal av Respecterad Anees Ahmad Nadeem sb &#8211;\u00a0 National President, Japan Tal av Respecterad Ibrahim Noonen sb &#8211;\u00a0 Missionary-in-charge, Ireland (Engleska) Tal av Respecterad Alhaj Mohammed bin Salih sb &#8211;\u00a0 Amir Jamaat, Ghana (Engleska)\" \/>\n<meta property=\"og:url\" content=\"https:\/\/www.ahmadiyya-islam.org\/se\/tarbiyyat-camp-december-2020-gasttal\/\" \/>\n<meta property=\"og:site_name\" content=\"Islams Ahmadiyya F\u00f6rsamling\" \/>\n<meta property=\"article:modified_time\" content=\"2021-10-23T07:06:13+00:00\" \/>\n<meta name=\"twitter:card\" content=\"summary_large_image\" \/>\n<meta name=\"twitter:label1\" content=\"Ber\u00e4knad l\u00e4stid\" \/>\n\t<meta name=\"twitter:data1\" content=\"1 minut\" \/>\n<script type=\"application\/ld+json\" class=\"yoast-schema-graph\">{\"@context\":\"https:\\\/\\\/schema.org\",\"@graph\":[{\"@type\":\"WebPage\",\"@id\":\"https:\\\/\\\/www.ahmadiyya-islam.org\\\/se\\\/tarbiyyat-camp-december-2020-gasttal\\\/\",\"url\":\"https:\\\/\\\/www.ahmadiyya-islam.org\\\/se\\\/tarbiyyat-camp-december-2020-gasttal\\\/\",\"name\":\"Tarbiyyat camp (December 2020): G\u00e4sttal - Islams Ahmadiyya F\u00f6rsamling\",\"isPartOf\":{\"@id\":\"https:\\\/\\\/www.ahmadiyya-islam.org\\\/se\\\/#website\"},\"datePublished\":\"2020-12-27T18:12:04+00:00\",\"dateModified\":\"2021-10-23T07:06:13+00:00\",\"breadcrumb\":{\"@id\":\"https:\\\/\\\/www.ahmadiyya-islam.org\\\/se\\\/tarbiyyat-camp-december-2020-gasttal\\\/#breadcrumb\"},\"inLanguage\":\"sv-SE\",\"potentialAction\":[{\"@type\":\"ReadAction\",\"target\":[\"https:\\\/\\\/www.ahmadiyya-islam.org\\\/se\\\/tarbiyyat-camp-december-2020-gasttal\\\/\"]}]},{\"@type\":\"BreadcrumbList\",\"@id\":\"https:\\\/\\\/www.ahmadiyya-islam.org\\\/se\\\/tarbiyyat-camp-december-2020-gasttal\\\/#breadcrumb\",\"itemListElement\":[{\"@type\":\"ListItem\",\"position\":1,\"name\":\"Home\",\"item\":\"https:\\\/\\\/www.ahmadiyya-islam.org\\\/se\\\/\"},{\"@type\":\"ListItem\",\"position\":2,\"name\":\"Tarbiyyat camp (December 2020): G\u00e4sttal\"}]},{\"@type\":\"WebSite\",\"@id\":\"https:\\\/\\\/www.ahmadiyya-islam.org\\\/se\\\/#website\",\"url\":\"https:\\\/\\\/www.ahmadiyya-islam.org\\\/se\\\/\",\"name\":\"Islams Ahmadiyya F\u00f6rsamling\",\"description\":\"Sverige\",\"potentialAction\":[{\"@type\":\"SearchAction\",\"target\":{\"@type\":\"EntryPoint\",\"urlTemplate\":\"https:\\\/\\\/www.ahmadiyya-islam.org\\\/se\\\/?s={search_term_string}\"},\"query-input\":{\"@type\":\"PropertyValueSpecification\",\"valueRequired\":true,\"valueName\":\"search_term_string\"}}],\"inLanguage\":\"sv-SE\"}]}<\/script>\n<!-- \/ Yoast SEO Premium plugin. -->","yoast_head_json":{"title":"Tarbiyyat camp (December 2020): G\u00e4sttal - Islams Ahmadiyya F\u00f6rsamling","robots":{"index":"index","follow":"follow","max-snippet":"max-snippet:-1","max-image-preview":"max-image-preview:large","max-video-preview":"max-video-preview:-1"},"canonical":"https:\/\/www.ahmadiyya-islam.org\/se\/tarbiyyat-camp-december-2020-gasttal\/","og_locale":"sv_SE","og_type":"article","og_title":"Tarbiyyat camp (December 2020): G\u00e4sttal","og_description":"Tal av Respekterad Waseem Zaffar sb &#8211; \u00a0Amir Jamaat Sverige\u00a0 \u00a0(Svenska) Tal av Respecterad Azhar Hanif sb &#8211;\u00a0 Missionary-in-charge, USA\u00a0 (Engleska) Tal av Respecterad Anees Ahmad Nadeem sb &#8211;\u00a0 National President, Japan Tal av Respecterad Ibrahim Noonen sb &#8211;\u00a0 Missionary-in-charge, Ireland (Engleska) Tal av Respecterad Alhaj Mohammed bin Salih sb &#8211;\u00a0 Amir Jamaat, Ghana (Engleska)","og_url":"https:\/\/www.ahmadiyya-islam.org\/se\/tarbiyyat-camp-december-2020-gasttal\/","og_site_name":"Islams Ahmadiyya F\u00f6rsamling","article_modified_time":"2021-10-23T07:06:13+00:00","twitter_card":"summary_large_image","twitter_misc":{"Ber\u00e4knad l\u00e4stid":"1 minut"},"schema":{"@context":"https:\/\/schema.org","@graph":[{"@type":"WebPage","@id":"https:\/\/www.ahmadiyya-islam.org\/se\/tarbiyyat-camp-december-2020-gasttal\/","url":"https:\/\/www.ahmadiyya-islam.org\/se\/tarbiyyat-camp-december-2020-gasttal\/","name":"Tarbiyyat camp (December 2020): G\u00e4sttal - Islams Ahmadiyya F\u00f6rsamling","isPartOf":{"@id":"https:\/\/www.ahmadiyya-islam.org\/se\/#website"},"datePublished":"2020-12-27T18:12:04+00:00","dateModified":"2021-10-23T07:06:13+00:00","breadcrumb":{"@id":"https:\/\/www.ahmadiyya-islam.org\/se\/tarbiyyat-camp-december-2020-gasttal\/#breadcrumb"},"inLanguage":"sv-SE","potentialAction":[{"@type":"ReadAction","target":["https:\/\/www.ahmadiyya-islam.org\/se\/tarbiyyat-camp-december-2020-gasttal\/"]}]},{"@type":"BreadcrumbList","@id":"https:\/\/www.ahmadiyya-islam.org\/se\/tarbiyyat-camp-december-2020-gasttal\/#breadcrumb","itemListElement":[{"@type":"ListItem","position":1,"name":"Home","item":"https:\/\/www.ahmadiyya-islam.org\/se\/"},{"@type":"ListItem","position":2,"name":"Tarbiyyat camp (December 2020): G\u00e4sttal"}]},{"@type":"WebSite","@id":"https:\/\/www.ahmadiyya-islam.org\/se\/#website","url":"https:\/\/www.ahmadiyya-islam.org\/se\/","name":"Islams Ahmadiyya F\u00f6rsamling","description":"Sverige","potentialAction":[{"@type":"SearchAction","target":{"@type":"EntryPoint","urlTemplate":"https:\/\/www.ahmadiyya-islam.org\/se\/?s={search_term_string}"},"query-input":{"@type":"PropertyValueSpecification","valueRequired":true,"valueName":"search_term_string"}}],"inLanguage":"sv-SE"}]}},"_links":{"self":[{"href":"https:\/\/www.ahmadiyya-islam.org\/se\/wp-json\/wp\/v2\/pages\/3278","targetHints":{"allow":["GET"]}}],"collection":[{"href":"https:\/\/www.ahmadiyya-islam.org\/se\/wp-json\/wp\/v2\/pages"}],"about":[{"href":"https:\/\/www.ahmadiyya-islam.org\/se\/wp-json\/wp\/v2\/types\/page"}],"author":[{"embeddable":true,"href":"https:\/\/www.ahmadiyya-islam.org\/se\/wp-json\/wp\/v2\/users\/13"}],"replies":[{"embeddable":true,"href":"https:\/\/www.ahmadiyya-islam.org\/se\/wp-json\/wp\/v2\/comments?post=3278"}],"version-history":[{"count":1,"href":"https:\/\/www.ahmadiyya-islam.org\/se\/wp-json\/wp\/v2\/pages\/3278\/revisions"}],"predecessor-version":[{"id":3367,"href":"https:\/\/www.ahmadiyya-islam.org\/se\/wp-json\/wp\/v2\/pages\/3278\/revisions\/3367"}],"wp:attachment":[{"href":"https:\/\/www.ahmadiyya-islam.org\/se\/wp-json\/wp\/v2\/media?parent=3278"}],"curies":[{"name":"wp","href":"https:\/\/api.w.org\/{rel}","templated":true}]}}

Tarbiyyat camp (December 2020): Gästtal

<!-- This site is optimized with the Yoast SEO Premium plugin v21.1 (Yoast SEO v27.4) - https://yoast.com/product/yoast-seo-premium-wordpress/ -->
<title>Tarbiyyat camp (December 2020): Gästtal - Islams Ahmadiyya Församling</title>
<meta name="robots" content="index, follow, max-snippet:-1, max-image-preview:large, max-video-preview:-1" />
<link rel="canonical" href="https://www.ahmadiyya-islam.org/se/tarbiyyat-camp-december-2020-gasttal/" />
<meta property="og:locale" content="sv_SE" />
<meta property="og:type" content="article" />
<meta property="og:title" content="Tarbiyyat camp (December 2020): Gästtal" />
<meta property="og:description" content="Tal av Respekterad Waseem Zaffar sb &#8211;  Amir Jamaat Sverige   (Svenska) Tal av Respecterad Azhar Hanif sb &#8211;  Missionary-in-charge, USA  (Engleska) Tal av Respecterad Anees Ahmad Nadeem sb &#8211;  National President, Japan Tal av Respecterad Ibrahim Noonen sb &#8211;  Missionary-in-charge, Ireland (Engleska) Tal av Respecterad Alhaj Mohammed bin Salih sb &#8211;  Amir Jamaat, Ghana (Engleska)" />
<meta property="og:url" content="https://www.ahmadiyya-islam.org/se/tarbiyyat-camp-december-2020-gasttal/" />
<meta property="og:site_name" content="Islams Ahmadiyya Församling" />
<meta property="article:modified_time" content="2021-10-23T07:06:13+00:00" />
<meta name="twitter:card" content="summary_large_image" />
<meta name="twitter:label1" content="Beräknad lästid" />
	<meta name="twitter:data1" content="1 minut" />
<script type="application/ld+json" class="yoast-schema-graph">{"@context":"https:\/\/schema.org","@graph":[{"@type":"WebPage","@id":"https:\/\/www.ahmadiyya-islam.org\/se\/tarbiyyat-camp-december-2020-gasttal\/","url":"https:\/\/www.ahmadiyya-islam.org\/se\/tarbiyyat-camp-december-2020-gasttal\/","name":"Tarbiyyat camp (December 2020): Gästtal - Islams Ahmadiyya Församling","isPartOf":{"@id":"https:\/\/www.ahmadiyya-islam.org\/se\/#website"},"datePublished":"2020-12-27T18:12:04+00:00","dateModified":"2021-10-23T07:06:13+00:00","breadcrumb":{"@id":"https:\/\/www.ahmadiyya-islam.org\/se\/tarbiyyat-camp-december-2020-gasttal\/#breadcrumb"},"inLanguage":"sv-SE","potentialAction":[{"@type":"ReadAction","target":["https:\/\/www.ahmadiyya-islam.org\/se\/tarbiyyat-camp-december-2020-gasttal\/"]}]},{"@type":"BreadcrumbList","@id":"https:\/\/www.ahmadiyya-islam.org\/se\/tarbiyyat-camp-december-2020-gasttal\/#breadcrumb","itemListElement":[{"@type":"ListItem","position":1,"name":"Home","item":"https:\/\/www.ahmadiyya-islam.org\/se\/"},{"@type":"ListItem","position":2,"name":"Tarbiyyat camp (December 2020): Gästtal"}]},{"@type":"WebSite","@id":"https:\/\/www.ahmadiyya-islam.org\/se\/#website","url":"https:\/\/www.ahmadiyya-islam.org\/se\/","name":"Islams Ahmadiyya Församling","description":"Sverige","potentialAction":[{"@type":"SearchAction","target":{"@type":"EntryPoint","urlTemplate":"https:\/\/www.ahmadiyya-islam.org\/se\/?s={search_term_string}"},"query-input":{"@type":"PropertyValueSpecification","valueRequired":true,"valueName":"search_term_string"}}],"inLanguage":"sv-SE"}]}</script>
<!-- / Yoast SEO Premium plugin. -->

Tarbiyyat camp (December 2020): Gästtal - Islams Ahmadiyya Församling

Islams Ahmadiyya Församling
