{"id":1885,"date":"2015-06-01T15:35:08","date_gmt":"2015-06-01T15:35:08","guid":{"rendered":"http:\/\/www.ahmadiyya-islam.org\/se\/kontakt\/"},"modified":"2024-12-16T21:17:27","modified_gmt":"2024-12-16T21:17:27","slug":"kontakt","status":"publish","type":"page","link":"https:\/\/www.ahmadiyya-islam.org\/se\/kontakt\/","title":{"rendered":"Kontakt"},"content":{"rendered":"<p>V\u00e4lkommen till den officiella hemsidan f\u00f6r Islams Ahmadiyya f\u00f6rsamling i Sverige, en sida affilierad med Alislam (http:\/\/www.alislam.org), den officiella hemsidan f\u00f6r Ahmadiyya internationellt. <\/p>\n<p>V\u00e5r huvudmosk\u00e9 finns i G\u00f6teborg, och en mosk\u00e9 finns \u00e4ven i Malm\u00f6. Lokala f\u00f6rsamlingar finns \u00e4ven i Stockholm, Lule\u00e5 och Kalmar. <\/p>\n<p>Har du fr\u00e5gor och funderingar s\u00e5 kan du enkelt kontakta oss genom mail eller telefon. Du kan \u00e4ven kontakta oss via sociala medier som Facebook och Twitter.<\/p>\n<p>Du kan \u00e4ven komma till v\u00e5ra mosk\u00e9er personligen.<\/p>\n<p>V\u00e4lkommen.<\/p>\n<div style=\"width: 100%;background: #EEE;padding: 10px;border: solid 1px #CCC\">\n<p><strong>Nasir Mosk\u00e9n<br \/>\n<\/strong>Tolvskillingsgatan 1<br \/>\n414 82 G\u00f6teborg<br \/>\nSverige<br \/>\nTel: +46 73 529 1692<br \/>\nFax: +46 31 741 6481<\/p>\n<p><strong>Mahmood Mosk\u00e9n<br \/>\n<\/strong>H\u00e4stskogatan 1,<br \/>\n213 77 Malm\u00f6<br \/>\nSverige<br \/>\nTel: +46 70 423 1701<\/p>\n<p><strong>Bait-ul-Aafiyyat<br \/>\n<\/strong>Duvbov\u00e4gen 140<br \/>\n163 41 Sp\u00e5nga, Stockholm<br \/>\nSverige<br \/>\nTel: +46 70 741 6491<\/p>\n<p><strong>Lule\u00e5<br \/>\n<\/strong>Spovgr\u00e4nd 7,<br \/>\n974 55 Herts\u00f6n Lule\u00e5<\/p>\n<p>Tel: +46 76 552 2225<\/p>\n<\/div>\n","protected":false},"excerpt":{"rendered":"<p>V\u00e4lkommen till den officiella hemsidan f\u00f6r Islams Ahmadiyya f\u00f6rsamling i Sverige, en sida affilierad med Alislam (http:\/\/www.alislam.org), den officiella hemsidan f\u00f6r Ahmadiyya internationellt. V\u00e5r huvudmosk\u00e9 finns i G\u00f6teborg, och en mosk\u00e9 finns \u00e4ven i Malm\u00f6. Lokala f\u00f6rsamlingar finns \u00e4ven i Stockholm, Lule\u00e5 och Kalmar. Har du fr\u00e5gor och funderingar s\u00e5 kan du enkelt kontakta oss<\/p>\n","protected":false},"author":13,"featured_media":0,"parent":0,"menu_order":19,"comment_status":"closed","ping_status":"closed","template":"","meta":{"_acf_changed":false,"footnotes":""},"class_list":["post-1885","page","type-page","status-publish","hentry"],"acf":[],"yoast_head":"<!-- This site is optimized with the Yoast SEO Premium plugin v21.1 (Yoast SEO v27.4) - https:\/\/yoast.com\/product\/yoast-seo-premium-wordpress\/ -->\n<title>Kontakt - Islams Ahmadiyya F\u00f6rsamling<\/title>\n<meta name=\"robots\" content=\"index, follow, max-snippet:-1, max-image-preview:large, max-video-preview:-1\" \/>\n<link rel=\"canonical\" href=\"https:\/\/www.ahmadiyya-islam.org\/se\/kontakt\/\" \/>\n<meta property=\"og:locale\" content=\"sv_SE\" \/>\n<meta property=\"og:type\" content=\"article\" \/>\n<meta property=\"og:title\" content=\"Kontakt\" \/>\n<meta property=\"og:description\" content=\"V\u00e4lkommen till den officiella hemsidan f\u00f6r Islams Ahmadiyya f\u00f6rsamling i Sverige, en sida affilierad med Alislam (http:\/\/www.alislam.org), den officiella hemsidan f\u00f6r Ahmadiyya internationellt. V\u00e5r huvudmosk\u00e9 finns i G\u00f6teborg, och en mosk\u00e9 finns \u00e4ven i Malm\u00f6. Lokala f\u00f6rsamlingar finns \u00e4ven i Stockholm, Lule\u00e5 och Kalmar. Har du fr\u00e5gor och funderingar s\u00e5 kan du enkelt kontakta oss\" \/>\n<meta property=\"og:url\" content=\"https:\/\/www.ahmadiyya-islam.org\/se\/kontakt\/\" \/>\n<meta property=\"og:site_name\" content=\"Islams Ahmadiyya F\u00f6rsamling\" \/>\n<meta property=\"article:modified_time\" content=\"2024-12-16T21:17:27+00:00\" \/>\n<meta name=\"twitter:card\" content=\"summary_large_image\" \/>\n<meta name=\"twitter:label1\" content=\"Ber\u00e4knad l\u00e4stid\" \/>\n\t<meta name=\"twitter:data1\" content=\"1 minut\" \/>\n<script type=\"application\/ld+json\" class=\"yoast-schema-graph\">{\"@context\":\"https:\\\/\\\/schema.org\",\"@graph\":[{\"@type\":\"WebPage\",\"@id\":\"https:\\\/\\\/www.ahmadiyya-islam.org\\\/se\\\/kontakt\\\/\",\"url\":\"https:\\\/\\\/www.ahmadiyya-islam.org\\\/se\\\/kontakt\\\/\",\"name\":\"Kontakt - Islams Ahmadiyya F\u00f6rsamling\",\"isPartOf\":{\"@id\":\"https:\\\/\\\/www.ahmadiyya-islam.org\\\/se\\\/#website\"},\"datePublished\":\"2015-06-01T15:35:08+00:00\",\"dateModified\":\"2024-12-16T21:17:27+00:00\",\"breadcrumb\":{\"@id\":\"https:\\\/\\\/www.ahmadiyya-islam.org\\\/se\\\/kontakt\\\/#breadcrumb\"},\"inLanguage\":\"sv-SE\",\"potentialAction\":[{\"@type\":\"ReadAction\",\"target\":[\"https:\\\/\\\/www.ahmadiyya-islam.org\\\/se\\\/kontakt\\\/\"]}]},{\"@type\":\"BreadcrumbList\",\"@id\":\"https:\\\/\\\/www.ahmadiyya-islam.org\\\/se\\\/kontakt\\\/#breadcrumb\",\"itemListElement\":[{\"@type\":\"ListItem\",\"position\":1,\"name\":\"Home\",\"item\":\"https:\\\/\\\/www.ahmadiyya-islam.org\\\/se\\\/\"},{\"@type\":\"ListItem\",\"position\":2,\"name\":\"Kontakt\"}]},{\"@type\":\"WebSite\",\"@id\":\"https:\\\/\\\/www.ahmadiyya-islam.org\\\/se\\\/#website\",\"url\":\"https:\\\/\\\/www.ahmadiyya-islam.org\\\/se\\\/\",\"name\":\"Islams Ahmadiyya F\u00f6rsamling\",\"description\":\"Sverige\",\"potentialAction\":[{\"@type\":\"SearchAction\",\"target\":{\"@type\":\"EntryPoint\",\"urlTemplate\":\"https:\\\/\\\/www.ahmadiyya-islam.org\\\/se\\\/?s={search_term_string}\"},\"query-input\":{\"@type\":\"PropertyValueSpecification\",\"valueRequired\":true,\"valueName\":\"search_term_string\"}}],\"inLanguage\":\"sv-SE\"}]}<\/script>\n<!-- \/ Yoast SEO Premium plugin. -->","yoast_head_json":{"title":"Kontakt - Islams Ahmadiyya F\u00f6rsamling","robots":{"index":"index","follow":"follow","max-snippet":"max-snippet:-1","max-image-preview":"max-image-preview:large","max-video-preview":"max-video-preview:-1"},"canonical":"https:\/\/www.ahmadiyya-islam.org\/se\/kontakt\/","og_locale":"sv_SE","og_type":"article","og_title":"Kontakt","og_description":"V\u00e4lkommen till den officiella hemsidan f\u00f6r Islams Ahmadiyya f\u00f6rsamling i Sverige, en sida affilierad med Alislam (http:\/\/www.alislam.org), den officiella hemsidan f\u00f6r Ahmadiyya internationellt. V\u00e5r huvudmosk\u00e9 finns i G\u00f6teborg, och en mosk\u00e9 finns \u00e4ven i Malm\u00f6. Lokala f\u00f6rsamlingar finns \u00e4ven i Stockholm, Lule\u00e5 och Kalmar. Har du fr\u00e5gor och funderingar s\u00e5 kan du enkelt kontakta oss","og_url":"https:\/\/www.ahmadiyya-islam.org\/se\/kontakt\/","og_site_name":"Islams Ahmadiyya F\u00f6rsamling","article_modified_time":"2024-12-16T21:17:27+00:00","twitter_card":"summary_large_image","twitter_misc":{"Ber\u00e4knad l\u00e4stid":"1 minut"},"schema":{"@context":"https:\/\/schema.org","@graph":[{"@type":"WebPage","@id":"https:\/\/www.ahmadiyya-islam.org\/se\/kontakt\/","url":"https:\/\/www.ahmadiyya-islam.org\/se\/kontakt\/","name":"Kontakt - Islams Ahmadiyya F\u00f6rsamling","isPartOf":{"@id":"https:\/\/www.ahmadiyya-islam.org\/se\/#website"},"datePublished":"2015-06-01T15:35:08+00:00","dateModified":"2024-12-16T21:17:27+00:00","breadcrumb":{"@id":"https:\/\/www.ahmadiyya-islam.org\/se\/kontakt\/#breadcrumb"},"inLanguage":"sv-SE","potentialAction":[{"@type":"ReadAction","target":["https:\/\/www.ahmadiyya-islam.org\/se\/kontakt\/"]}]},{"@type":"BreadcrumbList","@id":"https:\/\/www.ahmadiyya-islam.org\/se\/kontakt\/#breadcrumb","itemListElement":[{"@type":"ListItem","position":1,"name":"Home","item":"https:\/\/www.ahmadiyya-islam.org\/se\/"},{"@type":"ListItem","position":2,"name":"Kontakt"}]},{"@type":"WebSite","@id":"https:\/\/www.ahmadiyya-islam.org\/se\/#website","url":"https:\/\/www.ahmadiyya-islam.org\/se\/","name":"Islams Ahmadiyya F\u00f6rsamling","description":"Sverige","potentialAction":[{"@type":"SearchAction","target":{"@type":"EntryPoint","urlTemplate":"https:\/\/www.ahmadiyya-islam.org\/se\/?s={search_term_string}"},"query-input":{"@type":"PropertyValueSpecification","valueRequired":true,"valueName":"search_term_string"}}],"inLanguage":"sv-SE"}]}},"_links":{"self":[{"href":"https:\/\/www.ahmadiyya-islam.org\/se\/wp-json\/wp\/v2\/pages\/1885","targetHints":{"allow":["GET"]}}],"collection":[{"href":"https:\/\/www.ahmadiyya-islam.org\/se\/wp-json\/wp\/v2\/pages"}],"about":[{"href":"https:\/\/www.ahmadiyya-islam.org\/se\/wp-json\/wp\/v2\/types\/page"}],"author":[{"embeddable":true,"href":"https:\/\/www.ahmadiyya-islam.org\/se\/wp-json\/wp\/v2\/users\/13"}],"replies":[{"embeddable":true,"href":"https:\/\/www.ahmadiyya-islam.org\/se\/wp-json\/wp\/v2\/comments?post=1885"}],"version-history":[{"count":2,"href":"https:\/\/www.ahmadiyya-islam.org\/se\/wp-json\/wp\/v2\/pages\/1885\/revisions"}],"predecessor-version":[{"id":3769,"href":"https:\/\/www.ahmadiyya-islam.org\/se\/wp-json\/wp\/v2\/pages\/1885\/revisions\/3769"}],"wp:attachment":[{"href":"https:\/\/www.ahmadiyya-islam.org\/se\/wp-json\/wp\/v2\/media?parent=1885"}],"curies":[{"name":"wp","href":"https:\/\/api.w.org\/{rel}","templated":true}]}}

<p>Välkommen till den officiella hemsidan för Islams Ahmadiyya församling i Sverige, en sida affilierad med Alislam (http://www.alislam.org), den officiella hemsidan för Ahmadiyya internationellt. </p>
<p>Vår huvudmoské finns i Göteborg, och en moské finns även i Malmö. Lokala församlingar finns även i Stockholm, Luleå och Kalmar. </p>
<p>Har du frågor och funderingar så kan du enkelt kontakta oss genom mail eller telefon. Du kan även kontakta oss via sociala medier som Facebook och Twitter.</p>
<p>Du kan även komma till våra moskéer personligen.</p>
<p>Välkommen.</p>
<div style="width: 100%;background: #EEE;padding: 10px;border: solid 1px #CCC">
<p><strong>Nasir Moskén<br />
</strong>Tolvskillingsgatan 1<br />
414 82 Göteborg<br />
Sverige<br />
Tel: +46 73 529 1692<br />
Fax: +46 31 741 6481</p>
<p><strong>Mahmood Moskén<br />
</strong>Hästskogatan 1,<br />
213 77 Malmö<br />
Sverige<br />
Tel: +46 70 423 1701</p>
<p><strong>Bait-ul-Aafiyyat<br />
</strong>Duvbovägen 140<br />
163 41 Spånga, Stockholm<br />
Sverige<br />
Tel: +46 70 741 6491</p>
<p><strong>Luleå<br />
</strong>Spovgränd 7,<br />
974 55 Hertsön Luleå</p>
<p>Tel: +46 76 552 2225</p>
</div>

<p>Välkommen till den officiella hemsidan för Islams Ahmadiyya församling i Sverige, en sida affilierad med Alislam (http://www.alislam.org), den officiella hemsidan för Ahmadiyya internationellt. Vår huvudmoské finns i Göteborg, och en moské finns även i Malmö. Lokala församlingar finns även i Stockholm, Luleå och Kalmar. Har du frågor och funderingar så kan du enkelt kontakta oss</p>

<!-- This site is optimized with the Yoast SEO Premium plugin v21.1 (Yoast SEO v27.4) - https://yoast.com/product/yoast-seo-premium-wordpress/ -->
<title>Kontakt - Islams Ahmadiyya Församling</title>
<meta name="robots" content="index, follow, max-snippet:-1, max-image-preview:large, max-video-preview:-1" />
<link rel="canonical" href="https://www.ahmadiyya-islam.org/se/kontakt/" />
<meta property="og:locale" content="sv_SE" />
<meta property="og:type" content="article" />
<meta property="og:title" content="Kontakt" />
<meta property="og:description" content="Välkommen till den officiella hemsidan för Islams Ahmadiyya församling i Sverige, en sida affilierad med Alislam (http://www.alislam.org), den officiella hemsidan för Ahmadiyya internationellt. Vår huvudmoské finns i Göteborg, och en moské finns även i Malmö. Lokala församlingar finns även i Stockholm, Luleå och Kalmar. Har du frågor och funderingar så kan du enkelt kontakta oss" />
<meta property="og:url" content="https://www.ahmadiyya-islam.org/se/kontakt/" />
<meta property="og:site_name" content="Islams Ahmadiyya Församling" />
<meta property="article:modified_time" content="2024-12-16T21:17:27+00:00" />
<meta name="twitter:card" content="summary_large_image" />
<meta name="twitter:label1" content="Beräknad lästid" />
	<meta name="twitter:data1" content="1 minut" />
<script type="application/ld+json" class="yoast-schema-graph">{"@context":"https:\/\/schema.org","@graph":[{"@type":"WebPage","@id":"https:\/\/www.ahmadiyya-islam.org\/se\/kontakt\/","url":"https:\/\/www.ahmadiyya-islam.org\/se\/kontakt\/","name":"Kontakt - Islams Ahmadiyya Församling","isPartOf":{"@id":"https:\/\/www.ahmadiyya-islam.org\/se\/#website"},"datePublished":"2015-06-01T15:35:08+00:00","dateModified":"2024-12-16T21:17:27+00:00","breadcrumb":{"@id":"https:\/\/www.ahmadiyya-islam.org\/se\/kontakt\/#breadcrumb"},"inLanguage":"sv-SE","potentialAction":[{"@type":"ReadAction","target":["https:\/\/www.ahmadiyya-islam.org\/se\/kontakt\/"]}]},{"@type":"BreadcrumbList","@id":"https:\/\/www.ahmadiyya-islam.org\/se\/kontakt\/#breadcrumb","itemListElement":[{"@type":"ListItem","position":1,"name":"Home","item":"https:\/\/www.ahmadiyya-islam.org\/se\/"},{"@type":"ListItem","position":2,"name":"Kontakt"}]},{"@type":"WebSite","@id":"https:\/\/www.ahmadiyya-islam.org\/se\/#website","url":"https:\/\/www.ahmadiyya-islam.org\/se\/","name":"Islams Ahmadiyya Församling","description":"Sverige","potentialAction":[{"@type":"SearchAction","target":{"@type":"EntryPoint","urlTemplate":"https:\/\/www.ahmadiyya-islam.org\/se\/?s={search_term_string}"},"query-input":{"@type":"PropertyValueSpecification","valueRequired":true,"valueName":"search_term_string"}}],"inLanguage":"sv-SE"}]}</script>
<!-- / Yoast SEO Premium plugin. -->

Kontakt - Islams Ahmadiyya Församling

Välkommen till den officiella hemsidan för Islams Ahmadiyya församling i Sverige, en sida affilierad med Alislam (http://www.alislam.org), den officiella hemsidan för Ahmadiyya internationellt. Vår huvudmoské finns i Göteborg, och en moské finns även i Malmö. Lokala församlingar finns även i Stockholm, Luleå och Kalmar. Har du frågor och funderingar så kan du enkelt kontakta oss

Islams Ahmadiyya Församling
