{"id":467,"date":"2020-07-12T00:00:33","date_gmt":"2020-07-11T21:00:33","guid":{"rendered":"https:\/\/www.ahmadiyya-islam.org\/lt\/?post_type=videos&#038;p=467"},"modified":"2025-12-10T19:26:21","modified_gmt":"2025-12-10T17:26:21","slug":"savanorystes-svarba-su-gerb-lina-blazyte-bendrystes-ir-socialiniu-inovaciju-centro-direktore","status":"publish","type":"videos","link":"https:\/\/www.ahmadiyya-islam.org\/lt\/videos\/savanorystes-svarba-su-gerb-lina-blazyte-bendrystes-ir-socialiniu-inovaciju-centro-direktore\/","title":{"rendered":"Savanoryst\u0117s svarba su Gerb. Lina Bla\u017eyte Bendryst\u0117s ir socialini\u0173 inovacij\u0173 centro direktore"},"content":{"rendered":"<p>\u0160itame video klipe gal\u0117site su\u017einoti apie Savanoryst\u0117s svarb\u0105. Asociacija Ahmadija visus metus daro savanori\u0161\u0105 veikl\u0105 t.y. nauj\u0173j\u0173 met\u0173 tvarkymosi akcij\u0105, kraujo donoryst\u0117s akcija, sriubos vai\u0161inimo akcija ir t.t. Meil\u0117 \u0161aliai yra tik\u0117jimo dalis.<\/p>\n","protected":false},"excerpt":{"rendered":"<p>\u0160itame video klipe gal\u0117site su\u017einoti apie Savanoryst\u0117s svarb\u0105. Asociacija Ahmadija visus metus daro savanori\u0161\u0105 veikl\u0105 t.y. nauj\u0173j\u0173 met\u0173 tvarkymosi akcij\u0105, kraujo donoryst\u0117s akcija, sriubos vai\u0161inimo akcija ir t.t. Meil\u0117 \u0161aliai yra tik\u0117jimo dalis.<\/p>\n","protected":false},"featured_media":468,"parent":0,"menu_order":0,"template":"","tags":[],"video-categories":[],"program-series":[],"authors":[],"content_source":[],"class_list":["post-467","videos","type-videos","status-publish","has-post-thumbnail","hentry"],"acf":[],"yoast_head":"<!-- This site is optimized with the Yoast SEO Premium plugin v21.1 (Yoast SEO v27.4) - https:\/\/yoast.com\/product\/yoast-seo-premium-wordpress\/ -->\n<title>Savanoryst\u0117s svarba su Gerb. Lina Bla\u017eyte Bendryst\u0117s ir socialini\u0173 inovacij\u0173 centro direktore - Asociacija Ahmadija<\/title>\n<meta name=\"robots\" content=\"noindex, follow, max-snippet:-1, max-image-preview:large, max-video-preview:-1\" \/>\n<meta property=\"og:locale\" content=\"lt_LT\" \/>\n<meta property=\"og:type\" content=\"article\" \/>\n<meta property=\"og:title\" content=\"Savanoryst\u0117s svarba su Gerb. Lina Bla\u017eyte Bendryst\u0117s ir socialini\u0173 inovacij\u0173 centro direktore\" \/>\n<meta property=\"og:description\" content=\"\u0160itame video klipe gal\u0117site su\u017einoti apie Savanoryst\u0117s svarb\u0105. Asociacija Ahmadija visus metus daro savanori\u0161\u0105 veikl\u0105 t.y. nauj\u0173j\u0173 met\u0173 tvarkymosi akcij\u0105, kraujo donoryst\u0117s akcija, sriubos vai\u0161inimo akcija ir t.t. Meil\u0117 \u0161aliai yra tik\u0117jimo dalis.\" \/>\n<meta property=\"og:url\" content=\"https:\/\/www.ahmadiyya-islam.org\/lt\/videos\/savanorystes-svarba-su-gerb-lina-blazyte-bendrystes-ir-socialiniu-inovaciju-centro-direktore\/\" \/>\n<meta property=\"og:site_name\" content=\"Asociacija Ahmadija\" \/>\n<meta property=\"article:modified_time\" content=\"2025-12-10T17:26:21+00:00\" \/>\n<meta property=\"og:image\" content=\"http:\/\/www.ahmadiyya-islam.org\/lt\/wp-content\/uploads\/sites\/29\/2025\/12\/savanorystes-svarba-su-gerb-lina.jpg\" \/>\n\t<meta property=\"og:image:width\" content=\"1280\" \/>\n\t<meta property=\"og:image:height\" content=\"720\" \/>\n\t<meta property=\"og:image:type\" content=\"image\/jpeg\" \/>\n<meta name=\"twitter:card\" content=\"summary_large_image\" \/>\n<meta name=\"twitter:label1\" content=\"Est. reading time\" \/>\n\t<meta name=\"twitter:data1\" content=\"1 minut\u0117\" \/>\n<script type=\"application\/ld+json\" class=\"yoast-schema-graph\">{\"@context\":\"https:\\\/\\\/schema.org\",\"@graph\":[{\"@type\":\"WebPage\",\"@id\":\"https:\\\/\\\/www.ahmadiyya-islam.org\\\/lt\\\/videos\\\/savanorystes-svarba-su-gerb-lina-blazyte-bendrystes-ir-socialiniu-inovaciju-centro-direktore\\\/\",\"url\":\"https:\\\/\\\/www.ahmadiyya-islam.org\\\/lt\\\/videos\\\/savanorystes-svarba-su-gerb-lina-blazyte-bendrystes-ir-socialiniu-inovaciju-centro-direktore\\\/\",\"name\":\"Savanoryst\u0117s svarba su Gerb. Lina Bla\u017eyte Bendryst\u0117s ir socialini\u0173 inovacij\u0173 centro direktore - Asociacija Ahmadija\",\"isPartOf\":{\"@id\":\"https:\\\/\\\/www.ahmadiyya-islam.org\\\/lt\\\/#website\"},\"primaryImageOfPage\":{\"@id\":\"https:\\\/\\\/www.ahmadiyya-islam.org\\\/lt\\\/videos\\\/savanorystes-svarba-su-gerb-lina-blazyte-bendrystes-ir-socialiniu-inovaciju-centro-direktore\\\/#primaryimage\"},\"image\":{\"@id\":\"https:\\\/\\\/www.ahmadiyya-islam.org\\\/lt\\\/videos\\\/savanorystes-svarba-su-gerb-lina-blazyte-bendrystes-ir-socialiniu-inovaciju-centro-direktore\\\/#primaryimage\"},\"thumbnailUrl\":\"https:\\\/\\\/www.ahmadiyya-islam.org\\\/lt\\\/wp-content\\\/uploads\\\/sites\\\/29\\\/2025\\\/12\\\/savanorystes-svarba-su-gerb-lina.jpg\",\"datePublished\":\"2020-07-11T21:00:33+00:00\",\"dateModified\":\"2025-12-10T17:26:21+00:00\",\"breadcrumb\":{\"@id\":\"https:\\\/\\\/www.ahmadiyya-islam.org\\\/lt\\\/videos\\\/savanorystes-svarba-su-gerb-lina-blazyte-bendrystes-ir-socialiniu-inovaciju-centro-direktore\\\/#breadcrumb\"},\"inLanguage\":\"lt-LT\",\"potentialAction\":[{\"@type\":\"ReadAction\",\"target\":[\"https:\\\/\\\/www.ahmadiyya-islam.org\\\/lt\\\/videos\\\/savanorystes-svarba-su-gerb-lina-blazyte-bendrystes-ir-socialiniu-inovaciju-centro-direktore\\\/\"]}]},{\"@type\":\"ImageObject\",\"inLanguage\":\"lt-LT\",\"@id\":\"https:\\\/\\\/www.ahmadiyya-islam.org\\\/lt\\\/videos\\\/savanorystes-svarba-su-gerb-lina-blazyte-bendrystes-ir-socialiniu-inovaciju-centro-direktore\\\/#primaryimage\",\"url\":\"https:\\\/\\\/www.ahmadiyya-islam.org\\\/lt\\\/wp-content\\\/uploads\\\/sites\\\/29\\\/2025\\\/12\\\/savanorystes-svarba-su-gerb-lina.jpg\",\"contentUrl\":\"https:\\\/\\\/www.ahmadiyya-islam.org\\\/lt\\\/wp-content\\\/uploads\\\/sites\\\/29\\\/2025\\\/12\\\/savanorystes-svarba-su-gerb-lina.jpg\",\"width\":1280,\"height\":720},{\"@type\":\"BreadcrumbList\",\"@id\":\"https:\\\/\\\/www.ahmadiyya-islam.org\\\/lt\\\/videos\\\/savanorystes-svarba-su-gerb-lina-blazyte-bendrystes-ir-socialiniu-inovaciju-centro-direktore\\\/#breadcrumb\",\"itemListElement\":[{\"@type\":\"ListItem\",\"position\":1,\"name\":\"Home\",\"item\":\"https:\\\/\\\/www.ahmadiyya-islam.org\\\/lt\\\/\"},{\"@type\":\"ListItem\",\"position\":2,\"name\":\"Videos\",\"item\":\"https:\\\/\\\/www.ahmadiyya-islam.org\\\/lt\\\/videos\\\/\"},{\"@type\":\"ListItem\",\"position\":3,\"name\":\"Savanoryst\u0117s svarba su Gerb. Lina Bla\u017eyte Bendryst\u0117s ir socialini\u0173 inovacij\u0173 centro direktore\"}]},{\"@type\":\"WebSite\",\"@id\":\"https:\\\/\\\/www.ahmadiyya-islam.org\\\/lt\\\/#website\",\"url\":\"https:\\\/\\\/www.ahmadiyya-islam.org\\\/lt\\\/\",\"name\":\"Asociacija Ahmadija\",\"description\":\"Lietuva\",\"potentialAction\":[{\"@type\":\"SearchAction\",\"target\":{\"@type\":\"EntryPoint\",\"urlTemplate\":\"https:\\\/\\\/www.ahmadiyya-islam.org\\\/lt\\\/?s={search_term_string}\"},\"query-input\":{\"@type\":\"PropertyValueSpecification\",\"valueRequired\":true,\"valueName\":\"search_term_string\"}}],\"inLanguage\":\"lt-LT\"}]}<\/script>\n<!-- \/ Yoast SEO Premium plugin. -->","yoast_head_json":{"title":"Savanoryst\u0117s svarba su Gerb. Lina Bla\u017eyte Bendryst\u0117s ir socialini\u0173 inovacij\u0173 centro direktore - Asociacija Ahmadija","robots":{"index":"noindex","follow":"follow","max-snippet":"max-snippet:-1","max-image-preview":"max-image-preview:large","max-video-preview":"max-video-preview:-1"},"og_locale":"lt_LT","og_type":"article","og_title":"Savanoryst\u0117s svarba su Gerb. Lina Bla\u017eyte Bendryst\u0117s ir socialini\u0173 inovacij\u0173 centro direktore","og_description":"\u0160itame video klipe gal\u0117site su\u017einoti apie Savanoryst\u0117s svarb\u0105. Asociacija Ahmadija visus metus daro savanori\u0161\u0105 veikl\u0105 t.y. nauj\u0173j\u0173 met\u0173 tvarkymosi akcij\u0105, kraujo donoryst\u0117s akcija, sriubos vai\u0161inimo akcija ir t.t. Meil\u0117 \u0161aliai yra tik\u0117jimo dalis.","og_url":"https:\/\/www.ahmadiyya-islam.org\/lt\/videos\/savanorystes-svarba-su-gerb-lina-blazyte-bendrystes-ir-socialiniu-inovaciju-centro-direktore\/","og_site_name":"Asociacija Ahmadija","article_modified_time":"2025-12-10T17:26:21+00:00","og_image":[{"width":1280,"height":720,"url":"http:\/\/www.ahmadiyya-islam.org\/lt\/wp-content\/uploads\/sites\/29\/2025\/12\/savanorystes-svarba-su-gerb-lina.jpg","type":"image\/jpeg"}],"twitter_card":"summary_large_image","twitter_misc":{"Est. reading time":"1 minut\u0117"},"schema":{"@context":"https:\/\/schema.org","@graph":[{"@type":"WebPage","@id":"https:\/\/www.ahmadiyya-islam.org\/lt\/videos\/savanorystes-svarba-su-gerb-lina-blazyte-bendrystes-ir-socialiniu-inovaciju-centro-direktore\/","url":"https:\/\/www.ahmadiyya-islam.org\/lt\/videos\/savanorystes-svarba-su-gerb-lina-blazyte-bendrystes-ir-socialiniu-inovaciju-centro-direktore\/","name":"Savanoryst\u0117s svarba su Gerb. Lina Bla\u017eyte Bendryst\u0117s ir socialini\u0173 inovacij\u0173 centro direktore - Asociacija Ahmadija","isPartOf":{"@id":"https:\/\/www.ahmadiyya-islam.org\/lt\/#website"},"primaryImageOfPage":{"@id":"https:\/\/www.ahmadiyya-islam.org\/lt\/videos\/savanorystes-svarba-su-gerb-lina-blazyte-bendrystes-ir-socialiniu-inovaciju-centro-direktore\/#primaryimage"},"image":{"@id":"https:\/\/www.ahmadiyya-islam.org\/lt\/videos\/savanorystes-svarba-su-gerb-lina-blazyte-bendrystes-ir-socialiniu-inovaciju-centro-direktore\/#primaryimage"},"thumbnailUrl":"https:\/\/www.ahmadiyya-islam.org\/lt\/wp-content\/uploads\/sites\/29\/2025\/12\/savanorystes-svarba-su-gerb-lina.jpg","datePublished":"2020-07-11T21:00:33+00:00","dateModified":"2025-12-10T17:26:21+00:00","breadcrumb":{"@id":"https:\/\/www.ahmadiyya-islam.org\/lt\/videos\/savanorystes-svarba-su-gerb-lina-blazyte-bendrystes-ir-socialiniu-inovaciju-centro-direktore\/#breadcrumb"},"inLanguage":"lt-LT","potentialAction":[{"@type":"ReadAction","target":["https:\/\/www.ahmadiyya-islam.org\/lt\/videos\/savanorystes-svarba-su-gerb-lina-blazyte-bendrystes-ir-socialiniu-inovaciju-centro-direktore\/"]}]},{"@type":"ImageObject","inLanguage":"lt-LT","@id":"https:\/\/www.ahmadiyya-islam.org\/lt\/videos\/savanorystes-svarba-su-gerb-lina-blazyte-bendrystes-ir-socialiniu-inovaciju-centro-direktore\/#primaryimage","url":"https:\/\/www.ahmadiyya-islam.org\/lt\/wp-content\/uploads\/sites\/29\/2025\/12\/savanorystes-svarba-su-gerb-lina.jpg","contentUrl":"https:\/\/www.ahmadiyya-islam.org\/lt\/wp-content\/uploads\/sites\/29\/2025\/12\/savanorystes-svarba-su-gerb-lina.jpg","width":1280,"height":720},{"@type":"BreadcrumbList","@id":"https:\/\/www.ahmadiyya-islam.org\/lt\/videos\/savanorystes-svarba-su-gerb-lina-blazyte-bendrystes-ir-socialiniu-inovaciju-centro-direktore\/#breadcrumb","itemListElement":[{"@type":"ListItem","position":1,"name":"Home","item":"https:\/\/www.ahmadiyya-islam.org\/lt\/"},{"@type":"ListItem","position":2,"name":"Videos","item":"https:\/\/www.ahmadiyya-islam.org\/lt\/videos\/"},{"@type":"ListItem","position":3,"name":"Savanoryst\u0117s svarba su Gerb. Lina Bla\u017eyte Bendryst\u0117s ir socialini\u0173 inovacij\u0173 centro direktore"}]},{"@type":"WebSite","@id":"https:\/\/www.ahmadiyya-islam.org\/lt\/#website","url":"https:\/\/www.ahmadiyya-islam.org\/lt\/","name":"Asociacija Ahmadija","description":"Lietuva","potentialAction":[{"@type":"SearchAction","target":{"@type":"EntryPoint","urlTemplate":"https:\/\/www.ahmadiyya-islam.org\/lt\/?s={search_term_string}"},"query-input":{"@type":"PropertyValueSpecification","valueRequired":true,"valueName":"search_term_string"}}],"inLanguage":"lt-LT"}]}},"_links":{"self":[{"href":"https:\/\/www.ahmadiyya-islam.org\/lt\/wp-json\/wp\/v2\/videos\/467","targetHints":{"allow":["GET"]}}],"collection":[{"href":"https:\/\/www.ahmadiyya-islam.org\/lt\/wp-json\/wp\/v2\/videos"}],"about":[{"href":"https:\/\/www.ahmadiyya-islam.org\/lt\/wp-json\/wp\/v2\/types\/videos"}],"version-history":[{"count":1,"href":"https:\/\/www.ahmadiyya-islam.org\/lt\/wp-json\/wp\/v2\/videos\/467\/revisions"}],"predecessor-version":[{"id":470,"href":"https:\/\/www.ahmadiyya-islam.org\/lt\/wp-json\/wp\/v2\/videos\/467\/revisions\/470"}],"wp:featuredmedia":[{"embeddable":true,"href":"https:\/\/www.ahmadiyya-islam.org\/lt\/wp-json\/wp\/v2\/media\/468"}],"wp:attachment":[{"href":"https:\/\/www.ahmadiyya-islam.org\/lt\/wp-json\/wp\/v2\/media?parent=467"}],"wp:term":[{"taxonomy":"post_tag","embeddable":true,"href":"https:\/\/www.ahmadiyya-islam.org\/lt\/wp-json\/wp\/v2\/tags?post=467"},{"taxonomy":"video-categories","embeddable":true,"href":"https:\/\/www.ahmadiyya-islam.org\/lt\/wp-json\/wp\/v2\/video-categories?post=467"},{"taxonomy":"program-series","embeddable":true,"href":"https:\/\/www.ahmadiyya-islam.org\/lt\/wp-json\/wp\/v2\/program-series?post=467"},{"taxonomy":"authors","embeddable":true,"href":"https:\/\/www.ahmadiyya-islam.org\/lt\/wp-json\/wp\/v2\/authors?post=467"},{"taxonomy":"content_source","embeddable":true,"href":"https:\/\/www.ahmadiyya-islam.org\/lt\/wp-json\/wp\/v2\/content_source?post=467"}],"curies":[{"name":"wp","href":"https:\/\/api.w.org\/{rel}","templated":true}]}}

Savanorystės svarba su Gerb. Lina Blažyte Bendrystės ir socialinių inovacijų centro direktore

<p>Šitame video klipe galėsite sužinoti apie Savanorystės svarbą. Asociacija Ahmadija visus metus daro savanorišą veiklą t.y. naujųjų metų tvarkymosi akciją, kraujo donorystės akcija, sriubos vaišinimo akcija ir t.t. Meilė šaliai yra tikėjimo dalis.</p>

<!-- This site is optimized with the Yoast SEO Premium plugin v21.1 (Yoast SEO v27.4) - https://yoast.com/product/yoast-seo-premium-wordpress/ -->
<title>Savanorystės svarba su Gerb. Lina Blažyte Bendrystės ir socialinių inovacijų centro direktore - Asociacija Ahmadija</title>
<meta name="robots" content="noindex, follow, max-snippet:-1, max-image-preview:large, max-video-preview:-1" />
<meta property="og:locale" content="lt_LT" />
<meta property="og:type" content="article" />
<meta property="og:title" content="Savanorystės svarba su Gerb. Lina Blažyte Bendrystės ir socialinių inovacijų centro direktore" />
<meta property="og:description" content="Šitame video klipe galėsite sužinoti apie Savanorystės svarbą. Asociacija Ahmadija visus metus daro savanorišą veiklą t.y. naujųjų metų tvarkymosi akciją, kraujo donorystės akcija, sriubos vaišinimo akcija ir t.t. Meilė šaliai yra tikėjimo dalis." />
<meta property="og:url" content="https://www.ahmadiyya-islam.org/lt/videos/savanorystes-svarba-su-gerb-lina-blazyte-bendrystes-ir-socialiniu-inovaciju-centro-direktore/" />
<meta property="og:site_name" content="Asociacija Ahmadija" />
<meta property="article:modified_time" content="2025-12-10T17:26:21+00:00" />
<meta property="og:image" content="http://www.ahmadiyya-islam.org/lt/wp-content/uploads/sites/29/2025/12/savanorystes-svarba-su-gerb-lina.jpg" />
	<meta property="og:image:width" content="1280" />
	<meta property="og:image:height" content="720" />
	<meta property="og:image:type" content="image/jpeg" />
<meta name="twitter:card" content="summary_large_image" />
<meta name="twitter:label1" content="Est. reading time" />
	<meta name="twitter:data1" content="1 minutė" />
<script type="application/ld+json" class="yoast-schema-graph">{"@context":"https:\/\/schema.org","@graph":[{"@type":"WebPage","@id":"https:\/\/www.ahmadiyya-islam.org\/lt\/videos\/savanorystes-svarba-su-gerb-lina-blazyte-bendrystes-ir-socialiniu-inovaciju-centro-direktore\/","url":"https:\/\/www.ahmadiyya-islam.org\/lt\/videos\/savanorystes-svarba-su-gerb-lina-blazyte-bendrystes-ir-socialiniu-inovaciju-centro-direktore\/","name":"Savanorystės svarba su Gerb. Lina Blažyte Bendrystės ir socialinių inovacijų centro direktore - Asociacija Ahmadija","isPartOf":{"@id":"https:\/\/www.ahmadiyya-islam.org\/lt\/#website"},"primaryImageOfPage":{"@id":"https:\/\/www.ahmadiyya-islam.org\/lt\/videos\/savanorystes-svarba-su-gerb-lina-blazyte-bendrystes-ir-socialiniu-inovaciju-centro-direktore\/#primaryimage"},"image":{"@id":"https:\/\/www.ahmadiyya-islam.org\/lt\/videos\/savanorystes-svarba-su-gerb-lina-blazyte-bendrystes-ir-socialiniu-inovaciju-centro-direktore\/#primaryimage"},"thumbnailUrl":"https:\/\/www.ahmadiyya-islam.org\/lt\/wp-content\/uploads\/sites\/29\/2025\/12\/savanorystes-svarba-su-gerb-lina.jpg","datePublished":"2020-07-11T21:00:33+00:00","dateModified":"2025-12-10T17:26:21+00:00","breadcrumb":{"@id":"https:\/\/www.ahmadiyya-islam.org\/lt\/videos\/savanorystes-svarba-su-gerb-lina-blazyte-bendrystes-ir-socialiniu-inovaciju-centro-direktore\/#breadcrumb"},"inLanguage":"lt-LT","potentialAction":[{"@type":"ReadAction","target":["https:\/\/www.ahmadiyya-islam.org\/lt\/videos\/savanorystes-svarba-su-gerb-lina-blazyte-bendrystes-ir-socialiniu-inovaciju-centro-direktore\/"]}]},{"@type":"ImageObject","inLanguage":"lt-LT","@id":"https:\/\/www.ahmadiyya-islam.org\/lt\/videos\/savanorystes-svarba-su-gerb-lina-blazyte-bendrystes-ir-socialiniu-inovaciju-centro-direktore\/#primaryimage","url":"https:\/\/www.ahmadiyya-islam.org\/lt\/wp-content\/uploads\/sites\/29\/2025\/12\/savanorystes-svarba-su-gerb-lina.jpg","contentUrl":"https:\/\/www.ahmadiyya-islam.org\/lt\/wp-content\/uploads\/sites\/29\/2025\/12\/savanorystes-svarba-su-gerb-lina.jpg","width":1280,"height":720},{"@type":"BreadcrumbList","@id":"https:\/\/www.ahmadiyya-islam.org\/lt\/videos\/savanorystes-svarba-su-gerb-lina-blazyte-bendrystes-ir-socialiniu-inovaciju-centro-direktore\/#breadcrumb","itemListElement":[{"@type":"ListItem","position":1,"name":"Home","item":"https:\/\/www.ahmadiyya-islam.org\/lt\/"},{"@type":"ListItem","position":2,"name":"Videos","item":"https:\/\/www.ahmadiyya-islam.org\/lt\/videos\/"},{"@type":"ListItem","position":3,"name":"Savanorystės svarba su Gerb. Lina Blažyte Bendrystės ir socialinių inovacijų centro direktore"}]},{"@type":"WebSite","@id":"https:\/\/www.ahmadiyya-islam.org\/lt\/#website","url":"https:\/\/www.ahmadiyya-islam.org\/lt\/","name":"Asociacija Ahmadija","description":"Lietuva","potentialAction":[{"@type":"SearchAction","target":{"@type":"EntryPoint","urlTemplate":"https:\/\/www.ahmadiyya-islam.org\/lt\/?s={search_term_string}"},"query-input":{"@type":"PropertyValueSpecification","valueRequired":true,"valueName":"search_term_string"}}],"inLanguage":"lt-LT"}]}</script>
<!-- / Yoast SEO Premium plugin. -->

Savanorystės svarba su Gerb. Lina Blažyte Bendrystės ir socialinių inovacijų centro direktore - Asociacija Ahmadija

Šitame video klipe galėsite sužinoti apie Savanorystės svarbą. Asociacija Ahmadija visus metus daro savanorišą veiklą t.y. naujųjų metų tvarkymosi akciją, kraujo donorystės akcija, sriubos vaišinimo akcija ir t.t. Meilė šaliai yra tikėjimo dalis.

1 minutė
