{"id":449,"date":"2023-01-13T00:00:42","date_gmt":"2023-01-12T22:00:42","guid":{"rendered":"https:\/\/www.ahmadiyya-islam.org\/lt\/?post_type=videos&#038;p=449"},"modified":"2025-12-12T21:07:20","modified_gmt":"2025-12-12T19:07:20","slug":"kito-pasaulinio-karo","status":"publish","type":"videos","link":"https:\/\/www.ahmadiyya-islam.org\/lt\/videos\/kito-pasaulinio-karo\/","title":{"rendered":"Kito pasaulinio karo"},"content":{"rendered":"<p>Jau daug kart\u0173 kalb\u0117jau apie siaubingas kito pasaulinio karo pasekmes ir galb\u016bt tik po tokio karo pasaulis suvoks naikinan\u010diasneteisingos politikos, vykdomostik siekiant patenkinti asmenines ambicijas ir interesus, pasekmes. Tikiuosi ir meld\u017eiuosi, kad pasaulis susivokt\u0173 prie\u0161 \u012fvykstant tokiai nelaimei. Tikiuosi ir meld\u017eiuosi, kad pasaulis pripa\u017eint\u0173 ir priimt\u0173 savo K\u016br\u0117j\u0105.<\/p>\n","protected":false},"excerpt":{"rendered":"<p>Jau daug kart\u0173 kalb\u0117jau apie siaubingas kito pasaulinio karo pasekmes ir galb\u016bt tik po tokio karo pasaulis suvoks naikinan\u010diasneteisingos politikos, vykdomostik siekiant patenkinti asmenines ambicijas ir interesus, pasekmes. Tikiuosi ir meld\u017eiuosi, kad pasaulis susivokt\u0173 prie\u0161 \u012fvykstant tokiai nelaimei. Tikiuosi ir meld\u017eiuosi, kad pasaulis pripa\u017eint\u0173 ir priimt\u0173 savo K\u016br\u0117j\u0105.<\/p>\n","protected":false},"featured_media":719,"parent":0,"menu_order":0,"template":"","tags":[],"video-categories":[],"program-series":[],"authors":[2],"content_source":[],"class_list":["post-449","videos","type-videos","status-publish","has-post-thumbnail","hentry","topics-ahmadiyya","topics-islamas","topics-taika","authors-hazrat-mirza-masroor-ahmad"],"acf":[],"yoast_head":"<!-- This site is optimized with the Yoast SEO Premium plugin v21.1 (Yoast SEO v27.4) - https:\/\/yoast.com\/product\/yoast-seo-premium-wordpress\/ -->\n<title>Kito pasaulinio karo - Asociacija Ahmadija<\/title>\n<meta name=\"robots\" content=\"noindex, follow, max-snippet:-1, max-image-preview:large, max-video-preview:-1\" \/>\n<meta property=\"og:locale\" content=\"lt_LT\" \/>\n<meta property=\"og:type\" content=\"article\" \/>\n<meta property=\"og:title\" content=\"Kito pasaulinio karo\" \/>\n<meta property=\"og:description\" content=\"Jau daug kart\u0173 kalb\u0117jau apie siaubingas kito pasaulinio karo pasekmes ir galb\u016bt tik po tokio karo pasaulis suvoks naikinan\u010diasneteisingos politikos, vykdomostik siekiant patenkinti asmenines ambicijas ir interesus, pasekmes. Tikiuosi ir meld\u017eiuosi, kad pasaulis susivokt\u0173 prie\u0161 \u012fvykstant tokiai nelaimei. Tikiuosi ir meld\u017eiuosi, kad pasaulis pripa\u017eint\u0173 ir priimt\u0173 savo K\u016br\u0117j\u0105.\" \/>\n<meta property=\"og:url\" content=\"https:\/\/www.ahmadiyya-islam.org\/lt\/videos\/kito-pasaulinio-karo\/\" \/>\n<meta property=\"og:site_name\" content=\"Asociacija Ahmadija\" \/>\n<meta property=\"article:modified_time\" content=\"2025-12-12T19:07:20+00:00\" \/>\n<meta property=\"og:image\" content=\"http:\/\/www.ahmadiyya-islam.org\/lt\/wp-content\/uploads\/sites\/29\/2023\/01\/Kito-pasaulinio-karo-ww.jpg\" \/>\n\t<meta property=\"og:image:width\" content=\"900\" \/>\n\t<meta property=\"og:image:height\" content=\"468\" \/>\n\t<meta property=\"og:image:type\" content=\"image\/jpeg\" \/>\n<meta name=\"twitter:card\" content=\"summary_large_image\" \/>\n<meta name=\"twitter:label1\" content=\"Est. reading time\" \/>\n\t<meta name=\"twitter:data1\" content=\"1 minut\u0117\" \/>\n<script type=\"application\/ld+json\" class=\"yoast-schema-graph\">{\"@context\":\"https:\\\/\\\/schema.org\",\"@graph\":[{\"@type\":\"WebPage\",\"@id\":\"https:\\\/\\\/www.ahmadiyya-islam.org\\\/lt\\\/videos\\\/kito-pasaulinio-karo\\\/\",\"url\":\"https:\\\/\\\/www.ahmadiyya-islam.org\\\/lt\\\/videos\\\/kito-pasaulinio-karo\\\/\",\"name\":\"Kito pasaulinio karo - Asociacija Ahmadija\",\"isPartOf\":{\"@id\":\"https:\\\/\\\/www.ahmadiyya-islam.org\\\/lt\\\/#website\"},\"primaryImageOfPage\":{\"@id\":\"https:\\\/\\\/www.ahmadiyya-islam.org\\\/lt\\\/videos\\\/kito-pasaulinio-karo\\\/#primaryimage\"},\"image\":{\"@id\":\"https:\\\/\\\/www.ahmadiyya-islam.org\\\/lt\\\/videos\\\/kito-pasaulinio-karo\\\/#primaryimage\"},\"thumbnailUrl\":\"https:\\\/\\\/www.ahmadiyya-islam.org\\\/lt\\\/wp-content\\\/uploads\\\/sites\\\/29\\\/2023\\\/01\\\/Kito-pasaulinio-karo-ww.jpg\",\"datePublished\":\"2023-01-12T22:00:42+00:00\",\"dateModified\":\"2025-12-12T19:07:20+00:00\",\"breadcrumb\":{\"@id\":\"https:\\\/\\\/www.ahmadiyya-islam.org\\\/lt\\\/videos\\\/kito-pasaulinio-karo\\\/#breadcrumb\"},\"inLanguage\":\"lt-LT\",\"potentialAction\":[{\"@type\":\"ReadAction\",\"target\":[\"https:\\\/\\\/www.ahmadiyya-islam.org\\\/lt\\\/videos\\\/kito-pasaulinio-karo\\\/\"]}]},{\"@type\":\"ImageObject\",\"inLanguage\":\"lt-LT\",\"@id\":\"https:\\\/\\\/www.ahmadiyya-islam.org\\\/lt\\\/videos\\\/kito-pasaulinio-karo\\\/#primaryimage\",\"url\":\"https:\\\/\\\/www.ahmadiyya-islam.org\\\/lt\\\/wp-content\\\/uploads\\\/sites\\\/29\\\/2023\\\/01\\\/Kito-pasaulinio-karo-ww.jpg\",\"contentUrl\":\"https:\\\/\\\/www.ahmadiyya-islam.org\\\/lt\\\/wp-content\\\/uploads\\\/sites\\\/29\\\/2023\\\/01\\\/Kito-pasaulinio-karo-ww.jpg\",\"width\":900,\"height\":468},{\"@type\":\"BreadcrumbList\",\"@id\":\"https:\\\/\\\/www.ahmadiyya-islam.org\\\/lt\\\/videos\\\/kito-pasaulinio-karo\\\/#breadcrumb\",\"itemListElement\":[{\"@type\":\"ListItem\",\"position\":1,\"name\":\"Home\",\"item\":\"https:\\\/\\\/www.ahmadiyya-islam.org\\\/lt\\\/\"},{\"@type\":\"ListItem\",\"position\":2,\"name\":\"Videos\",\"item\":\"https:\\\/\\\/www.ahmadiyya-islam.org\\\/lt\\\/videos\\\/\"},{\"@type\":\"ListItem\",\"position\":3,\"name\":\"Kito pasaulinio karo\"}]},{\"@type\":\"WebSite\",\"@id\":\"https:\\\/\\\/www.ahmadiyya-islam.org\\\/lt\\\/#website\",\"url\":\"https:\\\/\\\/www.ahmadiyya-islam.org\\\/lt\\\/\",\"name\":\"Asociacija Ahmadija\",\"description\":\"Lietuva\",\"potentialAction\":[{\"@type\":\"SearchAction\",\"target\":{\"@type\":\"EntryPoint\",\"urlTemplate\":\"https:\\\/\\\/www.ahmadiyya-islam.org\\\/lt\\\/?s={search_term_string}\"},\"query-input\":{\"@type\":\"PropertyValueSpecification\",\"valueRequired\":true,\"valueName\":\"search_term_string\"}}],\"inLanguage\":\"lt-LT\"}]}<\/script>\n<!-- \/ Yoast SEO Premium plugin. -->","yoast_head_json":{"title":"Kito pasaulinio karo - Asociacija Ahmadija","robots":{"index":"noindex","follow":"follow","max-snippet":"max-snippet:-1","max-image-preview":"max-image-preview:large","max-video-preview":"max-video-preview:-1"},"og_locale":"lt_LT","og_type":"article","og_title":"Kito pasaulinio karo","og_description":"Jau daug kart\u0173 kalb\u0117jau apie siaubingas kito pasaulinio karo pasekmes ir galb\u016bt tik po tokio karo pasaulis suvoks naikinan\u010diasneteisingos politikos, vykdomostik siekiant patenkinti asmenines ambicijas ir interesus, pasekmes. Tikiuosi ir meld\u017eiuosi, kad pasaulis susivokt\u0173 prie\u0161 \u012fvykstant tokiai nelaimei. Tikiuosi ir meld\u017eiuosi, kad pasaulis pripa\u017eint\u0173 ir priimt\u0173 savo K\u016br\u0117j\u0105.","og_url":"https:\/\/www.ahmadiyya-islam.org\/lt\/videos\/kito-pasaulinio-karo\/","og_site_name":"Asociacija Ahmadija","article_modified_time":"2025-12-12T19:07:20+00:00","og_image":[{"width":900,"height":468,"url":"http:\/\/www.ahmadiyya-islam.org\/lt\/wp-content\/uploads\/sites\/29\/2023\/01\/Kito-pasaulinio-karo-ww.jpg","type":"image\/jpeg"}],"twitter_card":"summary_large_image","twitter_misc":{"Est. reading time":"1 minut\u0117"},"schema":{"@context":"https:\/\/schema.org","@graph":[{"@type":"WebPage","@id":"https:\/\/www.ahmadiyya-islam.org\/lt\/videos\/kito-pasaulinio-karo\/","url":"https:\/\/www.ahmadiyya-islam.org\/lt\/videos\/kito-pasaulinio-karo\/","name":"Kito pasaulinio karo - Asociacija Ahmadija","isPartOf":{"@id":"https:\/\/www.ahmadiyya-islam.org\/lt\/#website"},"primaryImageOfPage":{"@id":"https:\/\/www.ahmadiyya-islam.org\/lt\/videos\/kito-pasaulinio-karo\/#primaryimage"},"image":{"@id":"https:\/\/www.ahmadiyya-islam.org\/lt\/videos\/kito-pasaulinio-karo\/#primaryimage"},"thumbnailUrl":"https:\/\/www.ahmadiyya-islam.org\/lt\/wp-content\/uploads\/sites\/29\/2023\/01\/Kito-pasaulinio-karo-ww.jpg","datePublished":"2023-01-12T22:00:42+00:00","dateModified":"2025-12-12T19:07:20+00:00","breadcrumb":{"@id":"https:\/\/www.ahmadiyya-islam.org\/lt\/videos\/kito-pasaulinio-karo\/#breadcrumb"},"inLanguage":"lt-LT","potentialAction":[{"@type":"ReadAction","target":["https:\/\/www.ahmadiyya-islam.org\/lt\/videos\/kito-pasaulinio-karo\/"]}]},{"@type":"ImageObject","inLanguage":"lt-LT","@id":"https:\/\/www.ahmadiyya-islam.org\/lt\/videos\/kito-pasaulinio-karo\/#primaryimage","url":"https:\/\/www.ahmadiyya-islam.org\/lt\/wp-content\/uploads\/sites\/29\/2023\/01\/Kito-pasaulinio-karo-ww.jpg","contentUrl":"https:\/\/www.ahmadiyya-islam.org\/lt\/wp-content\/uploads\/sites\/29\/2023\/01\/Kito-pasaulinio-karo-ww.jpg","width":900,"height":468},{"@type":"BreadcrumbList","@id":"https:\/\/www.ahmadiyya-islam.org\/lt\/videos\/kito-pasaulinio-karo\/#breadcrumb","itemListElement":[{"@type":"ListItem","position":1,"name":"Home","item":"https:\/\/www.ahmadiyya-islam.org\/lt\/"},{"@type":"ListItem","position":2,"name":"Videos","item":"https:\/\/www.ahmadiyya-islam.org\/lt\/videos\/"},{"@type":"ListItem","position":3,"name":"Kito pasaulinio karo"}]},{"@type":"WebSite","@id":"https:\/\/www.ahmadiyya-islam.org\/lt\/#website","url":"https:\/\/www.ahmadiyya-islam.org\/lt\/","name":"Asociacija Ahmadija","description":"Lietuva","potentialAction":[{"@type":"SearchAction","target":{"@type":"EntryPoint","urlTemplate":"https:\/\/www.ahmadiyya-islam.org\/lt\/?s={search_term_string}"},"query-input":{"@type":"PropertyValueSpecification","valueRequired":true,"valueName":"search_term_string"}}],"inLanguage":"lt-LT"}]}},"_links":{"self":[{"href":"https:\/\/www.ahmadiyya-islam.org\/lt\/wp-json\/wp\/v2\/videos\/449","targetHints":{"allow":["GET"]}}],"collection":[{"href":"https:\/\/www.ahmadiyya-islam.org\/lt\/wp-json\/wp\/v2\/videos"}],"about":[{"href":"https:\/\/www.ahmadiyya-islam.org\/lt\/wp-json\/wp\/v2\/types\/videos"}],"version-history":[{"count":1,"href":"https:\/\/www.ahmadiyya-islam.org\/lt\/wp-json\/wp\/v2\/videos\/449\/revisions"}],"predecessor-version":[{"id":451,"href":"https:\/\/www.ahmadiyya-islam.org\/lt\/wp-json\/wp\/v2\/videos\/449\/revisions\/451"}],"wp:featuredmedia":[{"embeddable":true,"href":"https:\/\/www.ahmadiyya-islam.org\/lt\/wp-json\/wp\/v2\/media\/719"}],"wp:attachment":[{"href":"https:\/\/www.ahmadiyya-islam.org\/lt\/wp-json\/wp\/v2\/media?parent=449"}],"wp:term":[{"taxonomy":"post_tag","embeddable":true,"href":"https:\/\/www.ahmadiyya-islam.org\/lt\/wp-json\/wp\/v2\/tags?post=449"},{"taxonomy":"video-categories","embeddable":true,"href":"https:\/\/www.ahmadiyya-islam.org\/lt\/wp-json\/wp\/v2\/video-categories?post=449"},{"taxonomy":"program-series","embeddable":true,"href":"https:\/\/www.ahmadiyya-islam.org\/lt\/wp-json\/wp\/v2\/program-series?post=449"},{"taxonomy":"authors","embeddable":true,"href":"https:\/\/www.ahmadiyya-islam.org\/lt\/wp-json\/wp\/v2\/authors?post=449"},{"taxonomy":"content_source","embeddable":true,"href":"https:\/\/www.ahmadiyya-islam.org\/lt\/wp-json\/wp\/v2\/content_source?post=449"}],"curies":[{"name":"wp","href":"https:\/\/api.w.org\/{rel}","templated":true}]}}

<p>Jau daug kartų kalbėjau apie siaubingas kito pasaulinio karo pasekmes ir galbūt tik po tokio karo pasaulis suvoks naikinančiasneteisingos politikos, vykdomostik siekiant patenkinti asmenines ambicijas ir interesus, pasekmes. Tikiuosi ir meldžiuosi, kad pasaulis susivoktų prieš įvykstant tokiai nelaimei. Tikiuosi ir meldžiuosi, kad pasaulis pripažintų ir priimtų savo Kūrėją.</p>

<!-- This site is optimized with the Yoast SEO Premium plugin v21.1 (Yoast SEO v27.4) - https://yoast.com/product/yoast-seo-premium-wordpress/ -->
<title>Kito pasaulinio karo - Asociacija Ahmadija</title>
<meta name="robots" content="noindex, follow, max-snippet:-1, max-image-preview:large, max-video-preview:-1" />
<meta property="og:locale" content="lt_LT" />
<meta property="og:type" content="article" />
<meta property="og:title" content="Kito pasaulinio karo" />
<meta property="og:description" content="Jau daug kartų kalbėjau apie siaubingas kito pasaulinio karo pasekmes ir galbūt tik po tokio karo pasaulis suvoks naikinančiasneteisingos politikos, vykdomostik siekiant patenkinti asmenines ambicijas ir interesus, pasekmes. Tikiuosi ir meldžiuosi, kad pasaulis susivoktų prieš įvykstant tokiai nelaimei. Tikiuosi ir meldžiuosi, kad pasaulis pripažintų ir priimtų savo Kūrėją." />
<meta property="og:url" content="https://www.ahmadiyya-islam.org/lt/videos/kito-pasaulinio-karo/" />
<meta property="og:site_name" content="Asociacija Ahmadija" />
<meta property="article:modified_time" content="2025-12-12T19:07:20+00:00" />
<meta property="og:image" content="http://www.ahmadiyya-islam.org/lt/wp-content/uploads/sites/29/2023/01/Kito-pasaulinio-karo-ww.jpg" />
	<meta property="og:image:width" content="900" />
	<meta property="og:image:height" content="468" />
	<meta property="og:image:type" content="image/jpeg" />
<meta name="twitter:card" content="summary_large_image" />
<meta name="twitter:label1" content="Est. reading time" />
	<meta name="twitter:data1" content="1 minutė" />
<script type="application/ld+json" class="yoast-schema-graph">{"@context":"https:\/\/schema.org","@graph":[{"@type":"WebPage","@id":"https:\/\/www.ahmadiyya-islam.org\/lt\/videos\/kito-pasaulinio-karo\/","url":"https:\/\/www.ahmadiyya-islam.org\/lt\/videos\/kito-pasaulinio-karo\/","name":"Kito pasaulinio karo - Asociacija Ahmadija","isPartOf":{"@id":"https:\/\/www.ahmadiyya-islam.org\/lt\/#website"},"primaryImageOfPage":{"@id":"https:\/\/www.ahmadiyya-islam.org\/lt\/videos\/kito-pasaulinio-karo\/#primaryimage"},"image":{"@id":"https:\/\/www.ahmadiyya-islam.org\/lt\/videos\/kito-pasaulinio-karo\/#primaryimage"},"thumbnailUrl":"https:\/\/www.ahmadiyya-islam.org\/lt\/wp-content\/uploads\/sites\/29\/2023\/01\/Kito-pasaulinio-karo-ww.jpg","datePublished":"2023-01-12T22:00:42+00:00","dateModified":"2025-12-12T19:07:20+00:00","breadcrumb":{"@id":"https:\/\/www.ahmadiyya-islam.org\/lt\/videos\/kito-pasaulinio-karo\/#breadcrumb"},"inLanguage":"lt-LT","potentialAction":[{"@type":"ReadAction","target":["https:\/\/www.ahmadiyya-islam.org\/lt\/videos\/kito-pasaulinio-karo\/"]}]},{"@type":"ImageObject","inLanguage":"lt-LT","@id":"https:\/\/www.ahmadiyya-islam.org\/lt\/videos\/kito-pasaulinio-karo\/#primaryimage","url":"https:\/\/www.ahmadiyya-islam.org\/lt\/wp-content\/uploads\/sites\/29\/2023\/01\/Kito-pasaulinio-karo-ww.jpg","contentUrl":"https:\/\/www.ahmadiyya-islam.org\/lt\/wp-content\/uploads\/sites\/29\/2023\/01\/Kito-pasaulinio-karo-ww.jpg","width":900,"height":468},{"@type":"BreadcrumbList","@id":"https:\/\/www.ahmadiyya-islam.org\/lt\/videos\/kito-pasaulinio-karo\/#breadcrumb","itemListElement":[{"@type":"ListItem","position":1,"name":"Home","item":"https:\/\/www.ahmadiyya-islam.org\/lt\/"},{"@type":"ListItem","position":2,"name":"Videos","item":"https:\/\/www.ahmadiyya-islam.org\/lt\/videos\/"},{"@type":"ListItem","position":3,"name":"Kito pasaulinio karo"}]},{"@type":"WebSite","@id":"https:\/\/www.ahmadiyya-islam.org\/lt\/#website","url":"https:\/\/www.ahmadiyya-islam.org\/lt\/","name":"Asociacija Ahmadija","description":"Lietuva","potentialAction":[{"@type":"SearchAction","target":{"@type":"EntryPoint","urlTemplate":"https:\/\/www.ahmadiyya-islam.org\/lt\/?s={search_term_string}"},"query-input":{"@type":"PropertyValueSpecification","valueRequired":true,"valueName":"search_term_string"}}],"inLanguage":"lt-LT"}]}</script>
<!-- / Yoast SEO Premium plugin. -->

Jau daug kartų kalbėjau apie siaubingas kito pasaulinio karo pasekmes ir galbūt tik po tokio karo pasaulis suvoks naikinančiasneteisingos politikos, vykdomostik siekiant patenkinti asmenines ambicijas ir interesus, pasekmes. Tikiuosi ir meldžiuosi, kad pasaulis susivoktų prieš įvykstant tokiai nelaimei. Tikiuosi ir meldžiuosi, kad pasaulis pripažintų ir priimtų savo Kūrėją.

1 minutė
