{"id":1596,"date":"2020-12-24T19:52:18","date_gmt":"2020-12-24T19:52:18","guid":{"rendered":"https:\/\/www.ahmadiyya-islam.org\/hr\/?post_type=books&#038;p=1596"},"modified":"2021-01-19T13:28:57","modified_gmt":"2021-01-19T13:28:57","slug":"istaknute-vrline-islama","status":"publish","type":"books","link":"https:\/\/www.ahmadiyya-islam.org\/hr\/knjiznica\/istaknute-vrline-islama\/","title":{"rendered":"Istaknute vrline islama"},"content":{"rendered":"<p>\u201cIstaknute vrline islama\u201d je govor Hazreti Mirze Tahir Ahmeda<sup>r.h.<\/sup>, \u010detvrtog Kalif Ahmadija d\u017eamata blagoslovljenog izvrsnom sposobno\u0161\u0107u pam\u0107enja, koji je odr\u017ean na Sveu\u010dili\u0161tu u Canberri, Australija.<\/p>\n<p>Govornik temelji svoj govor na tezi da je najistaknutija vrlina islama dvostrana. Prvo; to je jedina religija koja tvrdi da je i jest posljednja religija, univerzalna i vje\u010dna religija za sva vremena i sve narode. Drugo; to je jedina religija koja potvr\u0111uje i svjedo\u010di istinitost svih drugih religija i tvrdi\u00a0 da istina nije samo monopol islama samog &#8211; dok svaka druga religija\u00a0 za sebe tvrdi da samo ona sadr\u017ei Bo\u017eju poruku.<\/p>\n<p>Potom\u00a0 Hazreti Mirza Tahir Ahmed<sup>r.h.<\/sup> detaljno daje odgovor na pitanje ako su sve religije od Boga, za\u0161to postoji bilo kakva razlika me\u0111u religijama.<\/p>\n<p>Osim toga, on obja\u0161njava tri osnovna gledi\u0161ta da islamska u\u010denja nisu samo univerzalna i vje\u010dna ve\u0107 su tako\u0111er potpuna, lako razumljiva i savr\u0161ena; da je \u010casni Kur\u2019an posljednja i nepromijenjena Bo\u017eja rije\u010d oslobo\u0111ena bilo kakvih ljudskih uplitanja: i da je \u010casni Poslanik islama\u00a0 Muhammed<sup>s.a.v.s.<\/sup> pe\u010dat svih poslanika &#8211; najodabraniji od svih &#8211; i najsavr\u0161eniji uzor cijelom \u010dovje\u010danstvu.<\/p>\n<p>U sredi\u0161njem dijelu ovog govora naveo je sedamnaest vrlina islama koje ga razlikuju od drugih religija i ideologija, uklju\u010duju\u0107i islamski koncept pravde i islamska u\u010denja o oblicima i du\u017enostima vlade.<\/p>\n<p>Na kraju, govornik svoju publiku upoznaje s Osniva\u010dem Ahmadija muslimanske zajednice i zajednicom op\u0107enito; navode\u0107i isje\u010dak iz pisanja Obe\u0107anog Mesije<sup>a.s.<\/sup> i Imama Mehdija<sup>a.s.<\/sup><\/p>\n","protected":false},"excerpt":{"rendered":"<p>\u201cIstaknute vrline islama\u201d je govor Hazreti Mirze Tahir Ahmedar.h., \u010detvrtog Kalif Ahmadija d\u017eamata blagoslovljenog izvrsnom sposobno\u0161\u0107u pam\u0107enja, koji je odr\u017ean na Sveu\u010dili\u0161tu u Canberri, Australija. Govornik temelji svoj govor na tezi da je najistaknutija vrlina islama dvostrana. Prvo; to je jedina religija koja tvrdi da je i jest posljednja religija, univerzalna i vje\u010dna religija za<\/p>\n","protected":false},"featured_media":1597,"parent":0,"template":"","tags":[],"book-types":[12],"topics":[],"authors":[14],"content_source":[],"class_list":["post-1596","books","type-books","status-publish","has-post-thumbnail","hentry","book-types-knjiga","authors-hazreti-mirza-tahir-ahmad-ra"],"acf":[],"yoast_head":"<!-- This site is optimized with the Yoast SEO Premium plugin v21.1 (Yoast SEO v27.4) - https:\/\/yoast.com\/product\/yoast-seo-premium-wordpress\/ -->\n<title>Istaknute vrline islama - Ahmadija muslimanski d\u017eamat<\/title>\n<meta name=\"description\" content=\"\u201cIstaknute vrline islama\u201d je govor Hazreti Mirze Tahir Ahmeda IV. Kalifa Ahmadije koji je odr\u017ean na Sveu\u010dili\u0161tu u Canberri, Australija.\" \/>\n<meta name=\"robots\" content=\"index, follow, max-snippet:-1, max-image-preview:large, max-video-preview:-1\" \/>\n<link rel=\"canonical\" href=\"https:\/\/www.ahmadiyya-islam.org\/hr\/knjiznica\/istaknute-vrline-islama\/\" \/>\n<meta property=\"og:locale\" content=\"hr_HR\" \/>\n<meta property=\"og:type\" content=\"article\" \/>\n<meta property=\"og:title\" content=\"Istaknute vrline islama\" \/>\n<meta property=\"og:description\" content=\"\u201cIstaknute vrline islama\u201d je govor Hazreti Mirze Tahir Ahmeda IV. Kalifa Ahmadije koji je odr\u017ean na Sveu\u010dili\u0161tu u Canberri, Australija.\" \/>\n<meta property=\"og:url\" content=\"https:\/\/www.ahmadiyya-islam.org\/hr\/knjiznica\/istaknute-vrline-islama\/\" \/>\n<meta property=\"og:site_name\" content=\"Ahmadija muslimanski d\u017eamat\" \/>\n<meta property=\"article:modified_time\" content=\"2021-01-19T13:28:57+00:00\" \/>\n<meta property=\"og:image\" content=\"https:\/\/www.ahmadiyya-islam.org\/hr\/wp-content\/uploads\/sites\/22\/2020\/12\/Istaknute-Vrline-Islama.png\" \/>\n\t<meta property=\"og:image:width\" content=\"619\" \/>\n\t<meta property=\"og:image:height\" content=\"873\" \/>\n\t<meta property=\"og:image:type\" content=\"image\/png\" \/>\n<meta name=\"twitter:card\" content=\"summary_large_image\" \/>\n<meta name=\"twitter:label1\" content=\"Procijenjeno vrijeme \u010ditanja\" \/>\n\t<meta name=\"twitter:data1\" content=\"1 minuta\" \/>\n<script type=\"application\/ld+json\" class=\"yoast-schema-graph\">{\"@context\":\"https:\\\/\\\/schema.org\",\"@graph\":[{\"@type\":\"WebPage\",\"@id\":\"https:\\\/\\\/www.ahmadiyya-islam.org\\\/hr\\\/knjiznica\\\/istaknute-vrline-islama\\\/\",\"url\":\"https:\\\/\\\/www.ahmadiyya-islam.org\\\/hr\\\/knjiznica\\\/istaknute-vrline-islama\\\/\",\"name\":\"Istaknute vrline islama - Ahmadija muslimanski d\u017eamat\",\"isPartOf\":{\"@id\":\"https:\\\/\\\/www.ahmadiyya-islam.org\\\/hr\\\/#website\"},\"primaryImageOfPage\":{\"@id\":\"https:\\\/\\\/www.ahmadiyya-islam.org\\\/hr\\\/knjiznica\\\/istaknute-vrline-islama\\\/#primaryimage\"},\"image\":{\"@id\":\"https:\\\/\\\/www.ahmadiyya-islam.org\\\/hr\\\/knjiznica\\\/istaknute-vrline-islama\\\/#primaryimage\"},\"thumbnailUrl\":\"https:\\\/\\\/www.ahmadiyya-islam.org\\\/hr\\\/wp-content\\\/uploads\\\/sites\\\/22\\\/2020\\\/12\\\/Istaknute-Vrline-Islama.png\",\"datePublished\":\"2020-12-24T19:52:18+00:00\",\"dateModified\":\"2021-01-19T13:28:57+00:00\",\"description\":\"\u201cIstaknute vrline islama\u201d je govor Hazreti Mirze Tahir Ahmeda IV. Kalifa Ahmadije koji je odr\u017ean na Sveu\u010dili\u0161tu u Canberri, Australija.\",\"breadcrumb\":{\"@id\":\"https:\\\/\\\/www.ahmadiyya-islam.org\\\/hr\\\/knjiznica\\\/istaknute-vrline-islama\\\/#breadcrumb\"},\"inLanguage\":\"hr\",\"potentialAction\":[{\"@type\":\"ReadAction\",\"target\":[\"https:\\\/\\\/www.ahmadiyya-islam.org\\\/hr\\\/knjiznica\\\/istaknute-vrline-islama\\\/\"]}]},{\"@type\":\"ImageObject\",\"inLanguage\":\"hr\",\"@id\":\"https:\\\/\\\/www.ahmadiyya-islam.org\\\/hr\\\/knjiznica\\\/istaknute-vrline-islama\\\/#primaryimage\",\"url\":\"https:\\\/\\\/www.ahmadiyya-islam.org\\\/hr\\\/wp-content\\\/uploads\\\/sites\\\/22\\\/2020\\\/12\\\/Istaknute-Vrline-Islama.png\",\"contentUrl\":\"https:\\\/\\\/www.ahmadiyya-islam.org\\\/hr\\\/wp-content\\\/uploads\\\/sites\\\/22\\\/2020\\\/12\\\/Istaknute-Vrline-Islama.png\",\"width\":619,\"height\":873,\"caption\":\"Istaknute Vrline Islama - Hazrat Mirza Tahir Ahmad, \u010cetvrti Kalif Obe\u0107anog Mesije\"},{\"@type\":\"BreadcrumbList\",\"@id\":\"https:\\\/\\\/www.ahmadiyya-islam.org\\\/hr\\\/knjiznica\\\/istaknute-vrline-islama\\\/#breadcrumb\",\"itemListElement\":[{\"@type\":\"ListItem\",\"position\":1,\"name\":\"Home\",\"item\":\"https:\\\/\\\/www.ahmadiyya-islam.org\\\/hr\\\/\"},{\"@type\":\"ListItem\",\"position\":2,\"name\":\"Knjige\",\"item\":\"https:\\\/\\\/www.ahmadiyya-islam.org\\\/hr\\\/knjiznica\\\/\"},{\"@type\":\"ListItem\",\"position\":3,\"name\":\"Istaknute vrline islama\"}]},{\"@type\":\"WebSite\",\"@id\":\"https:\\\/\\\/www.ahmadiyya-islam.org\\\/hr\\\/#website\",\"url\":\"https:\\\/\\\/www.ahmadiyya-islam.org\\\/hr\\\/\",\"name\":\"Ahmadija muslimanski d\u017eamat\",\"description\":\"Hrvatska\",\"potentialAction\":[{\"@type\":\"SearchAction\",\"target\":{\"@type\":\"EntryPoint\",\"urlTemplate\":\"https:\\\/\\\/www.ahmadiyya-islam.org\\\/hr\\\/?s={search_term_string}\"},\"query-input\":{\"@type\":\"PropertyValueSpecification\",\"valueRequired\":true,\"valueName\":\"search_term_string\"}}],\"inLanguage\":\"hr\"}]}<\/script>\n<!-- \/ Yoast SEO Premium plugin. -->","yoast_head_json":{"title":"Istaknute vrline islama - Ahmadija muslimanski d\u017eamat","description":"\u201cIstaknute vrline islama\u201d je govor Hazreti Mirze Tahir Ahmeda IV. Kalifa Ahmadije koji je odr\u017ean na Sveu\u010dili\u0161tu u Canberri, Australija.","robots":{"index":"index","follow":"follow","max-snippet":"max-snippet:-1","max-image-preview":"max-image-preview:large","max-video-preview":"max-video-preview:-1"},"canonical":"https:\/\/www.ahmadiyya-islam.org\/hr\/knjiznica\/istaknute-vrline-islama\/","og_locale":"hr_HR","og_type":"article","og_title":"Istaknute vrline islama","og_description":"\u201cIstaknute vrline islama\u201d je govor Hazreti Mirze Tahir Ahmeda IV. Kalifa Ahmadije koji je odr\u017ean na Sveu\u010dili\u0161tu u Canberri, Australija.","og_url":"https:\/\/www.ahmadiyya-islam.org\/hr\/knjiznica\/istaknute-vrline-islama\/","og_site_name":"Ahmadija muslimanski d\u017eamat","article_modified_time":"2021-01-19T13:28:57+00:00","og_image":[{"width":619,"height":873,"url":"https:\/\/www.ahmadiyya-islam.org\/hr\/wp-content\/uploads\/sites\/22\/2020\/12\/Istaknute-Vrline-Islama.png","type":"image\/png"}],"twitter_card":"summary_large_image","twitter_misc":{"Procijenjeno vrijeme \u010ditanja":"1 minuta"},"schema":{"@context":"https:\/\/schema.org","@graph":[{"@type":"WebPage","@id":"https:\/\/www.ahmadiyya-islam.org\/hr\/knjiznica\/istaknute-vrline-islama\/","url":"https:\/\/www.ahmadiyya-islam.org\/hr\/knjiznica\/istaknute-vrline-islama\/","name":"Istaknute vrline islama - Ahmadija muslimanski d\u017eamat","isPartOf":{"@id":"https:\/\/www.ahmadiyya-islam.org\/hr\/#website"},"primaryImageOfPage":{"@id":"https:\/\/www.ahmadiyya-islam.org\/hr\/knjiznica\/istaknute-vrline-islama\/#primaryimage"},"image":{"@id":"https:\/\/www.ahmadiyya-islam.org\/hr\/knjiznica\/istaknute-vrline-islama\/#primaryimage"},"thumbnailUrl":"https:\/\/www.ahmadiyya-islam.org\/hr\/wp-content\/uploads\/sites\/22\/2020\/12\/Istaknute-Vrline-Islama.png","datePublished":"2020-12-24T19:52:18+00:00","dateModified":"2021-01-19T13:28:57+00:00","description":"\u201cIstaknute vrline islama\u201d je govor Hazreti Mirze Tahir Ahmeda IV. Kalifa Ahmadije koji je odr\u017ean na Sveu\u010dili\u0161tu u Canberri, Australija.","breadcrumb":{"@id":"https:\/\/www.ahmadiyya-islam.org\/hr\/knjiznica\/istaknute-vrline-islama\/#breadcrumb"},"inLanguage":"hr","potentialAction":[{"@type":"ReadAction","target":["https:\/\/www.ahmadiyya-islam.org\/hr\/knjiznica\/istaknute-vrline-islama\/"]}]},{"@type":"ImageObject","inLanguage":"hr","@id":"https:\/\/www.ahmadiyya-islam.org\/hr\/knjiznica\/istaknute-vrline-islama\/#primaryimage","url":"https:\/\/www.ahmadiyya-islam.org\/hr\/wp-content\/uploads\/sites\/22\/2020\/12\/Istaknute-Vrline-Islama.png","contentUrl":"https:\/\/www.ahmadiyya-islam.org\/hr\/wp-content\/uploads\/sites\/22\/2020\/12\/Istaknute-Vrline-Islama.png","width":619,"height":873,"caption":"Istaknute Vrline Islama - Hazrat Mirza Tahir Ahmad, \u010cetvrti Kalif Obe\u0107anog Mesije"},{"@type":"BreadcrumbList","@id":"https:\/\/www.ahmadiyya-islam.org\/hr\/knjiznica\/istaknute-vrline-islama\/#breadcrumb","itemListElement":[{"@type":"ListItem","position":1,"name":"Home","item":"https:\/\/www.ahmadiyya-islam.org\/hr\/"},{"@type":"ListItem","position":2,"name":"Knjige","item":"https:\/\/www.ahmadiyya-islam.org\/hr\/knjiznica\/"},{"@type":"ListItem","position":3,"name":"Istaknute vrline islama"}]},{"@type":"WebSite","@id":"https:\/\/www.ahmadiyya-islam.org\/hr\/#website","url":"https:\/\/www.ahmadiyya-islam.org\/hr\/","name":"Ahmadija muslimanski d\u017eamat","description":"Hrvatska","potentialAction":[{"@type":"SearchAction","target":{"@type":"EntryPoint","urlTemplate":"https:\/\/www.ahmadiyya-islam.org\/hr\/?s={search_term_string}"},"query-input":{"@type":"PropertyValueSpecification","valueRequired":true,"valueName":"search_term_string"}}],"inLanguage":"hr"}]}},"_links":{"self":[{"href":"https:\/\/www.ahmadiyya-islam.org\/hr\/wp-json\/wp\/v2\/books\/1596","targetHints":{"allow":["GET"]}}],"collection":[{"href":"https:\/\/www.ahmadiyya-islam.org\/hr\/wp-json\/wp\/v2\/books"}],"about":[{"href":"https:\/\/www.ahmadiyya-islam.org\/hr\/wp-json\/wp\/v2\/types\/books"}],"version-history":[{"count":0,"href":"https:\/\/www.ahmadiyya-islam.org\/hr\/wp-json\/wp\/v2\/books\/1596\/revisions"}],"wp:featuredmedia":[{"embeddable":true,"href":"https:\/\/www.ahmadiyya-islam.org\/hr\/wp-json\/wp\/v2\/media\/1597"}],"wp:attachment":[{"href":"https:\/\/www.ahmadiyya-islam.org\/hr\/wp-json\/wp\/v2\/media?parent=1596"}],"wp:term":[{"taxonomy":"post_tag","embeddable":true,"href":"https:\/\/www.ahmadiyya-islam.org\/hr\/wp-json\/wp\/v2\/tags?post=1596"},{"taxonomy":"book-types","embeddable":true,"href":"https:\/\/www.ahmadiyya-islam.org\/hr\/wp-json\/wp\/v2\/book-types?post=1596"},{"taxonomy":"topics","embeddable":true,"href":"https:\/\/www.ahmadiyya-islam.org\/hr\/wp-json\/wp\/v2\/topics?post=1596"},{"taxonomy":"authors","embeddable":true,"href":"https:\/\/www.ahmadiyya-islam.org\/hr\/wp-json\/wp\/v2\/authors?post=1596"},{"taxonomy":"content_source","embeddable":true,"href":"https:\/\/www.ahmadiyya-islam.org\/hr\/wp-json\/wp\/v2\/content_source?post=1596"}],"curies":[{"name":"wp","href":"https:\/\/api.w.org\/{rel}","templated":true}]}}

<p>“Istaknute vrline islama” je govor Hazreti Mirze Tahir Ahmeda<sup>r.h.</sup>, četvrtog Kalif Ahmadija džamata blagoslovljenog izvrsnom sposobnošću pamćenja, koji je održan na Sveučilištu u Canberri, Australija.</p>
<p>Govornik temelji svoj govor na tezi da je najistaknutija vrlina islama dvostrana. Prvo; to je jedina religija koja tvrdi da je i jest posljednja religija, univerzalna i vječna religija za sva vremena i sve narode. Drugo; to je jedina religija koja potvrđuje i svjedoči istinitost svih drugih religija i tvrdi  da istina nije samo monopol islama samog &#8211; dok svaka druga religija  za sebe tvrdi da samo ona sadrži Božju poruku.</p>
<p>Potom  Hazreti Mirza Tahir Ahmed<sup>r.h.</sup> detaljno daje odgovor na pitanje ako su sve religije od Boga, zašto postoji bilo kakva razlika među religijama.</p>
<p>Osim toga, on objašnjava tri osnovna gledišta da islamska učenja nisu samo univerzalna i vječna već su također potpuna, lako razumljiva i savršena; da je Časni Kur’an posljednja i nepromijenjena Božja riječ oslobođena bilo kakvih ljudskih uplitanja: i da je Časni Poslanik islama  Muhammed<sup>s.a.v.s.</sup> pečat svih poslanika &#8211; najodabraniji od svih &#8211; i najsavršeniji uzor cijelom čovječanstvu.</p>
<p>U središnjem dijelu ovog govora naveo je sedamnaest vrlina islama koje ga razlikuju od drugih religija i ideologija, uključujući islamski koncept pravde i islamska učenja o oblicima i dužnostima vlade.</p>
<p>Na kraju, govornik svoju publiku upoznaje s Osnivačem Ahmadija muslimanske zajednice i zajednicom općenito; navodeći isječak iz pisanja Obećanog Mesije<sup>a.s.</sup> i Imama Mehdija<sup>a.s.</sup></p>

<p>“Istaknute vrline islama” je govor Hazreti Mirze Tahir Ahmedar.h., četvrtog Kalif Ahmadija džamata blagoslovljenog izvrsnom sposobnošću pamćenja, koji je održan na Sveučilištu u Canberri, Australija. Govornik temelji svoj govor na tezi da je najistaknutija vrlina islama dvostrana. Prvo; to je jedina religija koja tvrdi da je i jest posljednja religija, univerzalna i vječna religija za</p>

<!-- This site is optimized with the Yoast SEO Premium plugin v21.1 (Yoast SEO v27.4) - https://yoast.com/product/yoast-seo-premium-wordpress/ -->
<title>Istaknute vrline islama - Ahmadija muslimanski džamat</title>
<meta name="description" content="“Istaknute vrline islama” je govor Hazreti Mirze Tahir Ahmeda IV. Kalifa Ahmadije koji je održan na Sveučilištu u Canberri, Australija." />
<meta name="robots" content="index, follow, max-snippet:-1, max-image-preview:large, max-video-preview:-1" />
<link rel="canonical" href="https://www.ahmadiyya-islam.org/hr/knjiznica/istaknute-vrline-islama/" />
<meta property="og:locale" content="hr_HR" />
<meta property="og:type" content="article" />
<meta property="og:title" content="Istaknute vrline islama" />
<meta property="og:description" content="“Istaknute vrline islama” je govor Hazreti Mirze Tahir Ahmeda IV. Kalifa Ahmadije koji je održan na Sveučilištu u Canberri, Australija." />
<meta property="og:url" content="https://www.ahmadiyya-islam.org/hr/knjiznica/istaknute-vrline-islama/" />
<meta property="og:site_name" content="Ahmadija muslimanski džamat" />
<meta property="article:modified_time" content="2021-01-19T13:28:57+00:00" />
<meta property="og:image" content="https://www.ahmadiyya-islam.org/hr/wp-content/uploads/sites/22/2020/12/Istaknute-Vrline-Islama.png" />
	<meta property="og:image:width" content="619" />
	<meta property="og:image:height" content="873" />
	<meta property="og:image:type" content="image/png" />
<meta name="twitter:card" content="summary_large_image" />
<meta name="twitter:label1" content="Procijenjeno vrijeme čitanja" />
	<meta name="twitter:data1" content="1 minuta" />
<script type="application/ld+json" class="yoast-schema-graph">{"@context":"https:\/\/schema.org","@graph":[{"@type":"WebPage","@id":"https:\/\/www.ahmadiyya-islam.org\/hr\/knjiznica\/istaknute-vrline-islama\/","url":"https:\/\/www.ahmadiyya-islam.org\/hr\/knjiznica\/istaknute-vrline-islama\/","name":"Istaknute vrline islama - Ahmadija muslimanski džamat","isPartOf":{"@id":"https:\/\/www.ahmadiyya-islam.org\/hr\/#website"},"primaryImageOfPage":{"@id":"https:\/\/www.ahmadiyya-islam.org\/hr\/knjiznica\/istaknute-vrline-islama\/#primaryimage"},"image":{"@id":"https:\/\/www.ahmadiyya-islam.org\/hr\/knjiznica\/istaknute-vrline-islama\/#primaryimage"},"thumbnailUrl":"https:\/\/www.ahmadiyya-islam.org\/hr\/wp-content\/uploads\/sites\/22\/2020\/12\/Istaknute-Vrline-Islama.png","datePublished":"2020-12-24T19:52:18+00:00","dateModified":"2021-01-19T13:28:57+00:00","description":"“Istaknute vrline islama” je govor Hazreti Mirze Tahir Ahmeda IV. Kalifa Ahmadije koji je održan na Sveučilištu u Canberri, Australija.","breadcrumb":{"@id":"https:\/\/www.ahmadiyya-islam.org\/hr\/knjiznica\/istaknute-vrline-islama\/#breadcrumb"},"inLanguage":"hr","potentialAction":[{"@type":"ReadAction","target":["https:\/\/www.ahmadiyya-islam.org\/hr\/knjiznica\/istaknute-vrline-islama\/"]}]},{"@type":"ImageObject","inLanguage":"hr","@id":"https:\/\/www.ahmadiyya-islam.org\/hr\/knjiznica\/istaknute-vrline-islama\/#primaryimage","url":"https:\/\/www.ahmadiyya-islam.org\/hr\/wp-content\/uploads\/sites\/22\/2020\/12\/Istaknute-Vrline-Islama.png","contentUrl":"https:\/\/www.ahmadiyya-islam.org\/hr\/wp-content\/uploads\/sites\/22\/2020\/12\/Istaknute-Vrline-Islama.png","width":619,"height":873,"caption":"Istaknute Vrline Islama - Hazrat Mirza Tahir Ahmad, Četvrti Kalif Obećanog Mesije"},{"@type":"BreadcrumbList","@id":"https:\/\/www.ahmadiyya-islam.org\/hr\/knjiznica\/istaknute-vrline-islama\/#breadcrumb","itemListElement":[{"@type":"ListItem","position":1,"name":"Home","item":"https:\/\/www.ahmadiyya-islam.org\/hr\/"},{"@type":"ListItem","position":2,"name":"Knjige","item":"https:\/\/www.ahmadiyya-islam.org\/hr\/knjiznica\/"},{"@type":"ListItem","position":3,"name":"Istaknute vrline islama"}]},{"@type":"WebSite","@id":"https:\/\/www.ahmadiyya-islam.org\/hr\/#website","url":"https:\/\/www.ahmadiyya-islam.org\/hr\/","name":"Ahmadija muslimanski džamat","description":"Hrvatska","potentialAction":[{"@type":"SearchAction","target":{"@type":"EntryPoint","urlTemplate":"https:\/\/www.ahmadiyya-islam.org\/hr\/?s={search_term_string}"},"query-input":{"@type":"PropertyValueSpecification","valueRequired":true,"valueName":"search_term_string"}}],"inLanguage":"hr"}]}</script>
<!-- / Yoast SEO Premium plugin. -->

Istaknute vrline islama - Ahmadija muslimanski džamat

“Istaknute vrline islama” je govor Hazreti Mirze Tahir Ahmeda IV. Kalifa Ahmadije koji je održan na Sveučilištu u Canberri, Australija.

Ahmadija muslimanski džamat

Istaknute Vrline Islama - Hazrat Mirza Tahir Ahmad, Četvrti Kalif Obećanog Mesije
