{"version":"1.0","provider_name":"Ahmadija muslimanski d\u017eemat","provider_url":"https:\/\/www.ahmadiyya-islam.org\/ba","author_name":"bosnia1","author_url":"https:\/\/www.ahmadiyya-islam.org\/ba\/author\/bosnia1\/","title":"Ljudi izvrsnih osobina","type":"rich","width":600,"height":338,"html":"<blockquote class=\"wp-embedded-content\" data-secret=\"HIP2S6zAl8\"><a href=\"https:\/\/www.ahmadiyya-islam.org\/ba\/hutbe\/2019\/08\/23\/ljudi-izvrsnih-osobina-18\/\">Ljudi izvrsnih osobina<\/a><\/blockquote><iframe sandbox=\"allow-scripts\" security=\"restricted\" src=\"https:\/\/www.ahmadiyya-islam.org\/ba\/hutbe\/2019\/08\/23\/ljudi-izvrsnih-osobina-18\/embed\/#?secret=HIP2S6zAl8\" width=\"600\" height=\"338\" title=\"&#8220;Ljudi izvrsnih osobina&#8221; &#8212; Ahmadija muslimanski d\u017eemat\" data-secret=\"HIP2S6zAl8\" frameborder=\"0\" marginwidth=\"0\" marginheight=\"0\" scrolling=\"no\" class=\"wp-embedded-content\"><\/iframe><script type=\"text\/javascript\">\n\/* <![CDATA[ *\/\n\/*! This file is auto-generated *\/\n!function(d,l){\"use strict\";l.querySelector&&d.addEventListener&&\"undefined\"!=typeof URL&&(d.wp=d.wp||{},d.wp.receiveEmbedMessage||(d.wp.receiveEmbedMessage=function(e){var t=e.data;if((t||t.secret||t.message||t.value)&&!\/[^a-zA-Z0-9]\/.test(t.secret)){for(var s,r,n,a=l.querySelectorAll('iframe[data-secret=\"'+t.secret+'\"]'),o=l.querySelectorAll('blockquote[data-secret=\"'+t.secret+'\"]'),c=new RegExp(\"^https?:$\",\"i\"),i=0;i<o.length;i++)o[i].style.display=\"none\";for(i=0;i<a.length;i++)s=a[i],e.source===s.contentWindow&&(s.removeAttribute(\"style\"),\"height\"===t.message?(1e3<(r=parseInt(t.value,10))?r=1e3:~~r<200&&(r=200),s.height=r):\"link\"===t.message&&(r=new URL(s.getAttribute(\"src\")),n=new URL(t.value),c.test(n.protocol))&&n.host===r.host&&l.activeElement===s&&(d.top.location.href=t.value))}},d.addEventListener(\"message\",d.wp.receiveEmbedMessage,!1),l.addEventListener(\"DOMContentLoaded\",function(){for(var e,t,s=l.querySelectorAll(\"iframe.wp-embedded-content\"),r=0;r<s.length;r++)(t=(e=s[r]).getAttribute(\"data-secret\"))||(t=Math.random().toString(36).substring(2,12),e.src+=\"#?secret=\"+t,e.setAttribute(\"data-secret\",t)),e.contentWindow.postMessage({message:\"ready\",secret:t},\"*\")},!1)))}(window,document);\n\/\/# sourceURL=https:\/\/www.ahmadiyya-islam.org\/ba\/wp-includes\/js\/wp-embed.min.js\n\/* ]]> *\/\n<\/script>\n","thumbnail_url":"https:\/\/www.ahmadiyya-islam.org\/ba\/wp-content\/uploads\/sites\/16\/2019\/08\/ljudi-izvrsnih-osobina-1.jpg","thumbnail_width":1280,"thumbnail_height":720,"description":"Iz jednog hadisa koji se nalazi u Buhariju, spominje se, jedna osoba koja je \u010dula da je otvoreno rekao tokom \u017eivota hazreti Omera (ra), (koji je bio tada\u0161nji halifa) da \u0107e nakon njegove smrti, glasati za tu i tu osobu . Tako\u0111er je rekao da je hazreti Ebu Bekr (ra) izabran u stanju \u017eurbe i haosa \u0161to zna\u010di da mu je pogre\u0161no dodijeljen status Halife. \u010cuv\u0161i to, hazreti Omer (ra) se jako rastu\u017eio. Kasnije se hazreti Omer (r.a.) obratio Muslimanima i objasnio da su nakon smrti \u010casnog Poslanika (savs) neki Muslimani bili mi\u0161ljenja da bi Halifa trebao biti me\u0111u njegovim potomcima jer \u0107e oni imati dublje razumijevanje religije i ljudi bi pokazali poslu\u0161nost porodici s ljubavlju. Druga grupa Muslimana smatrala je da Halifa treba da bude od Muhad\u017eira, jer su oni najvi\u0161e proveli vremena uz \u010casnog Poslanika (savs) i Halifa bi trebao da bude od Kurej\u0161ija, zato \u0161to bi cijela Arabija ih slu\u0161ala. Dok je tre\u0107a grupa vjerovala da budu\u0107i da je \u010casi Poslanik (savs) preminuo u Medini i da su Ensarije imali mnogo ja\u010di utjecaj u Medini, smatrali su da \u0107e oni mo\u0107i obavljati ovu du\u017enost. Nakon nekog vremena rasprave, odlu\u010deno je o prijedlogu hazreti Omera (ra) da se slo\u017ee za odanost najboljem me\u0111u Muhad\u017eirima, to je zna\u010dilo da nema osobe koja je dostojnija od hazreti Ebu Bekra (ra) za poziciju halife . Nakon ovoga, svi su se zakleli i dali baiat (zakletvu) hazreti Ebu Bekru (ra)."}

Ahmadija muslimanski džemat

<blockquote class="wp-embedded-content" data-secret="HIP2S6zAl8"><a href="https://www.ahmadiyya-islam.org/ba/hutbe/2019/08/23/ljudi-izvrsnih-osobina-18/">Ljudi izvrsnih osobina</a></blockquote><iframe sandbox="allow-scripts" security="restricted" src="https://www.ahmadiyya-islam.org/ba/hutbe/2019/08/23/ljudi-izvrsnih-osobina-18/embed/#?secret=HIP2S6zAl8" width="600" height="338" title="&#8220;Ljudi izvrsnih osobina&#8221; &#8212; Ahmadija muslimanski džemat" data-secret="HIP2S6zAl8" frameborder="0" marginwidth="0" marginheight="0" scrolling="no" class="wp-embedded-content"></iframe><script type="text/javascript">
/* <![CDATA[ */
/*! This file is auto-generated */
!function(d,l){"use strict";l.querySelector&&d.addEventListener&&"undefined"!=typeof URL&&(d.wp=d.wp||{},d.wp.receiveEmbedMessage||(d.wp.receiveEmbedMessage=function(e){var t=e.data;if((t||t.secret||t.message||t.value)&&!/[^a-zA-Z0-9]/.test(t.secret)){for(var s,r,n,a=l.querySelectorAll('iframe[data-secret="'+t.secret+'"]'),o=l.querySelectorAll('blockquote[data-secret="'+t.secret+'"]'),c=new RegExp("^https?:$","i"),i=0;i<o.length;i++)o[i].style.display="none";for(i=0;i<a.length;i++)s=a[i],e.source===s.contentWindow&&(s.removeAttribute("style"),"height"===t.message?(1e3<(r=parseInt(t.value,10))?r=1e3:~~r<200&&(r=200),s.height=r):"link"===t.message&&(r=new URL(s.getAttribute("src")),n=new URL(t.value),c.test(n.protocol))&&n.host===r.host&&l.activeElement===s&&(d.top.location.href=t.value))}},d.addEventListener("message",d.wp.receiveEmbedMessage,!1),l.addEventListener("DOMContentLoaded",function(){for(var e,t,s=l.querySelectorAll("iframe.wp-embedded-content"),r=0;r<s.length;r++)(t=(e=s[r]).getAttribute("data-secret"))||(t=Math.random().toString(36).substring(2,12),e.src+="#?secret="+t,e.setAttribute("data-secret",t)),e.contentWindow.postMessage({message:"ready",secret:t},"*")},!1)))}(window,document);
//# sourceURL=https://www.ahmadiyya-islam.org/ba/wp-includes/js/wp-embed.min.js
/* ]]> */
</script>

Iz jednog hadisa koji se nalazi u Buhariju, spominje se, jedna osoba koja je čula da je otvoreno rekao tokom života hazreti Omera (ra), (koji je bio tadašnji halifa) da će nakon njegove smrti, glasati za tu i tu osobu . Također je rekao da je hazreti Ebu Bekr (ra) izabran u stanju žurbe i haosa što znači da mu je pogrešno dodijeljen status Halife. Čuvši to, hazreti Omer (ra) se jako rastužio. Kasnije se hazreti Omer (r.a.) obratio Muslimanima i objasnio da su nakon smrti Časnog Poslanika (savs) neki Muslimani bili mišljenja da bi Halifa trebao biti među njegovim potomcima jer će oni imati dublje razumijevanje religije i ljudi bi pokazali poslušnost porodici s ljubavlju. Druga grupa Muslimana smatrala je da Halifa treba da bude od Muhadžira, jer su oni najviše proveli vremena uz Časnog Poslanika (savs) i Halifa bi trebao da bude od Kurejšija, zato što bi cijela Arabija ih slušala. Dok je treća grupa vjerovala da budući da je Časi Poslanik (savs) preminuo u Medini i da su Ensarije imali mnogo jači utjecaj u Medini, smatrali su da će oni moći obavljati ovu dužnost. Nakon nekog vremena rasprave, odlučeno je o prijedlogu hazreti Omera (ra) da se slože za odanost najboljem među Muhadžirima, to je značilo da nema osobe koja je dostojnija od hazreti Ebu Bekra (ra) za poziciju halife . Nakon ovoga, svi su se zakleli i dali baiat (zakletvu) hazreti Ebu Bekru (ra).
