{"version":"1.0","provider_name":"Ahmadija muslimanski d\u017eemat","provider_url":"https:\/\/www.ahmadiyya-islam.org\/ba","author_name":"bosnia1","author_url":"https:\/\/www.ahmadiyya-islam.org\/ba\/author\/bosnia1\/","title":"Zarobljen Ebbas","type":"rich","width":600,"height":338,"html":"<blockquote class=\"wp-embedded-content\" data-secret=\"PIuyIIfRIw\"><a href=\"https:\/\/www.ahmadiyya-islam.org\/ba\/biblioteka\/price-iz-ranog-islama\/kralj-pravde\/\">Zarobljen Ebbas<\/a><\/blockquote><iframe sandbox=\"allow-scripts\" security=\"restricted\" src=\"https:\/\/www.ahmadiyya-islam.org\/ba\/biblioteka\/price-iz-ranog-islama\/kralj-pravde\/embed\/#?secret=PIuyIIfRIw\" width=\"600\" height=\"338\" title=\"&#8220;Zarobljen Ebbas&#8221; &#8212; Ahmadija muslimanski d\u017eemat\" data-secret=\"PIuyIIfRIw\" frameborder=\"0\" marginwidth=\"0\" marginheight=\"0\" scrolling=\"no\" class=\"wp-embedded-content\"><\/iframe><script type=\"text\/javascript\">\n\/* <![CDATA[ *\/\n\/*! This file is auto-generated *\/\n!function(d,l){\"use strict\";l.querySelector&&d.addEventListener&&\"undefined\"!=typeof URL&&(d.wp=d.wp||{},d.wp.receiveEmbedMessage||(d.wp.receiveEmbedMessage=function(e){var t=e.data;if((t||t.secret||t.message||t.value)&&!\/[^a-zA-Z0-9]\/.test(t.secret)){for(var s,r,n,a=l.querySelectorAll('iframe[data-secret=\"'+t.secret+'\"]'),o=l.querySelectorAll('blockquote[data-secret=\"'+t.secret+'\"]'),c=new RegExp(\"^https?:$\",\"i\"),i=0;i<o.length;i++)o[i].style.display=\"none\";for(i=0;i<a.length;i++)s=a[i],e.source===s.contentWindow&&(s.removeAttribute(\"style\"),\"height\"===t.message?(1e3<(r=parseInt(t.value,10))?r=1e3:~~r<200&&(r=200),s.height=r):\"link\"===t.message&&(r=new URL(s.getAttribute(\"src\")),n=new URL(t.value),c.test(n.protocol))&&n.host===r.host&&l.activeElement===s&&(d.top.location.href=t.value))}},d.addEventListener(\"message\",d.wp.receiveEmbedMessage,!1),l.addEventListener(\"DOMContentLoaded\",function(){for(var e,t,s=l.querySelectorAll(\"iframe.wp-embedded-content\"),r=0;r<s.length;r++)(t=(e=s[r]).getAttribute(\"data-secret\"))||(t=Math.random().toString(36).substring(2,12),e.src+=\"#?secret=\"+t,e.setAttribute(\"data-secret\",t)),e.contentWindow.postMessage({message:\"ready\",secret:t},\"*\")},!1)))}(window,document);\n\/\/# sourceURL=https:\/\/www.ahmadiyya-islam.org\/ba\/wp-includes\/js\/wp-embed.min.js\n\/* ]]> *\/\n<\/script>\n","thumbnail_url":"https:\/\/www.ahmadiyya-islam.org\/ba\/wp-content\/uploads\/sites\/16\/2020\/03\/prision.jpg","thumbnail_width":960,"thumbnail_height":640,"description":"Tokom Bitke na Badru mnoge Mekanlije su bile zarobljene. Svi su bili vezani konopcima, kako bi se sprije\u010dio njihov bijeg. Me\u0111u zarobljenicima bio je Abbas, amid\u017ea \u010casnog Poslanika s.a.v.s. koji je jo\u0161 uvijek bio nevjernik i borio se protiv muslimana."}

Ahmadija muslimanski džemat

<blockquote class="wp-embedded-content" data-secret="PIuyIIfRIw"><a href="https://www.ahmadiyya-islam.org/ba/biblioteka/price-iz-ranog-islama/kralj-pravde/">Zarobljen Ebbas</a></blockquote><iframe sandbox="allow-scripts" security="restricted" src="https://www.ahmadiyya-islam.org/ba/biblioteka/price-iz-ranog-islama/kralj-pravde/embed/#?secret=PIuyIIfRIw" width="600" height="338" title="&#8220;Zarobljen Ebbas&#8221; &#8212; Ahmadija muslimanski džemat" data-secret="PIuyIIfRIw" frameborder="0" marginwidth="0" marginheight="0" scrolling="no" class="wp-embedded-content"></iframe><script type="text/javascript">
/* <![CDATA[ */
/*! This file is auto-generated */
!function(d,l){"use strict";l.querySelector&&d.addEventListener&&"undefined"!=typeof URL&&(d.wp=d.wp||{},d.wp.receiveEmbedMessage||(d.wp.receiveEmbedMessage=function(e){var t=e.data;if((t||t.secret||t.message||t.value)&&!/[^a-zA-Z0-9]/.test(t.secret)){for(var s,r,n,a=l.querySelectorAll('iframe[data-secret="'+t.secret+'"]'),o=l.querySelectorAll('blockquote[data-secret="'+t.secret+'"]'),c=new RegExp("^https?:$","i"),i=0;i<o.length;i++)o[i].style.display="none";for(i=0;i<a.length;i++)s=a[i],e.source===s.contentWindow&&(s.removeAttribute("style"),"height"===t.message?(1e3<(r=parseInt(t.value,10))?r=1e3:~~r<200&&(r=200),s.height=r):"link"===t.message&&(r=new URL(s.getAttribute("src")),n=new URL(t.value),c.test(n.protocol))&&n.host===r.host&&l.activeElement===s&&(d.top.location.href=t.value))}},d.addEventListener("message",d.wp.receiveEmbedMessage,!1),l.addEventListener("DOMContentLoaded",function(){for(var e,t,s=l.querySelectorAll("iframe.wp-embedded-content"),r=0;r<s.length;r++)(t=(e=s[r]).getAttribute("data-secret"))||(t=Math.random().toString(36).substring(2,12),e.src+="#?secret="+t,e.setAttribute("data-secret",t)),e.contentWindow.postMessage({message:"ready",secret:t},"*")},!1)))}(window,document);
//# sourceURL=https://www.ahmadiyya-islam.org/ba/wp-includes/js/wp-embed.min.js
/* ]]> */
</script>

Tokom Bitke na Badru mnoge Mekanlije su bile zarobljene. Svi su bili vezani konopcima, kako bi se spriječio njihov bijeg. Među zarobljenicima bio je Abbas, amidža Časnog Poslanika s.a.v.s. koji je još uvijek bio nevjernik i borio se protiv muslimana.
