{"version":"1.0","provider_name":"Ahmadija muslimanski d\u017eemat","provider_url":"https:\/\/www.ahmadiyya-islam.org\/ba","author_name":"bosnia1","author_url":"https:\/\/www.ahmadiyya-islam.org\/ba\/author\/bosnia1\/","title":"Za\u0161to je Zikri Illahi neophodan","type":"rich","width":600,"height":338,"html":"<blockquote class=\"wp-embedded-content\" data-secret=\"n5d856C4Ya\"><a href=\"https:\/\/www.ahmadiyya-islam.org\/ba\/biblioteka\/allahov-zikr\/zasto-je-zikri-illahi-neophodan\/\">Za\u0161to je Zikri Illahi neophodan<\/a><\/blockquote><iframe sandbox=\"allow-scripts\" security=\"restricted\" src=\"https:\/\/www.ahmadiyya-islam.org\/ba\/biblioteka\/allahov-zikr\/zasto-je-zikri-illahi-neophodan\/embed\/#?secret=n5d856C4Ya\" width=\"600\" height=\"338\" title=\"&#8220;Za\u0161to je Zikri Illahi neophodan&#8221; &#8212; Ahmadija muslimanski d\u017eemat\" data-secret=\"n5d856C4Ya\" frameborder=\"0\" marginwidth=\"0\" marginheight=\"0\" scrolling=\"no\" class=\"wp-embedded-content\"><\/iframe><script type=\"text\/javascript\">\n\/* <![CDATA[ *\/\n\/*! This file is auto-generated *\/\n!function(d,l){\"use strict\";l.querySelector&&d.addEventListener&&\"undefined\"!=typeof URL&&(d.wp=d.wp||{},d.wp.receiveEmbedMessage||(d.wp.receiveEmbedMessage=function(e){var t=e.data;if((t||t.secret||t.message||t.value)&&!\/[^a-zA-Z0-9]\/.test(t.secret)){for(var s,r,n,a=l.querySelectorAll('iframe[data-secret=\"'+t.secret+'\"]'),o=l.querySelectorAll('blockquote[data-secret=\"'+t.secret+'\"]'),c=new RegExp(\"^https?:$\",\"i\"),i=0;i<o.length;i++)o[i].style.display=\"none\";for(i=0;i<a.length;i++)s=a[i],e.source===s.contentWindow&&(s.removeAttribute(\"style\"),\"height\"===t.message?(1e3<(r=parseInt(t.value,10))?r=1e3:~~r<200&&(r=200),s.height=r):\"link\"===t.message&&(r=new URL(s.getAttribute(\"src\")),n=new URL(t.value),c.test(n.protocol))&&n.host===r.host&&l.activeElement===s&&(d.top.location.href=t.value))}},d.addEventListener(\"message\",d.wp.receiveEmbedMessage,!1),l.addEventListener(\"DOMContentLoaded\",function(){for(var e,t,s=l.querySelectorAll(\"iframe.wp-embedded-content\"),r=0;r<s.length;r++)(t=(e=s[r]).getAttribute(\"data-secret\"))||(t=Math.random().toString(36).substring(2,12),e.src+=\"#?secret=\"+t,e.setAttribute(\"data-secret\",t)),e.contentWindow.postMessage({message:\"ready\",secret:t},\"*\")},!1)))}(window,document);\n\/\/# sourceURL=https:\/\/www.ahmadiyya-islam.org\/ba\/wp-includes\/js\/wp-embed.min.js\n\/* ]]> *\/\n<\/script>\n","description":"Ako je ovaj predmet od tako velike va\u017enosti, islam \u0107e to naravno stalno isticati. Ovo zaista i jeste slu\u010daj. Mi nailazimo na \u010desta podsje\u0107anja o tome u \u010casnom Kur\u2019anu, npr: &#8221; \u0648\u064e \u0627\u0630\u06e1\u06a9\u064f\u0631\u0650 \u0627\u0633\u06e1\u0645\u064e \u0631\u064e\u0628\u0651\u0650\u06a9\u064e \u0628\u064f\u06a9\u06e1\u0631\u064e\u06c3\u064b \u0648\u0651\u064e \u0627\u064e\u0635\u0650\u06cc\u06e1\u0644\u064b\u0627 &#8221; I spominji ime Gospodara svoga ujutro i uve\u010der. (76:26) Sli\u010dno tome, ima hadis u kojem \u010casni"}

Ahmadija muslimanski džemat

Zašto je Zikri Illahi neophodan

<blockquote class="wp-embedded-content" data-secret="n5d856C4Ya"><a href="https://www.ahmadiyya-islam.org/ba/biblioteka/allahov-zikr/zasto-je-zikri-illahi-neophodan/">Zašto je Zikri Illahi neophodan</a></blockquote><iframe sandbox="allow-scripts" security="restricted" src="https://www.ahmadiyya-islam.org/ba/biblioteka/allahov-zikr/zasto-je-zikri-illahi-neophodan/embed/#?secret=n5d856C4Ya" width="600" height="338" title="&#8220;Zašto je Zikri Illahi neophodan&#8221; &#8212; Ahmadija muslimanski džemat" data-secret="n5d856C4Ya" frameborder="0" marginwidth="0" marginheight="0" scrolling="no" class="wp-embedded-content"></iframe><script type="text/javascript">
/* <![CDATA[ */
/*! This file is auto-generated */
!function(d,l){"use strict";l.querySelector&&d.addEventListener&&"undefined"!=typeof URL&&(d.wp=d.wp||{},d.wp.receiveEmbedMessage||(d.wp.receiveEmbedMessage=function(e){var t=e.data;if((t||t.secret||t.message||t.value)&&!/[^a-zA-Z0-9]/.test(t.secret)){for(var s,r,n,a=l.querySelectorAll('iframe[data-secret="'+t.secret+'"]'),o=l.querySelectorAll('blockquote[data-secret="'+t.secret+'"]'),c=new RegExp("^https?:$","i"),i=0;i<o.length;i++)o[i].style.display="none";for(i=0;i<a.length;i++)s=a[i],e.source===s.contentWindow&&(s.removeAttribute("style"),"height"===t.message?(1e3<(r=parseInt(t.value,10))?r=1e3:~~r<200&&(r=200),s.height=r):"link"===t.message&&(r=new URL(s.getAttribute("src")),n=new URL(t.value),c.test(n.protocol))&&n.host===r.host&&l.activeElement===s&&(d.top.location.href=t.value))}},d.addEventListener("message",d.wp.receiveEmbedMessage,!1),l.addEventListener("DOMContentLoaded",function(){for(var e,t,s=l.querySelectorAll("iframe.wp-embedded-content"),r=0;r<s.length;r++)(t=(e=s[r]).getAttribute("data-secret"))||(t=Math.random().toString(36).substring(2,12),e.src+="#?secret="+t,e.setAttribute("data-secret",t)),e.contentWindow.postMessage({message:"ready",secret:t},"*")},!1)))}(window,document);
//# sourceURL=https://www.ahmadiyya-islam.org/ba/wp-includes/js/wp-embed.min.js
/* ]]> */
</script>

Ako je ovaj predmet od tako velike važnosti, islam će to naravno stalno isticati. Ovo zaista i jeste slučaj. Mi nailazimo na česta podsjećanja o tome u Časnom Kur’anu, npr: &#8221; وَ اذۡکُرِ اسۡمَ رَبِّکَ بُکۡرَۃً وَّ اَصِیۡلًا &#8221; I spominji ime Gospodara svoga ujutro i uvečer. (76:26) Slično tome, ima hadis u kojem Časni
