{"id":8031,"date":"2018-09-30T09:48:07","date_gmt":"2018-09-30T09:48:07","guid":{"rendered":"https:\/\/www.ahmadiyya-islam.org\/al\/?post_type=videos&#038;p=8031"},"modified":"2019-02-20T11:47:48","modified_gmt":"2019-02-20T11:47:48","slug":"si-mund-te-ruhesh-nga-shirku-i-fshehte","status":"publish","type":"videos","link":"https:\/\/www.ahmadiyya-islam.org\/al\/videos\/si-mund-te-ruhesh-nga-shirku-i-fshehte\/","title":{"rendered":"Si mund t\u00eb ruhesh nga shirku i fsheht\u00eb?"},"content":{"rendered":"<p>&#8220;Mbani mend! Shirku nuk \u00ebsht\u00eb t\u00eb adhurosh vet\u00ebm idhujt prej guri. Kjo \u00ebsht\u00eb nj\u00eb gj\u00eb shum\u00eb e trash\u00eb. K\u00ebt\u00eb e b\u00ebjn\u00eb vet\u00ebm ata q\u00eb jan\u00eb shum\u00eb naiv\u00eb, nd\u00ebrsa nj\u00eb t\u00eb men\u00e7uri i vjen turp nga nj\u00eb gj\u00eb e till\u00eb. Shirku \u00ebsht\u00eb shum\u00eb i im\u00ebt. Ai shirk q\u00eb shpesh b\u00ebhet shkak i shkat\u00ebrrimit, \u00ebsht\u00eb shirku i mjeteve, dometh\u00ebn\u00eb, t\u00eb besoni kaq shum\u00eb n\u00eb mjetet, saq\u00eb ato t\u00eb b\u00ebhen d\u00ebshira dhe q\u00ebllimi juaj.&#8221;<\/p>\n","protected":false},"excerpt":{"rendered":"<p>&#8220;Mbani mend! Shirku nuk \u00ebsht\u00eb t\u00eb adhurosh vet\u00ebm idhujt prej guri. Kjo \u00ebsht\u00eb nj\u00eb gj\u00eb shum\u00eb e trash\u00eb. &#8230; nj\u00eb t\u00eb men\u00e7uri i vjen turp nga nj\u00eb gj\u00eb e till\u00eb. &#8230;&#8221;<\/p>\n","protected":false},"featured_media":8033,"parent":0,"menu_order":0,"template":"","tags":[],"authors":[454],"content_source":[],"class_list":["post-8031","videos","type-videos","status-publish","has-post-thumbnail","hentry","topics-besimi","topics-spiritualiteti","video-categories-fjalimet-nga-dijetaret-e-xhematit","authors-samad-ahmed-ghori"],"acf":[],"yoast_head":"<!-- This site is optimized with the Yoast SEO Premium plugin v21.1 (Yoast SEO v27.4) - https:\/\/yoast.com\/product\/yoast-seo-premium-wordpress\/ -->\n<title>Si mund t\u00eb ruhesh nga shirku i fsheht\u00eb?<\/title>\n<meta name=\"description\" content=\"&quot;Mbani mend! Shirku nuk \u00ebsht\u00eb t\u00eb adhurosh vet\u00ebm idhujt prej guri. Kjo \u00ebsht\u00eb nj\u00eb gj\u00eb shum\u00eb e trash\u00eb. ... nj\u00eb t\u00eb men\u00e7uri i vjen turp nga nj\u00eb gj\u00eb e till\u00eb. ...&quot;\" \/>\n<meta name=\"robots\" content=\"index, follow, max-snippet:-1, max-image-preview:large, max-video-preview:-1\" \/>\n<link rel=\"canonical\" href=\"https:\/\/www.ahmadiyya-islam.org\/al\/videos\/si-mund-te-ruhesh-nga-shirku-i-fshehte\/\" \/>\n<meta property=\"og:locale\" content=\"sq_AL\" \/>\n<meta property=\"og:type\" content=\"article\" \/>\n<meta property=\"og:title\" content=\"Si mund t\u00eb ruhesh nga shirku i fsheht\u00eb?\" \/>\n<meta property=\"og:description\" content=\"&quot;Mbani mend! Shirku nuk \u00ebsht\u00eb t\u00eb adhurosh vet\u00ebm idhujt prej guri. Kjo \u00ebsht\u00eb nj\u00eb gj\u00eb shum\u00eb e trash\u00eb. ... nj\u00eb t\u00eb men\u00e7uri i vjen turp nga nj\u00eb gj\u00eb e till\u00eb. ...&quot;\" \/>\n<meta property=\"og:url\" content=\"https:\/\/www.ahmadiyya-islam.org\/al\/videos\/si-mund-te-ruhesh-nga-shirku-i-fshehte\/\" \/>\n<meta property=\"og:site_name\" content=\"Xhemati Musliman Ahmedia\" \/>\n<meta property=\"article:modified_time\" content=\"2019-02-20T11:47:48+00:00\" \/>\n<meta property=\"og:image\" content=\"https:\/\/www.ahmadiyya-islam.org\/al\/wp-content\/uploads\/sites\/3\/2018\/09\/si-mund-te-ruhesh-nga-shirku-i-f.jpg\" \/>\n\t<meta property=\"og:image:width\" content=\"480\" \/>\n\t<meta property=\"og:image:height\" content=\"360\" \/>\n\t<meta property=\"og:image:type\" content=\"image\/jpeg\" \/>\n<meta name=\"twitter:card\" content=\"summary_large_image\" \/>\n<script type=\"application\/ld+json\" class=\"yoast-schema-graph\">{\"@context\":\"https:\\\/\\\/schema.org\",\"@graph\":[{\"@type\":\"WebPage\",\"@id\":\"https:\\\/\\\/www.ahmadiyya-islam.org\\\/al\\\/videos\\\/si-mund-te-ruhesh-nga-shirku-i-fshehte\\\/\",\"url\":\"https:\\\/\\\/www.ahmadiyya-islam.org\\\/al\\\/videos\\\/si-mund-te-ruhesh-nga-shirku-i-fshehte\\\/\",\"name\":\"Si mund t\u00eb ruhesh nga shirku i fsheht\u00eb?\",\"isPartOf\":{\"@id\":\"https:\\\/\\\/www.ahmadiyya-islam.org\\\/al\\\/#website\"},\"primaryImageOfPage\":{\"@id\":\"https:\\\/\\\/www.ahmadiyya-islam.org\\\/al\\\/videos\\\/si-mund-te-ruhesh-nga-shirku-i-fshehte\\\/#primaryimage\"},\"image\":{\"@id\":\"https:\\\/\\\/www.ahmadiyya-islam.org\\\/al\\\/videos\\\/si-mund-te-ruhesh-nga-shirku-i-fshehte\\\/#primaryimage\"},\"thumbnailUrl\":\"https:\\\/\\\/www.ahmadiyya-islam.org\\\/al\\\/wp-content\\\/uploads\\\/sites\\\/3\\\/2018\\\/09\\\/si-mund-te-ruhesh-nga-shirku-i-f.jpg\",\"datePublished\":\"2018-09-30T09:48:07+00:00\",\"dateModified\":\"2019-02-20T11:47:48+00:00\",\"description\":\"\\\"Mbani mend! Shirku nuk \u00ebsht\u00eb t\u00eb adhurosh vet\u00ebm idhujt prej guri. Kjo \u00ebsht\u00eb nj\u00eb gj\u00eb shum\u00eb e trash\u00eb. ... nj\u00eb t\u00eb men\u00e7uri i vjen turp nga nj\u00eb gj\u00eb e till\u00eb. ...\\\"\",\"breadcrumb\":{\"@id\":\"https:\\\/\\\/www.ahmadiyya-islam.org\\\/al\\\/videos\\\/si-mund-te-ruhesh-nga-shirku-i-fshehte\\\/#breadcrumb\"},\"inLanguage\":\"sq-AL\",\"potentialAction\":[{\"@type\":\"ReadAction\",\"target\":[\"https:\\\/\\\/www.ahmadiyya-islam.org\\\/al\\\/videos\\\/si-mund-te-ruhesh-nga-shirku-i-fshehte\\\/\"]}]},{\"@type\":\"ImageObject\",\"inLanguage\":\"sq-AL\",\"@id\":\"https:\\\/\\\/www.ahmadiyya-islam.org\\\/al\\\/videos\\\/si-mund-te-ruhesh-nga-shirku-i-fshehte\\\/#primaryimage\",\"url\":\"https:\\\/\\\/www.ahmadiyya-islam.org\\\/al\\\/wp-content\\\/uploads\\\/sites\\\/3\\\/2018\\\/09\\\/si-mund-te-ruhesh-nga-shirku-i-f.jpg\",\"contentUrl\":\"https:\\\/\\\/www.ahmadiyya-islam.org\\\/al\\\/wp-content\\\/uploads\\\/sites\\\/3\\\/2018\\\/09\\\/si-mund-te-ruhesh-nga-shirku-i-f.jpg\",\"width\":480,\"height\":360},{\"@type\":\"BreadcrumbList\",\"@id\":\"https:\\\/\\\/www.ahmadiyya-islam.org\\\/al\\\/videos\\\/si-mund-te-ruhesh-nga-shirku-i-fshehte\\\/#breadcrumb\",\"itemListElement\":[{\"@type\":\"ListItem\",\"position\":1,\"name\":\"Home\",\"item\":\"https:\\\/\\\/www.ahmadiyya-islam.org\\\/al\\\/\"},{\"@type\":\"ListItem\",\"position\":2,\"name\":\"Videos\",\"item\":\"https:\\\/\\\/www.ahmadiyya-islam.org\\\/al\\\/videos\\\/\"},{\"@type\":\"ListItem\",\"position\":3,\"name\":\"Si mund t\u00eb ruhesh nga shirku i fsheht\u00eb?\"}]},{\"@type\":\"WebSite\",\"@id\":\"https:\\\/\\\/www.ahmadiyya-islam.org\\\/al\\\/#website\",\"url\":\"https:\\\/\\\/www.ahmadiyya-islam.org\\\/al\\\/\",\"name\":\"Xhemati Musliman Ahmedia\",\"description\":\"Albania\",\"potentialAction\":[{\"@type\":\"SearchAction\",\"target\":{\"@type\":\"EntryPoint\",\"urlTemplate\":\"https:\\\/\\\/www.ahmadiyya-islam.org\\\/al\\\/?s={search_term_string}\"},\"query-input\":{\"@type\":\"PropertyValueSpecification\",\"valueRequired\":true,\"valueName\":\"search_term_string\"}}],\"inLanguage\":\"sq-AL\"}]}<\/script>\n<!-- \/ Yoast SEO Premium plugin. -->","yoast_head_json":{"title":"Si mund t\u00eb ruhesh nga shirku i fsheht\u00eb?","description":"\"Mbani mend! Shirku nuk \u00ebsht\u00eb t\u00eb adhurosh vet\u00ebm idhujt prej guri. Kjo \u00ebsht\u00eb nj\u00eb gj\u00eb shum\u00eb e trash\u00eb. ... nj\u00eb t\u00eb men\u00e7uri i vjen turp nga nj\u00eb gj\u00eb e till\u00eb. ...\"","robots":{"index":"index","follow":"follow","max-snippet":"max-snippet:-1","max-image-preview":"max-image-preview:large","max-video-preview":"max-video-preview:-1"},"canonical":"https:\/\/www.ahmadiyya-islam.org\/al\/videos\/si-mund-te-ruhesh-nga-shirku-i-fshehte\/","og_locale":"sq_AL","og_type":"article","og_title":"Si mund t\u00eb ruhesh nga shirku i fsheht\u00eb?","og_description":"\"Mbani mend! Shirku nuk \u00ebsht\u00eb t\u00eb adhurosh vet\u00ebm idhujt prej guri. Kjo \u00ebsht\u00eb nj\u00eb gj\u00eb shum\u00eb e trash\u00eb. ... nj\u00eb t\u00eb men\u00e7uri i vjen turp nga nj\u00eb gj\u00eb e till\u00eb. ...\"","og_url":"https:\/\/www.ahmadiyya-islam.org\/al\/videos\/si-mund-te-ruhesh-nga-shirku-i-fshehte\/","og_site_name":"Xhemati Musliman Ahmedia","article_modified_time":"2019-02-20T11:47:48+00:00","og_image":[{"width":480,"height":360,"url":"https:\/\/www.ahmadiyya-islam.org\/al\/wp-content\/uploads\/sites\/3\/2018\/09\/si-mund-te-ruhesh-nga-shirku-i-f.jpg","type":"image\/jpeg"}],"twitter_card":"summary_large_image","schema":{"@context":"https:\/\/schema.org","@graph":[{"@type":"WebPage","@id":"https:\/\/www.ahmadiyya-islam.org\/al\/videos\/si-mund-te-ruhesh-nga-shirku-i-fshehte\/","url":"https:\/\/www.ahmadiyya-islam.org\/al\/videos\/si-mund-te-ruhesh-nga-shirku-i-fshehte\/","name":"Si mund t\u00eb ruhesh nga shirku i fsheht\u00eb?","isPartOf":{"@id":"https:\/\/www.ahmadiyya-islam.org\/al\/#website"},"primaryImageOfPage":{"@id":"https:\/\/www.ahmadiyya-islam.org\/al\/videos\/si-mund-te-ruhesh-nga-shirku-i-fshehte\/#primaryimage"},"image":{"@id":"https:\/\/www.ahmadiyya-islam.org\/al\/videos\/si-mund-te-ruhesh-nga-shirku-i-fshehte\/#primaryimage"},"thumbnailUrl":"https:\/\/www.ahmadiyya-islam.org\/al\/wp-content\/uploads\/sites\/3\/2018\/09\/si-mund-te-ruhesh-nga-shirku-i-f.jpg","datePublished":"2018-09-30T09:48:07+00:00","dateModified":"2019-02-20T11:47:48+00:00","description":"\"Mbani mend! Shirku nuk \u00ebsht\u00eb t\u00eb adhurosh vet\u00ebm idhujt prej guri. Kjo \u00ebsht\u00eb nj\u00eb gj\u00eb shum\u00eb e trash\u00eb. ... nj\u00eb t\u00eb men\u00e7uri i vjen turp nga nj\u00eb gj\u00eb e till\u00eb. ...\"","breadcrumb":{"@id":"https:\/\/www.ahmadiyya-islam.org\/al\/videos\/si-mund-te-ruhesh-nga-shirku-i-fshehte\/#breadcrumb"},"inLanguage":"sq-AL","potentialAction":[{"@type":"ReadAction","target":["https:\/\/www.ahmadiyya-islam.org\/al\/videos\/si-mund-te-ruhesh-nga-shirku-i-fshehte\/"]}]},{"@type":"ImageObject","inLanguage":"sq-AL","@id":"https:\/\/www.ahmadiyya-islam.org\/al\/videos\/si-mund-te-ruhesh-nga-shirku-i-fshehte\/#primaryimage","url":"https:\/\/www.ahmadiyya-islam.org\/al\/wp-content\/uploads\/sites\/3\/2018\/09\/si-mund-te-ruhesh-nga-shirku-i-f.jpg","contentUrl":"https:\/\/www.ahmadiyya-islam.org\/al\/wp-content\/uploads\/sites\/3\/2018\/09\/si-mund-te-ruhesh-nga-shirku-i-f.jpg","width":480,"height":360},{"@type":"BreadcrumbList","@id":"https:\/\/www.ahmadiyya-islam.org\/al\/videos\/si-mund-te-ruhesh-nga-shirku-i-fshehte\/#breadcrumb","itemListElement":[{"@type":"ListItem","position":1,"name":"Home","item":"https:\/\/www.ahmadiyya-islam.org\/al\/"},{"@type":"ListItem","position":2,"name":"Videos","item":"https:\/\/www.ahmadiyya-islam.org\/al\/videos\/"},{"@type":"ListItem","position":3,"name":"Si mund t\u00eb ruhesh nga shirku i fsheht\u00eb?"}]},{"@type":"WebSite","@id":"https:\/\/www.ahmadiyya-islam.org\/al\/#website","url":"https:\/\/www.ahmadiyya-islam.org\/al\/","name":"Xhemati Musliman Ahmedia","description":"Albania","potentialAction":[{"@type":"SearchAction","target":{"@type":"EntryPoint","urlTemplate":"https:\/\/www.ahmadiyya-islam.org\/al\/?s={search_term_string}"},"query-input":{"@type":"PropertyValueSpecification","valueRequired":true,"valueName":"search_term_string"}}],"inLanguage":"sq-AL"}]}},"_links":{"self":[{"href":"https:\/\/www.ahmadiyya-islam.org\/al\/wp-json\/wp\/v2\/videos\/8031","targetHints":{"allow":["GET"]}}],"collection":[{"href":"https:\/\/www.ahmadiyya-islam.org\/al\/wp-json\/wp\/v2\/videos"}],"about":[{"href":"https:\/\/www.ahmadiyya-islam.org\/al\/wp-json\/wp\/v2\/types\/videos"}],"version-history":[{"count":0,"href":"https:\/\/www.ahmadiyya-islam.org\/al\/wp-json\/wp\/v2\/videos\/8031\/revisions"}],"wp:featuredmedia":[{"embeddable":true,"href":"https:\/\/www.ahmadiyya-islam.org\/al\/wp-json\/wp\/v2\/media\/8033"}],"wp:attachment":[{"href":"https:\/\/www.ahmadiyya-islam.org\/al\/wp-json\/wp\/v2\/media?parent=8031"}],"wp:term":[{"taxonomy":"post_tag","embeddable":true,"href":"https:\/\/www.ahmadiyya-islam.org\/al\/wp-json\/wp\/v2\/tags?post=8031"},{"taxonomy":"authors","embeddable":true,"href":"https:\/\/www.ahmadiyya-islam.org\/al\/wp-json\/wp\/v2\/authors?post=8031"},{"taxonomy":"content_source","embeddable":true,"href":"https:\/\/www.ahmadiyya-islam.org\/al\/wp-json\/wp\/v2\/content_source?post=8031"}],"curies":[{"name":"wp","href":"https:\/\/api.w.org\/{rel}","templated":true}]}}

Si mund të ruhesh nga shirku i fshehtë?

<p>&#8220;Mbani mend! Shirku nuk është të adhurosh vetëm idhujt prej guri. Kjo është një gjë shumë e trashë. Këtë e bëjnë vetëm ata që janë shumë naivë, ndërsa një të mençuri i vjen turp nga një gjë e tillë. Shirku është shumë i imët. Ai shirk që shpesh bëhet shkak i shkatërrimit, është shirku i mjeteve, domethënë, të besoni kaq shumë në mjetet, saqë ato të bëhen dëshira dhe qëllimi juaj.&#8221;</p>

<p>&#8220;Mbani mend! Shirku nuk është të adhurosh vetëm idhujt prej guri. Kjo është një gjë shumë e trashë. &#8230; një të mençuri i vjen turp nga një gjë e tillë. &#8230;&#8221;</p>

<!-- This site is optimized with the Yoast SEO Premium plugin v21.1 (Yoast SEO v27.4) - https://yoast.com/product/yoast-seo-premium-wordpress/ -->
<title>Si mund të ruhesh nga shirku i fshehtë?</title>
<meta name="description" content="&quot;Mbani mend! Shirku nuk është të adhurosh vetëm idhujt prej guri. Kjo është një gjë shumë e trashë. ... një të mençuri i vjen turp nga një gjë e tillë. ...&quot;" />
<meta name="robots" content="index, follow, max-snippet:-1, max-image-preview:large, max-video-preview:-1" />
<link rel="canonical" href="https://www.ahmadiyya-islam.org/al/videos/si-mund-te-ruhesh-nga-shirku-i-fshehte/" />
<meta property="og:locale" content="sq_AL" />
<meta property="og:type" content="article" />
<meta property="og:title" content="Si mund të ruhesh nga shirku i fshehtë?" />
<meta property="og:description" content="&quot;Mbani mend! Shirku nuk është të adhurosh vetëm idhujt prej guri. Kjo është një gjë shumë e trashë. ... një të mençuri i vjen turp nga një gjë e tillë. ...&quot;" />
<meta property="og:url" content="https://www.ahmadiyya-islam.org/al/videos/si-mund-te-ruhesh-nga-shirku-i-fshehte/" />
<meta property="og:site_name" content="Xhemati Musliman Ahmedia" />
<meta property="article:modified_time" content="2019-02-20T11:47:48+00:00" />
<meta property="og:image" content="https://www.ahmadiyya-islam.org/al/wp-content/uploads/sites/3/2018/09/si-mund-te-ruhesh-nga-shirku-i-f.jpg" />
	<meta property="og:image:width" content="480" />
	<meta property="og:image:height" content="360" />
	<meta property="og:image:type" content="image/jpeg" />
<meta name="twitter:card" content="summary_large_image" />
<script type="application/ld+json" class="yoast-schema-graph">{"@context":"https:\/\/schema.org","@graph":[{"@type":"WebPage","@id":"https:\/\/www.ahmadiyya-islam.org\/al\/videos\/si-mund-te-ruhesh-nga-shirku-i-fshehte\/","url":"https:\/\/www.ahmadiyya-islam.org\/al\/videos\/si-mund-te-ruhesh-nga-shirku-i-fshehte\/","name":"Si mund të ruhesh nga shirku i fshehtë?","isPartOf":{"@id":"https:\/\/www.ahmadiyya-islam.org\/al\/#website"},"primaryImageOfPage":{"@id":"https:\/\/www.ahmadiyya-islam.org\/al\/videos\/si-mund-te-ruhesh-nga-shirku-i-fshehte\/#primaryimage"},"image":{"@id":"https:\/\/www.ahmadiyya-islam.org\/al\/videos\/si-mund-te-ruhesh-nga-shirku-i-fshehte\/#primaryimage"},"thumbnailUrl":"https:\/\/www.ahmadiyya-islam.org\/al\/wp-content\/uploads\/sites\/3\/2018\/09\/si-mund-te-ruhesh-nga-shirku-i-f.jpg","datePublished":"2018-09-30T09:48:07+00:00","dateModified":"2019-02-20T11:47:48+00:00","description":"\"Mbani mend! Shirku nuk është të adhurosh vetëm idhujt prej guri. Kjo është një gjë shumë e trashë. ... një të mençuri i vjen turp nga një gjë e tillë. ...\"","breadcrumb":{"@id":"https:\/\/www.ahmadiyya-islam.org\/al\/videos\/si-mund-te-ruhesh-nga-shirku-i-fshehte\/#breadcrumb"},"inLanguage":"sq-AL","potentialAction":[{"@type":"ReadAction","target":["https:\/\/www.ahmadiyya-islam.org\/al\/videos\/si-mund-te-ruhesh-nga-shirku-i-fshehte\/"]}]},{"@type":"ImageObject","inLanguage":"sq-AL","@id":"https:\/\/www.ahmadiyya-islam.org\/al\/videos\/si-mund-te-ruhesh-nga-shirku-i-fshehte\/#primaryimage","url":"https:\/\/www.ahmadiyya-islam.org\/al\/wp-content\/uploads\/sites\/3\/2018\/09\/si-mund-te-ruhesh-nga-shirku-i-f.jpg","contentUrl":"https:\/\/www.ahmadiyya-islam.org\/al\/wp-content\/uploads\/sites\/3\/2018\/09\/si-mund-te-ruhesh-nga-shirku-i-f.jpg","width":480,"height":360},{"@type":"BreadcrumbList","@id":"https:\/\/www.ahmadiyya-islam.org\/al\/videos\/si-mund-te-ruhesh-nga-shirku-i-fshehte\/#breadcrumb","itemListElement":[{"@type":"ListItem","position":1,"name":"Home","item":"https:\/\/www.ahmadiyya-islam.org\/al\/"},{"@type":"ListItem","position":2,"name":"Videos","item":"https:\/\/www.ahmadiyya-islam.org\/al\/videos\/"},{"@type":"ListItem","position":3,"name":"Si mund të ruhesh nga shirku i fshehtë?"}]},{"@type":"WebSite","@id":"https:\/\/www.ahmadiyya-islam.org\/al\/#website","url":"https:\/\/www.ahmadiyya-islam.org\/al\/","name":"Xhemati Musliman Ahmedia","description":"Albania","potentialAction":[{"@type":"SearchAction","target":{"@type":"EntryPoint","urlTemplate":"https:\/\/www.ahmadiyya-islam.org\/al\/?s={search_term_string}"},"query-input":{"@type":"PropertyValueSpecification","valueRequired":true,"valueName":"search_term_string"}}],"inLanguage":"sq-AL"}]}</script>
<!-- / Yoast SEO Premium plugin. -->

"Mbani mend! Shirku nuk është të adhurosh vetëm idhujt prej guri. Kjo është një gjë shumë e trashë. ... një të mençuri i vjen turp nga një gjë e tillë. ..."
