{"id":700,"date":"2012-12-04T16:49:59","date_gmt":"2012-12-04T16:49:59","guid":{"rendered":"http:\/\/www.ahmadiyya-islam.org\/al\/?post_type=videos&#038;p=700"},"modified":"2019-02-20T11:52:09","modified_gmt":"2019-02-20T11:52:09","slug":"celesi-i-paqes-bashkimi-global-fjalim-i-kalifit-ne-parlamentin-european","status":"publish","type":"videos","link":"https:\/\/www.ahmadiyya-islam.org\/al\/videos\/celesi-i-paqes-bashkimi-global-fjalim-i-kalifit-ne-parlamentin-european\/","title":{"rendered":"\u00c7el\u00ebsi i paqes &#8211; bashkimi global &#8211; fjalim i Kalifit n\u00eb Parlamentin European"},"content":{"rendered":"<p>Fjalimi historik n\u00eb Parlamentin Europian, mbjtur nga Hazret Mirza Masroor Ahmedi, Udh\u00ebheq\u00ebsi bot\u00ebror i Xhematit Musliman Ahmedia dhe Kalifi V i Mesihut t\u00eb Premtuar a.s. m\u00eb 4 dhjetor 2012.<\/p>\n","protected":false},"excerpt":{"rendered":"<p>Fjalimi historik n\u00eb Parlamentin Europian, mbjtur nga Hazret Mirza Masroor Ahmedi, Udh\u00ebheq\u00ebsi bot\u00ebror i Xhematit Musliman Ahmedia dhe Kalifi V i Mesihut t\u00eb Premtuar a.s. m\u00eb 4 dhjetor 2012.<\/p>\n","protected":false},"featured_media":1494,"parent":0,"menu_order":18,"template":"","tags":[237,238],"authors":[458],"content_source":[],"class_list":["post-700","videos","type-videos","status-publish","has-post-thumbnail","hentry","tag-bashkimi-europian","tag-parlamenti-europian","topics-islami-dhe-paqja","topics-paqja-globale","topics-xhemati-musliman-ahmedia-nderkombetar","video-categories-fjalimet-e-kalifeve","country-city-bruksel","authors-hazret-mirza-masrur-ahmed"],"acf":[],"yoast_head":"<!-- This site is optimized with the Yoast SEO Premium plugin v21.1 (Yoast SEO v27.4) - https:\/\/yoast.com\/product\/yoast-seo-premium-wordpress\/ -->\n<title>\u00c7el\u00ebsi i paqes - bashkimi global - fjalim i Kalifit n\u00eb Parlamentin European<\/title>\n<meta name=\"robots\" content=\"index, follow, max-snippet:-1, max-image-preview:large, max-video-preview:-1\" \/>\n<link rel=\"canonical\" href=\"https:\/\/www.ahmadiyya-islam.org\/al\/videos\/celesi-i-paqes-bashkimi-global-fjalim-i-kalifit-ne-parlamentin-european\/\" \/>\n<meta property=\"og:locale\" content=\"sq_AL\" \/>\n<meta property=\"og:type\" content=\"article\" \/>\n<meta property=\"og:title\" content=\"\u00c7el\u00ebsi i paqes - bashkimi global - fjalim i Kalifit n\u00eb Parlamentin European\" \/>\n<meta property=\"og:description\" content=\"Fjalimi historik n\u00eb Parlamentin Europian, mbjtur nga Hazret Mirza Masroor Ahmedi, Udh\u00ebheq\u00ebsi bot\u00ebror i Xhematit Musliman Ahmedia dhe Kalifi V i Mesihut t\u00eb Premtuar a.s. m\u00eb 4 dhjetor 2012.\" \/>\n<meta property=\"og:url\" content=\"https:\/\/www.ahmadiyya-islam.org\/al\/videos\/celesi-i-paqes-bashkimi-global-fjalim-i-kalifit-ne-parlamentin-european\/\" \/>\n<meta property=\"og:site_name\" content=\"Xhemati Musliman Ahmedia\" \/>\n<meta property=\"article:modified_time\" content=\"2019-02-20T11:52:09+00:00\" \/>\n<meta property=\"og:image\" content=\"https:\/\/www.ahmadiyya-islam.org\/al\/wp-content\/uploads\/sites\/3\/2015\/05\/celesi-i-paqes-bashkimi-global-f.jpg\" \/>\n\t<meta property=\"og:image:width\" content=\"1280\" \/>\n\t<meta property=\"og:image:height\" content=\"720\" \/>\n\t<meta property=\"og:image:type\" content=\"image\/jpeg\" \/>\n<meta name=\"twitter:card\" content=\"summary_large_image\" \/>\n<script type=\"application\/ld+json\" class=\"yoast-schema-graph\">{\"@context\":\"https:\\\/\\\/schema.org\",\"@graph\":[{\"@type\":\"WebPage\",\"@id\":\"https:\\\/\\\/www.ahmadiyya-islam.org\\\/al\\\/videos\\\/celesi-i-paqes-bashkimi-global-fjalim-i-kalifit-ne-parlamentin-european\\\/\",\"url\":\"https:\\\/\\\/www.ahmadiyya-islam.org\\\/al\\\/videos\\\/celesi-i-paqes-bashkimi-global-fjalim-i-kalifit-ne-parlamentin-european\\\/\",\"name\":\"\u00c7el\u00ebsi i paqes - bashkimi global - fjalim i Kalifit n\u00eb Parlamentin European\",\"isPartOf\":{\"@id\":\"https:\\\/\\\/www.ahmadiyya-islam.org\\\/al\\\/#website\"},\"primaryImageOfPage\":{\"@id\":\"https:\\\/\\\/www.ahmadiyya-islam.org\\\/al\\\/videos\\\/celesi-i-paqes-bashkimi-global-fjalim-i-kalifit-ne-parlamentin-european\\\/#primaryimage\"},\"image\":{\"@id\":\"https:\\\/\\\/www.ahmadiyya-islam.org\\\/al\\\/videos\\\/celesi-i-paqes-bashkimi-global-fjalim-i-kalifit-ne-parlamentin-european\\\/#primaryimage\"},\"thumbnailUrl\":\"https:\\\/\\\/www.ahmadiyya-islam.org\\\/al\\\/wp-content\\\/uploads\\\/sites\\\/3\\\/2015\\\/05\\\/celesi-i-paqes-bashkimi-global-f.jpg\",\"datePublished\":\"2012-12-04T16:49:59+00:00\",\"dateModified\":\"2019-02-20T11:52:09+00:00\",\"breadcrumb\":{\"@id\":\"https:\\\/\\\/www.ahmadiyya-islam.org\\\/al\\\/videos\\\/celesi-i-paqes-bashkimi-global-fjalim-i-kalifit-ne-parlamentin-european\\\/#breadcrumb\"},\"inLanguage\":\"sq-AL\",\"potentialAction\":[{\"@type\":\"ReadAction\",\"target\":[\"https:\\\/\\\/www.ahmadiyya-islam.org\\\/al\\\/videos\\\/celesi-i-paqes-bashkimi-global-fjalim-i-kalifit-ne-parlamentin-european\\\/\"]}]},{\"@type\":\"ImageObject\",\"inLanguage\":\"sq-AL\",\"@id\":\"https:\\\/\\\/www.ahmadiyya-islam.org\\\/al\\\/videos\\\/celesi-i-paqes-bashkimi-global-fjalim-i-kalifit-ne-parlamentin-european\\\/#primaryimage\",\"url\":\"https:\\\/\\\/www.ahmadiyya-islam.org\\\/al\\\/wp-content\\\/uploads\\\/sites\\\/3\\\/2015\\\/05\\\/celesi-i-paqes-bashkimi-global-f.jpg\",\"contentUrl\":\"https:\\\/\\\/www.ahmadiyya-islam.org\\\/al\\\/wp-content\\\/uploads\\\/sites\\\/3\\\/2015\\\/05\\\/celesi-i-paqes-bashkimi-global-f.jpg\",\"width\":1280,\"height\":720},{\"@type\":\"BreadcrumbList\",\"@id\":\"https:\\\/\\\/www.ahmadiyya-islam.org\\\/al\\\/videos\\\/celesi-i-paqes-bashkimi-global-fjalim-i-kalifit-ne-parlamentin-european\\\/#breadcrumb\",\"itemListElement\":[{\"@type\":\"ListItem\",\"position\":1,\"name\":\"Home\",\"item\":\"https:\\\/\\\/www.ahmadiyya-islam.org\\\/al\\\/\"},{\"@type\":\"ListItem\",\"position\":2,\"name\":\"Videos\",\"item\":\"https:\\\/\\\/www.ahmadiyya-islam.org\\\/al\\\/videos\\\/\"},{\"@type\":\"ListItem\",\"position\":3,\"name\":\"\u00c7el\u00ebsi i paqes &#8211; bashkimi global &#8211; fjalim i Kalifit n\u00eb Parlamentin European\"}]},{\"@type\":\"WebSite\",\"@id\":\"https:\\\/\\\/www.ahmadiyya-islam.org\\\/al\\\/#website\",\"url\":\"https:\\\/\\\/www.ahmadiyya-islam.org\\\/al\\\/\",\"name\":\"Xhemati Musliman Ahmedia\",\"description\":\"Albania\",\"potentialAction\":[{\"@type\":\"SearchAction\",\"target\":{\"@type\":\"EntryPoint\",\"urlTemplate\":\"https:\\\/\\\/www.ahmadiyya-islam.org\\\/al\\\/?s={search_term_string}\"},\"query-input\":{\"@type\":\"PropertyValueSpecification\",\"valueRequired\":true,\"valueName\":\"search_term_string\"}}],\"inLanguage\":\"sq-AL\"}]}<\/script>\n<!-- \/ Yoast SEO Premium plugin. -->","yoast_head_json":{"title":"\u00c7el\u00ebsi i paqes - bashkimi global - fjalim i Kalifit n\u00eb Parlamentin European","robots":{"index":"index","follow":"follow","max-snippet":"max-snippet:-1","max-image-preview":"max-image-preview:large","max-video-preview":"max-video-preview:-1"},"canonical":"https:\/\/www.ahmadiyya-islam.org\/al\/videos\/celesi-i-paqes-bashkimi-global-fjalim-i-kalifit-ne-parlamentin-european\/","og_locale":"sq_AL","og_type":"article","og_title":"\u00c7el\u00ebsi i paqes - bashkimi global - fjalim i Kalifit n\u00eb Parlamentin European","og_description":"Fjalimi historik n\u00eb Parlamentin Europian, mbjtur nga Hazret Mirza Masroor Ahmedi, Udh\u00ebheq\u00ebsi bot\u00ebror i Xhematit Musliman Ahmedia dhe Kalifi V i Mesihut t\u00eb Premtuar a.s. m\u00eb 4 dhjetor 2012.","og_url":"https:\/\/www.ahmadiyya-islam.org\/al\/videos\/celesi-i-paqes-bashkimi-global-fjalim-i-kalifit-ne-parlamentin-european\/","og_site_name":"Xhemati Musliman Ahmedia","article_modified_time":"2019-02-20T11:52:09+00:00","og_image":[{"width":1280,"height":720,"url":"https:\/\/www.ahmadiyya-islam.org\/al\/wp-content\/uploads\/sites\/3\/2015\/05\/celesi-i-paqes-bashkimi-global-f.jpg","type":"image\/jpeg"}],"twitter_card":"summary_large_image","schema":{"@context":"https:\/\/schema.org","@graph":[{"@type":"WebPage","@id":"https:\/\/www.ahmadiyya-islam.org\/al\/videos\/celesi-i-paqes-bashkimi-global-fjalim-i-kalifit-ne-parlamentin-european\/","url":"https:\/\/www.ahmadiyya-islam.org\/al\/videos\/celesi-i-paqes-bashkimi-global-fjalim-i-kalifit-ne-parlamentin-european\/","name":"\u00c7el\u00ebsi i paqes - bashkimi global - fjalim i Kalifit n\u00eb Parlamentin European","isPartOf":{"@id":"https:\/\/www.ahmadiyya-islam.org\/al\/#website"},"primaryImageOfPage":{"@id":"https:\/\/www.ahmadiyya-islam.org\/al\/videos\/celesi-i-paqes-bashkimi-global-fjalim-i-kalifit-ne-parlamentin-european\/#primaryimage"},"image":{"@id":"https:\/\/www.ahmadiyya-islam.org\/al\/videos\/celesi-i-paqes-bashkimi-global-fjalim-i-kalifit-ne-parlamentin-european\/#primaryimage"},"thumbnailUrl":"https:\/\/www.ahmadiyya-islam.org\/al\/wp-content\/uploads\/sites\/3\/2015\/05\/celesi-i-paqes-bashkimi-global-f.jpg","datePublished":"2012-12-04T16:49:59+00:00","dateModified":"2019-02-20T11:52:09+00:00","breadcrumb":{"@id":"https:\/\/www.ahmadiyya-islam.org\/al\/videos\/celesi-i-paqes-bashkimi-global-fjalim-i-kalifit-ne-parlamentin-european\/#breadcrumb"},"inLanguage":"sq-AL","potentialAction":[{"@type":"ReadAction","target":["https:\/\/www.ahmadiyya-islam.org\/al\/videos\/celesi-i-paqes-bashkimi-global-fjalim-i-kalifit-ne-parlamentin-european\/"]}]},{"@type":"ImageObject","inLanguage":"sq-AL","@id":"https:\/\/www.ahmadiyya-islam.org\/al\/videos\/celesi-i-paqes-bashkimi-global-fjalim-i-kalifit-ne-parlamentin-european\/#primaryimage","url":"https:\/\/www.ahmadiyya-islam.org\/al\/wp-content\/uploads\/sites\/3\/2015\/05\/celesi-i-paqes-bashkimi-global-f.jpg","contentUrl":"https:\/\/www.ahmadiyya-islam.org\/al\/wp-content\/uploads\/sites\/3\/2015\/05\/celesi-i-paqes-bashkimi-global-f.jpg","width":1280,"height":720},{"@type":"BreadcrumbList","@id":"https:\/\/www.ahmadiyya-islam.org\/al\/videos\/celesi-i-paqes-bashkimi-global-fjalim-i-kalifit-ne-parlamentin-european\/#breadcrumb","itemListElement":[{"@type":"ListItem","position":1,"name":"Home","item":"https:\/\/www.ahmadiyya-islam.org\/al\/"},{"@type":"ListItem","position":2,"name":"Videos","item":"https:\/\/www.ahmadiyya-islam.org\/al\/videos\/"},{"@type":"ListItem","position":3,"name":"\u00c7el\u00ebsi i paqes &#8211; bashkimi global &#8211; fjalim i Kalifit n\u00eb Parlamentin European"}]},{"@type":"WebSite","@id":"https:\/\/www.ahmadiyya-islam.org\/al\/#website","url":"https:\/\/www.ahmadiyya-islam.org\/al\/","name":"Xhemati Musliman Ahmedia","description":"Albania","potentialAction":[{"@type":"SearchAction","target":{"@type":"EntryPoint","urlTemplate":"https:\/\/www.ahmadiyya-islam.org\/al\/?s={search_term_string}"},"query-input":{"@type":"PropertyValueSpecification","valueRequired":true,"valueName":"search_term_string"}}],"inLanguage":"sq-AL"}]}},"_links":{"self":[{"href":"https:\/\/www.ahmadiyya-islam.org\/al\/wp-json\/wp\/v2\/videos\/700","targetHints":{"allow":["GET"]}}],"collection":[{"href":"https:\/\/www.ahmadiyya-islam.org\/al\/wp-json\/wp\/v2\/videos"}],"about":[{"href":"https:\/\/www.ahmadiyya-islam.org\/al\/wp-json\/wp\/v2\/types\/videos"}],"version-history":[{"count":0,"href":"https:\/\/www.ahmadiyya-islam.org\/al\/wp-json\/wp\/v2\/videos\/700\/revisions"}],"wp:featuredmedia":[{"embeddable":true,"href":"https:\/\/www.ahmadiyya-islam.org\/al\/wp-json\/wp\/v2\/media\/1494"}],"wp:attachment":[{"href":"https:\/\/www.ahmadiyya-islam.org\/al\/wp-json\/wp\/v2\/media?parent=700"}],"wp:term":[{"taxonomy":"post_tag","embeddable":true,"href":"https:\/\/www.ahmadiyya-islam.org\/al\/wp-json\/wp\/v2\/tags?post=700"},{"taxonomy":"authors","embeddable":true,"href":"https:\/\/www.ahmadiyya-islam.org\/al\/wp-json\/wp\/v2\/authors?post=700"},{"taxonomy":"content_source","embeddable":true,"href":"https:\/\/www.ahmadiyya-islam.org\/al\/wp-json\/wp\/v2\/content_source?post=700"}],"curies":[{"name":"wp","href":"https:\/\/api.w.org\/{rel}","templated":true}]}}

Çelësi i paqes &#8211; bashkimi global &#8211; fjalim i Kalifit në Parlamentin European

<p>Fjalimi historik në Parlamentin Europian, mbjtur nga Hazret Mirza Masroor Ahmedi, Udhëheqësi botëror i Xhematit Musliman Ahmedia dhe Kalifi V i Mesihut të Premtuar a.s. më 4 dhjetor 2012.</p>

<!-- This site is optimized with the Yoast SEO Premium plugin v21.1 (Yoast SEO v27.4) - https://yoast.com/product/yoast-seo-premium-wordpress/ -->
<title>Çelësi i paqes - bashkimi global - fjalim i Kalifit në Parlamentin European</title>
<meta name="robots" content="index, follow, max-snippet:-1, max-image-preview:large, max-video-preview:-1" />
<link rel="canonical" href="https://www.ahmadiyya-islam.org/al/videos/celesi-i-paqes-bashkimi-global-fjalim-i-kalifit-ne-parlamentin-european/" />
<meta property="og:locale" content="sq_AL" />
<meta property="og:type" content="article" />
<meta property="og:title" content="Çelësi i paqes - bashkimi global - fjalim i Kalifit në Parlamentin European" />
<meta property="og:description" content="Fjalimi historik në Parlamentin Europian, mbjtur nga Hazret Mirza Masroor Ahmedi, Udhëheqësi botëror i Xhematit Musliman Ahmedia dhe Kalifi V i Mesihut të Premtuar a.s. më 4 dhjetor 2012." />
<meta property="og:url" content="https://www.ahmadiyya-islam.org/al/videos/celesi-i-paqes-bashkimi-global-fjalim-i-kalifit-ne-parlamentin-european/" />
<meta property="og:site_name" content="Xhemati Musliman Ahmedia" />
<meta property="article:modified_time" content="2019-02-20T11:52:09+00:00" />
<meta property="og:image" content="https://www.ahmadiyya-islam.org/al/wp-content/uploads/sites/3/2015/05/celesi-i-paqes-bashkimi-global-f.jpg" />
	<meta property="og:image:width" content="1280" />
	<meta property="og:image:height" content="720" />
	<meta property="og:image:type" content="image/jpeg" />
<meta name="twitter:card" content="summary_large_image" />
<script type="application/ld+json" class="yoast-schema-graph">{"@context":"https:\/\/schema.org","@graph":[{"@type":"WebPage","@id":"https:\/\/www.ahmadiyya-islam.org\/al\/videos\/celesi-i-paqes-bashkimi-global-fjalim-i-kalifit-ne-parlamentin-european\/","url":"https:\/\/www.ahmadiyya-islam.org\/al\/videos\/celesi-i-paqes-bashkimi-global-fjalim-i-kalifit-ne-parlamentin-european\/","name":"Çelësi i paqes - bashkimi global - fjalim i Kalifit në Parlamentin European","isPartOf":{"@id":"https:\/\/www.ahmadiyya-islam.org\/al\/#website"},"primaryImageOfPage":{"@id":"https:\/\/www.ahmadiyya-islam.org\/al\/videos\/celesi-i-paqes-bashkimi-global-fjalim-i-kalifit-ne-parlamentin-european\/#primaryimage"},"image":{"@id":"https:\/\/www.ahmadiyya-islam.org\/al\/videos\/celesi-i-paqes-bashkimi-global-fjalim-i-kalifit-ne-parlamentin-european\/#primaryimage"},"thumbnailUrl":"https:\/\/www.ahmadiyya-islam.org\/al\/wp-content\/uploads\/sites\/3\/2015\/05\/celesi-i-paqes-bashkimi-global-f.jpg","datePublished":"2012-12-04T16:49:59+00:00","dateModified":"2019-02-20T11:52:09+00:00","breadcrumb":{"@id":"https:\/\/www.ahmadiyya-islam.org\/al\/videos\/celesi-i-paqes-bashkimi-global-fjalim-i-kalifit-ne-parlamentin-european\/#breadcrumb"},"inLanguage":"sq-AL","potentialAction":[{"@type":"ReadAction","target":["https:\/\/www.ahmadiyya-islam.org\/al\/videos\/celesi-i-paqes-bashkimi-global-fjalim-i-kalifit-ne-parlamentin-european\/"]}]},{"@type":"ImageObject","inLanguage":"sq-AL","@id":"https:\/\/www.ahmadiyya-islam.org\/al\/videos\/celesi-i-paqes-bashkimi-global-fjalim-i-kalifit-ne-parlamentin-european\/#primaryimage","url":"https:\/\/www.ahmadiyya-islam.org\/al\/wp-content\/uploads\/sites\/3\/2015\/05\/celesi-i-paqes-bashkimi-global-f.jpg","contentUrl":"https:\/\/www.ahmadiyya-islam.org\/al\/wp-content\/uploads\/sites\/3\/2015\/05\/celesi-i-paqes-bashkimi-global-f.jpg","width":1280,"height":720},{"@type":"BreadcrumbList","@id":"https:\/\/www.ahmadiyya-islam.org\/al\/videos\/celesi-i-paqes-bashkimi-global-fjalim-i-kalifit-ne-parlamentin-european\/#breadcrumb","itemListElement":[{"@type":"ListItem","position":1,"name":"Home","item":"https:\/\/www.ahmadiyya-islam.org\/al\/"},{"@type":"ListItem","position":2,"name":"Videos","item":"https:\/\/www.ahmadiyya-islam.org\/al\/videos\/"},{"@type":"ListItem","position":3,"name":"Çelësi i paqes &#8211; bashkimi global &#8211; fjalim i Kalifit në Parlamentin European"}]},{"@type":"WebSite","@id":"https:\/\/www.ahmadiyya-islam.org\/al\/#website","url":"https:\/\/www.ahmadiyya-islam.org\/al\/","name":"Xhemati Musliman Ahmedia","description":"Albania","potentialAction":[{"@type":"SearchAction","target":{"@type":"EntryPoint","urlTemplate":"https:\/\/www.ahmadiyya-islam.org\/al\/?s={search_term_string}"},"query-input":{"@type":"PropertyValueSpecification","valueRequired":true,"valueName":"search_term_string"}}],"inLanguage":"sq-AL"}]}</script>
<!-- / Yoast SEO Premium plugin. -->

Çelësi i paqes - bashkimi global - fjalim i Kalifit në Parlamentin European

Fjalimi historik në Parlamentin Europian, mbjtur nga Hazret Mirza Masroor Ahmedi, Udhëheqësi botëror i Xhematit Musliman Ahmedia dhe Kalifi V i Mesihut të Premtuar a.s. më 4 dhjetor 2012.
