{"id":9310,"date":"2019-04-09T09:49:30","date_gmt":"2019-04-09T09:49:30","guid":{"rendered":"https:\/\/www.ahmadiyya-islam.org\/al\/?post_type=prayers&#038;p=9310"},"modified":"2019-04-09T09:49:30","modified_gmt":"2019-04-09T09:49:30","slug":"lutje-per-te-shpetuar-nga-e-keqja","status":"publish","type":"prayers","link":"https:\/\/www.ahmadiyya-islam.org\/al\/lutjet\/lutje-per-te-shpetuar-nga-e-keqja\/","title":{"rendered":"Lutje p\u00ebr t\u00eb shp\u00ebtuar nga e keqja"},"content":{"rendered":"<p>Hazret Imran Ibni Husajni r.a. rr\u00ebfen: I D\u00ebrguari i Allahut s.a.v.s. i kishte premtuar babait tim idhujtar q\u00eb, n\u00ebse do t\u00eb b\u00ebhej musliman, do t\u2019i m\u00ebsonte lutje shum\u00eb t\u00eb dobishme. Babai im kur u b\u00eb musliman ia kujtoi premtimin Profetit s.a.v.s.. At\u00ebher\u00eb Profeti s.a.v.s. i m\u00ebsoi k\u00ebt\u00eb lutje:<\/p>\n<p style=\"text-align: center\"><img loading=\"lazy\" decoding=\"async\" class=\"aligncenter size-full wp-image-9315\" src=\"https:\/\/www.ahmadiyya-islam.org\/al\/wp-content\/uploads\/sites\/3\/2019\/04\/lutje-per-shpetim.jpg\" alt=\"lutje per shpetim\" width=\"384\" height=\"104\" srcset=\"https:\/\/www.ahmadiyya-islam.org\/al\/wp-content\/uploads\/sites\/3\/2019\/04\/lutje-per-shpetim.jpg 384w, https:\/\/www.ahmadiyya-islam.org\/al\/wp-content\/uploads\/sites\/3\/2019\/04\/lutje-per-shpetim-300x81.jpg 300w\" sizes=\"auto, (max-width: 384px) 100vw, 384px\" \/><\/p>\n<blockquote><p><strong>O Allah! M\u00eb dikto udh\u00ebzimin dhe m\u00eb mbro nga e keqja e vetvetes.<\/strong><sup>[1]<\/sup><\/p><\/blockquote>\n<hr \/>\n<p><sup>[1]<\/sup>. Xhami\u2018u et-Tirmidhi, kitab \u201c<em>Ed-Da&#8217;vat<\/em>\u201d, hadithi nr. 3483.<\/p>\n","protected":false},"excerpt":{"rendered":"<p>Babai im kur u b\u00eb musliman ia kujtoi premtimin Profetit s.a.v.s.. At\u00ebher\u00eb Profeti s.a.v.s. i m\u00ebsoi k\u00ebt\u00eb lutje: O Allah! M\u00eb dikto udh\u00ebzimin.<\/p>\n","protected":false},"featured_media":3031,"parent":0,"template":"","tags":[],"authors":[481],"content_source":[],"class_list":["post-9310","prayers","type-prayers","status-publish","has-post-thumbnail","hentry","topics-pastertia","topics-veset","prayer-cat-lutjet-e-te-derguarit-te-allahut-s-a","authors-profeti-muhamed"],"acf":[],"yoast_head":"<!-- This site is optimized with the Yoast SEO Premium plugin v21.1 (Yoast SEO v27.4) - https:\/\/yoast.com\/product\/yoast-seo-premium-wordpress\/ -->\n<title>Lutje p\u00ebr t\u00eb shp\u00ebtuar nga e keqja<\/title>\n<meta name=\"description\" content=\"Babai im kur u b\u00eb musliman ia kujtoi premtimin Profetit s.a.v.s.. At\u00ebher\u00eb Profeti s.a.v.s. i m\u00ebsoi k\u00ebt\u00eb lutje: O Allah! M\u00eb dikto udh\u00ebzimin\" \/>\n<meta name=\"robots\" content=\"index, follow, max-snippet:-1, max-image-preview:large, max-video-preview:-1\" \/>\n<link rel=\"canonical\" href=\"https:\/\/www.ahmadiyya-islam.org\/al\/lutjet\/lutje-per-te-shpetuar-nga-e-keqja\/\" \/>\n<meta property=\"og:locale\" content=\"sq_AL\" \/>\n<meta property=\"og:type\" content=\"article\" \/>\n<meta property=\"og:title\" content=\"Lutje p\u00ebr t\u00eb shp\u00ebtuar nga e keqja\" \/>\n<meta property=\"og:description\" content=\"Babai im kur u b\u00eb musliman ia kujtoi premtimin Profetit s.a.v.s.. At\u00ebher\u00eb Profeti s.a.v.s. i m\u00ebsoi k\u00ebt\u00eb lutje: O Allah! M\u00eb dikto udh\u00ebzimin\" \/>\n<meta property=\"og:url\" content=\"https:\/\/www.ahmadiyya-islam.org\/al\/lutjet\/lutje-per-te-shpetuar-nga-e-keqja\/\" \/>\n<meta property=\"og:site_name\" content=\"Xhemati Musliman Ahmedia\" \/>\n<meta property=\"og:image\" content=\"https:\/\/www.ahmadiyya-islam.org\/al\/wp-content\/uploads\/sites\/3\/2015\/07\/Lutjet-e-Profetit-Muhammed-s.a..jpg\" \/>\n\t<meta property=\"og:image:width\" content=\"1200\" \/>\n\t<meta property=\"og:image:height\" content=\"600\" \/>\n\t<meta property=\"og:image:type\" content=\"image\/jpeg\" \/>\n<meta name=\"twitter:card\" content=\"summary_large_image\" \/>\n<script type=\"application\/ld+json\" class=\"yoast-schema-graph\">{\"@context\":\"https:\\\/\\\/schema.org\",\"@graph\":[{\"@type\":\"WebPage\",\"@id\":\"https:\\\/\\\/www.ahmadiyya-islam.org\\\/al\\\/lutjet\\\/lutje-per-te-shpetuar-nga-e-keqja\\\/\",\"url\":\"https:\\\/\\\/www.ahmadiyya-islam.org\\\/al\\\/lutjet\\\/lutje-per-te-shpetuar-nga-e-keqja\\\/\",\"name\":\"Lutje p\u00ebr t\u00eb shp\u00ebtuar nga e keqja\",\"isPartOf\":{\"@id\":\"https:\\\/\\\/www.ahmadiyya-islam.org\\\/al\\\/#website\"},\"primaryImageOfPage\":{\"@id\":\"https:\\\/\\\/www.ahmadiyya-islam.org\\\/al\\\/lutjet\\\/lutje-per-te-shpetuar-nga-e-keqja\\\/#primaryimage\"},\"image\":{\"@id\":\"https:\\\/\\\/www.ahmadiyya-islam.org\\\/al\\\/lutjet\\\/lutje-per-te-shpetuar-nga-e-keqja\\\/#primaryimage\"},\"thumbnailUrl\":\"https:\\\/\\\/www.ahmadiyya-islam.org\\\/al\\\/wp-content\\\/uploads\\\/sites\\\/3\\\/2015\\\/07\\\/Lutjet-e-Profetit-Muhammed-s.a..jpg\",\"datePublished\":\"2019-04-09T09:49:30+00:00\",\"description\":\"Babai im kur u b\u00eb musliman ia kujtoi premtimin Profetit s.a.v.s.. At\u00ebher\u00eb Profeti s.a.v.s. i m\u00ebsoi k\u00ebt\u00eb lutje: O Allah! M\u00eb dikto udh\u00ebzimin\",\"breadcrumb\":{\"@id\":\"https:\\\/\\\/www.ahmadiyya-islam.org\\\/al\\\/lutjet\\\/lutje-per-te-shpetuar-nga-e-keqja\\\/#breadcrumb\"},\"inLanguage\":\"sq-AL\",\"potentialAction\":[{\"@type\":\"ReadAction\",\"target\":[\"https:\\\/\\\/www.ahmadiyya-islam.org\\\/al\\\/lutjet\\\/lutje-per-te-shpetuar-nga-e-keqja\\\/\"]}]},{\"@type\":\"ImageObject\",\"inLanguage\":\"sq-AL\",\"@id\":\"https:\\\/\\\/www.ahmadiyya-islam.org\\\/al\\\/lutjet\\\/lutje-per-te-shpetuar-nga-e-keqja\\\/#primaryimage\",\"url\":\"https:\\\/\\\/www.ahmadiyya-islam.org\\\/al\\\/wp-content\\\/uploads\\\/sites\\\/3\\\/2015\\\/07\\\/Lutjet-e-Profetit-Muhammed-s.a..jpg\",\"contentUrl\":\"https:\\\/\\\/www.ahmadiyya-islam.org\\\/al\\\/wp-content\\\/uploads\\\/sites\\\/3\\\/2015\\\/07\\\/Lutjet-e-Profetit-Muhammed-s.a..jpg\",\"width\":1200,\"height\":600,\"caption\":\"lutje e Profetit\"},{\"@type\":\"BreadcrumbList\",\"@id\":\"https:\\\/\\\/www.ahmadiyya-islam.org\\\/al\\\/lutjet\\\/lutje-per-te-shpetuar-nga-e-keqja\\\/#breadcrumb\",\"itemListElement\":[{\"@type\":\"ListItem\",\"position\":1,\"name\":\"Home\",\"item\":\"https:\\\/\\\/www.ahmadiyya-islam.org\\\/al\\\/\"},{\"@type\":\"ListItem\",\"position\":2,\"name\":\"Lutjet\",\"item\":\"https:\\\/\\\/www.ahmadiyya-islam.org\\\/al\\\/lutjet\\\/\"},{\"@type\":\"ListItem\",\"position\":3,\"name\":\"Lutje p\u00ebr t\u00eb shp\u00ebtuar nga e keqja\"}]},{\"@type\":\"WebSite\",\"@id\":\"https:\\\/\\\/www.ahmadiyya-islam.org\\\/al\\\/#website\",\"url\":\"https:\\\/\\\/www.ahmadiyya-islam.org\\\/al\\\/\",\"name\":\"Xhemati Musliman Ahmedia\",\"description\":\"Albania\",\"potentialAction\":[{\"@type\":\"SearchAction\",\"target\":{\"@type\":\"EntryPoint\",\"urlTemplate\":\"https:\\\/\\\/www.ahmadiyya-islam.org\\\/al\\\/?s={search_term_string}\"},\"query-input\":{\"@type\":\"PropertyValueSpecification\",\"valueRequired\":true,\"valueName\":\"search_term_string\"}}],\"inLanguage\":\"sq-AL\"}]}<\/script>\n<!-- \/ Yoast SEO Premium plugin. -->","yoast_head_json":{"title":"Lutje p\u00ebr t\u00eb shp\u00ebtuar nga e keqja","description":"Babai im kur u b\u00eb musliman ia kujtoi premtimin Profetit s.a.v.s.. At\u00ebher\u00eb Profeti s.a.v.s. i m\u00ebsoi k\u00ebt\u00eb lutje: O Allah! M\u00eb dikto udh\u00ebzimin","robots":{"index":"index","follow":"follow","max-snippet":"max-snippet:-1","max-image-preview":"max-image-preview:large","max-video-preview":"max-video-preview:-1"},"canonical":"https:\/\/www.ahmadiyya-islam.org\/al\/lutjet\/lutje-per-te-shpetuar-nga-e-keqja\/","og_locale":"sq_AL","og_type":"article","og_title":"Lutje p\u00ebr t\u00eb shp\u00ebtuar nga e keqja","og_description":"Babai im kur u b\u00eb musliman ia kujtoi premtimin Profetit s.a.v.s.. At\u00ebher\u00eb Profeti s.a.v.s. i m\u00ebsoi k\u00ebt\u00eb lutje: O Allah! M\u00eb dikto udh\u00ebzimin","og_url":"https:\/\/www.ahmadiyya-islam.org\/al\/lutjet\/lutje-per-te-shpetuar-nga-e-keqja\/","og_site_name":"Xhemati Musliman Ahmedia","og_image":[{"width":1200,"height":600,"url":"https:\/\/www.ahmadiyya-islam.org\/al\/wp-content\/uploads\/sites\/3\/2015\/07\/Lutjet-e-Profetit-Muhammed-s.a..jpg","type":"image\/jpeg"}],"twitter_card":"summary_large_image","schema":{"@context":"https:\/\/schema.org","@graph":[{"@type":"WebPage","@id":"https:\/\/www.ahmadiyya-islam.org\/al\/lutjet\/lutje-per-te-shpetuar-nga-e-keqja\/","url":"https:\/\/www.ahmadiyya-islam.org\/al\/lutjet\/lutje-per-te-shpetuar-nga-e-keqja\/","name":"Lutje p\u00ebr t\u00eb shp\u00ebtuar nga e keqja","isPartOf":{"@id":"https:\/\/www.ahmadiyya-islam.org\/al\/#website"},"primaryImageOfPage":{"@id":"https:\/\/www.ahmadiyya-islam.org\/al\/lutjet\/lutje-per-te-shpetuar-nga-e-keqja\/#primaryimage"},"image":{"@id":"https:\/\/www.ahmadiyya-islam.org\/al\/lutjet\/lutje-per-te-shpetuar-nga-e-keqja\/#primaryimage"},"thumbnailUrl":"https:\/\/www.ahmadiyya-islam.org\/al\/wp-content\/uploads\/sites\/3\/2015\/07\/Lutjet-e-Profetit-Muhammed-s.a..jpg","datePublished":"2019-04-09T09:49:30+00:00","description":"Babai im kur u b\u00eb musliman ia kujtoi premtimin Profetit s.a.v.s.. At\u00ebher\u00eb Profeti s.a.v.s. i m\u00ebsoi k\u00ebt\u00eb lutje: O Allah! M\u00eb dikto udh\u00ebzimin","breadcrumb":{"@id":"https:\/\/www.ahmadiyya-islam.org\/al\/lutjet\/lutje-per-te-shpetuar-nga-e-keqja\/#breadcrumb"},"inLanguage":"sq-AL","potentialAction":[{"@type":"ReadAction","target":["https:\/\/www.ahmadiyya-islam.org\/al\/lutjet\/lutje-per-te-shpetuar-nga-e-keqja\/"]}]},{"@type":"ImageObject","inLanguage":"sq-AL","@id":"https:\/\/www.ahmadiyya-islam.org\/al\/lutjet\/lutje-per-te-shpetuar-nga-e-keqja\/#primaryimage","url":"https:\/\/www.ahmadiyya-islam.org\/al\/wp-content\/uploads\/sites\/3\/2015\/07\/Lutjet-e-Profetit-Muhammed-s.a..jpg","contentUrl":"https:\/\/www.ahmadiyya-islam.org\/al\/wp-content\/uploads\/sites\/3\/2015\/07\/Lutjet-e-Profetit-Muhammed-s.a..jpg","width":1200,"height":600,"caption":"lutje e Profetit"},{"@type":"BreadcrumbList","@id":"https:\/\/www.ahmadiyya-islam.org\/al\/lutjet\/lutje-per-te-shpetuar-nga-e-keqja\/#breadcrumb","itemListElement":[{"@type":"ListItem","position":1,"name":"Home","item":"https:\/\/www.ahmadiyya-islam.org\/al\/"},{"@type":"ListItem","position":2,"name":"Lutjet","item":"https:\/\/www.ahmadiyya-islam.org\/al\/lutjet\/"},{"@type":"ListItem","position":3,"name":"Lutje p\u00ebr t\u00eb shp\u00ebtuar nga e keqja"}]},{"@type":"WebSite","@id":"https:\/\/www.ahmadiyya-islam.org\/al\/#website","url":"https:\/\/www.ahmadiyya-islam.org\/al\/","name":"Xhemati Musliman Ahmedia","description":"Albania","potentialAction":[{"@type":"SearchAction","target":{"@type":"EntryPoint","urlTemplate":"https:\/\/www.ahmadiyya-islam.org\/al\/?s={search_term_string}"},"query-input":{"@type":"PropertyValueSpecification","valueRequired":true,"valueName":"search_term_string"}}],"inLanguage":"sq-AL"}]}},"_links":{"self":[{"href":"https:\/\/www.ahmadiyya-islam.org\/al\/wp-json\/wp\/v2\/prayers\/9310","targetHints":{"allow":["GET"]}}],"collection":[{"href":"https:\/\/www.ahmadiyya-islam.org\/al\/wp-json\/wp\/v2\/prayers"}],"about":[{"href":"https:\/\/www.ahmadiyya-islam.org\/al\/wp-json\/wp\/v2\/types\/prayers"}],"version-history":[{"count":0,"href":"https:\/\/www.ahmadiyya-islam.org\/al\/wp-json\/wp\/v2\/prayers\/9310\/revisions"}],"wp:featuredmedia":[{"embeddable":true,"href":"https:\/\/www.ahmadiyya-islam.org\/al\/wp-json\/wp\/v2\/media\/3031"}],"wp:attachment":[{"href":"https:\/\/www.ahmadiyya-islam.org\/al\/wp-json\/wp\/v2\/media?parent=9310"}],"wp:term":[{"taxonomy":"post_tag","embeddable":true,"href":"https:\/\/www.ahmadiyya-islam.org\/al\/wp-json\/wp\/v2\/tags?post=9310"},{"taxonomy":"authors","embeddable":true,"href":"https:\/\/www.ahmadiyya-islam.org\/al\/wp-json\/wp\/v2\/authors?post=9310"},{"taxonomy":"content_source","embeddable":true,"href":"https:\/\/www.ahmadiyya-islam.org\/al\/wp-json\/wp\/v2\/content_source?post=9310"}],"curies":[{"name":"wp","href":"https:\/\/api.w.org\/{rel}","templated":true}]}}

Lutje për të shpëtuar nga e keqja

<p>Hazret Imran Ibni Husajni r.a. rrëfen: I Dërguari i Allahut s.a.v.s. i kishte premtuar babait tim idhujtar që, nëse do të bëhej musliman, do t’i mësonte lutje shumë të dobishme. Babai im kur u bë musliman ia kujtoi premtimin Profetit s.a.v.s.. Atëherë Profeti s.a.v.s. i mësoi këtë lutje:</p>
<p style="text-align: center"><img loading="lazy" decoding="async" class="aligncenter size-full wp-image-9315" src="https://www.ahmadiyya-islam.org/al/wp-content/uploads/sites/3/2019/04/lutje-per-shpetim.jpg" alt="lutje per shpetim" width="384" height="104" srcset="https://www.ahmadiyya-islam.org/al/wp-content/uploads/sites/3/2019/04/lutje-per-shpetim.jpg 384w, https://www.ahmadiyya-islam.org/al/wp-content/uploads/sites/3/2019/04/lutje-per-shpetim-300x81.jpg 300w" sizes="auto, (max-width: 384px) 100vw, 384px" /></p>
<blockquote><p><strong>O Allah! Më dikto udhëzimin dhe më mbro nga e keqja e vetvetes.</strong><sup>[1]</sup></p></blockquote>
<hr />
<p><sup>[1]</sup>. Xhami‘u et-Tirmidhi, kitab “<em>Ed-Da&#8217;vat</em>”, hadithi nr. 3483.</p>

<p>Babai im kur u bë musliman ia kujtoi premtimin Profetit s.a.v.s.. Atëherë Profeti s.a.v.s. i mësoi këtë lutje: O Allah! Më dikto udhëzimin.</p>

<!-- This site is optimized with the Yoast SEO Premium plugin v21.1 (Yoast SEO v27.4) - https://yoast.com/product/yoast-seo-premium-wordpress/ -->
<title>Lutje për të shpëtuar nga e keqja</title>
<meta name="description" content="Babai im kur u bë musliman ia kujtoi premtimin Profetit s.a.v.s.. Atëherë Profeti s.a.v.s. i mësoi këtë lutje: O Allah! Më dikto udhëzimin" />
<meta name="robots" content="index, follow, max-snippet:-1, max-image-preview:large, max-video-preview:-1" />
<link rel="canonical" href="https://www.ahmadiyya-islam.org/al/lutjet/lutje-per-te-shpetuar-nga-e-keqja/" />
<meta property="og:locale" content="sq_AL" />
<meta property="og:type" content="article" />
<meta property="og:title" content="Lutje për të shpëtuar nga e keqja" />
<meta property="og:description" content="Babai im kur u bë musliman ia kujtoi premtimin Profetit s.a.v.s.. Atëherë Profeti s.a.v.s. i mësoi këtë lutje: O Allah! Më dikto udhëzimin" />
<meta property="og:url" content="https://www.ahmadiyya-islam.org/al/lutjet/lutje-per-te-shpetuar-nga-e-keqja/" />
<meta property="og:site_name" content="Xhemati Musliman Ahmedia" />
<meta property="og:image" content="https://www.ahmadiyya-islam.org/al/wp-content/uploads/sites/3/2015/07/Lutjet-e-Profetit-Muhammed-s.a..jpg" />
	<meta property="og:image:width" content="1200" />
	<meta property="og:image:height" content="600" />
	<meta property="og:image:type" content="image/jpeg" />
<meta name="twitter:card" content="summary_large_image" />
<script type="application/ld+json" class="yoast-schema-graph">{"@context":"https:\/\/schema.org","@graph":[{"@type":"WebPage","@id":"https:\/\/www.ahmadiyya-islam.org\/al\/lutjet\/lutje-per-te-shpetuar-nga-e-keqja\/","url":"https:\/\/www.ahmadiyya-islam.org\/al\/lutjet\/lutje-per-te-shpetuar-nga-e-keqja\/","name":"Lutje për të shpëtuar nga e keqja","isPartOf":{"@id":"https:\/\/www.ahmadiyya-islam.org\/al\/#website"},"primaryImageOfPage":{"@id":"https:\/\/www.ahmadiyya-islam.org\/al\/lutjet\/lutje-per-te-shpetuar-nga-e-keqja\/#primaryimage"},"image":{"@id":"https:\/\/www.ahmadiyya-islam.org\/al\/lutjet\/lutje-per-te-shpetuar-nga-e-keqja\/#primaryimage"},"thumbnailUrl":"https:\/\/www.ahmadiyya-islam.org\/al\/wp-content\/uploads\/sites\/3\/2015\/07\/Lutjet-e-Profetit-Muhammed-s.a..jpg","datePublished":"2019-04-09T09:49:30+00:00","description":"Babai im kur u bë musliman ia kujtoi premtimin Profetit s.a.v.s.. Atëherë Profeti s.a.v.s. i mësoi këtë lutje: O Allah! Më dikto udhëzimin","breadcrumb":{"@id":"https:\/\/www.ahmadiyya-islam.org\/al\/lutjet\/lutje-per-te-shpetuar-nga-e-keqja\/#breadcrumb"},"inLanguage":"sq-AL","potentialAction":[{"@type":"ReadAction","target":["https:\/\/www.ahmadiyya-islam.org\/al\/lutjet\/lutje-per-te-shpetuar-nga-e-keqja\/"]}]},{"@type":"ImageObject","inLanguage":"sq-AL","@id":"https:\/\/www.ahmadiyya-islam.org\/al\/lutjet\/lutje-per-te-shpetuar-nga-e-keqja\/#primaryimage","url":"https:\/\/www.ahmadiyya-islam.org\/al\/wp-content\/uploads\/sites\/3\/2015\/07\/Lutjet-e-Profetit-Muhammed-s.a..jpg","contentUrl":"https:\/\/www.ahmadiyya-islam.org\/al\/wp-content\/uploads\/sites\/3\/2015\/07\/Lutjet-e-Profetit-Muhammed-s.a..jpg","width":1200,"height":600,"caption":"lutje e Profetit"},{"@type":"BreadcrumbList","@id":"https:\/\/www.ahmadiyya-islam.org\/al\/lutjet\/lutje-per-te-shpetuar-nga-e-keqja\/#breadcrumb","itemListElement":[{"@type":"ListItem","position":1,"name":"Home","item":"https:\/\/www.ahmadiyya-islam.org\/al\/"},{"@type":"ListItem","position":2,"name":"Lutjet","item":"https:\/\/www.ahmadiyya-islam.org\/al\/lutjet\/"},{"@type":"ListItem","position":3,"name":"Lutje për të shpëtuar nga e keqja"}]},{"@type":"WebSite","@id":"https:\/\/www.ahmadiyya-islam.org\/al\/#website","url":"https:\/\/www.ahmadiyya-islam.org\/al\/","name":"Xhemati Musliman Ahmedia","description":"Albania","potentialAction":[{"@type":"SearchAction","target":{"@type":"EntryPoint","urlTemplate":"https:\/\/www.ahmadiyya-islam.org\/al\/?s={search_term_string}"},"query-input":{"@type":"PropertyValueSpecification","valueRequired":true,"valueName":"search_term_string"}}],"inLanguage":"sq-AL"}]}</script>
<!-- / Yoast SEO Premium plugin. -->

Babai im kur u bë musliman ia kujtoi premtimin Profetit s.a.v.s.. Atëherë Profeti s.a.v.s. i mësoi këtë lutje: O Allah! Më dikto udhëzimin
