{"id":9112,"date":"2019-03-30T12:09:26","date_gmt":"2019-03-30T12:09:26","guid":{"rendered":"https:\/\/www.ahmadiyya-islam.org\/al\/?post_type=prayers&#038;p=9112"},"modified":"2019-03-30T12:09:26","modified_gmt":"2019-03-30T12:09:26","slug":"lutja-e-atij-qe-shikon-nje-hallexhi","status":"publish","type":"prayers","link":"https:\/\/www.ahmadiyya-islam.org\/al\/lutjet\/lutja-e-atij-qe-shikon-nje-hallexhi\/","title":{"rendered":"Lutja e atij q\u00eb shikon nj\u00eb hallexhi"},"content":{"rendered":"<p>Hazret Omeri r.a. dhe Hazret Ebu Bekri r.a. thon\u00eb: Ai q\u00eb shikon ndonj\u00eb hallexhi, le t\u00eb b\u00ebj\u00eb lutjen e m\u00ebposhtme, sepse do t\u00eb jet\u00eb i mbrojtur nga v\u00ebshtir\u00ebsia e tij:<\/p>\n<p style=\"text-align: center\"><img loading=\"lazy\" decoding=\"async\" class=\"aligncenter size-full wp-image-9116\" src=\"https:\/\/www.ahmadiyya-islam.org\/al\/wp-content\/uploads\/sites\/3\/2019\/03\/lutje-per-hallexhiun.jpg\" alt=\"\" width=\"383\" height=\"117\" srcset=\"https:\/\/www.ahmadiyya-islam.org\/al\/wp-content\/uploads\/sites\/3\/2019\/03\/lutje-per-hallexhiun.jpg 383w, https:\/\/www.ahmadiyya-islam.org\/al\/wp-content\/uploads\/sites\/3\/2019\/03\/lutje-per-hallexhiun-300x92.jpg 300w\" sizes=\"auto, (max-width: 383px) 100vw, 383px\" \/><\/p>\n<blockquote><p><strong>Lavdia \u00ebsht\u00eb e Allahut q\u00eb m\u00eb ka mbrojtur nga ajo me t\u00eb cil\u00ebn po sprovohesh dhe m\u00eb dha ep\u00ebrsi mbi shum\u00eb nga krijesat e Tij.<\/strong><a href=\"#_ftn1\" name=\"_ftnref1\"><sup>[1]<\/sup><\/a><\/p><\/blockquote>\n<p><a href=\"#_ftnref1\" name=\"_ftn1\"><sup>[1]<\/sup><\/a>. Xhami\u2018u et-Tirmidhi, kitab \u201c<em>Ed-Da&#8217;vat<\/em>\u201d, bab \u201c<em>Ma jekulu isha re&#8217;a mubtela<\/em>\u201d, hadithi nr. 3431.<\/p>\n","protected":false},"excerpt":{"rendered":"<p>Lavdia \u00ebsht\u00eb e Allahut q\u00eb m\u00eb ka mbrojtur nga ajo me t\u00eb cil\u00ebn po sprovohesh dhe m\u00eb dha ep\u00ebrsi mbi shum\u00eb nga krijesat e Tij.<\/p>\n","protected":false},"featured_media":8785,"parent":0,"template":"","tags":[],"authors":[],"content_source":[],"class_list":["post-9112","prayers","type-prayers","status-publish","has-post-thumbnail","hentry","topics-bamiresia-humanizmi","topics-falenderimi","prayer-cat-lutjet-e-kalifeve"],"acf":[],"yoast_head":"<!-- This site is optimized with the Yoast SEO Premium plugin v21.1 (Yoast SEO v27.4) - https:\/\/yoast.com\/product\/yoast-seo-premium-wordpress\/ -->\n<title>Lutja e atij q\u00eb shikon nj\u00eb hallexhi<\/title>\n<meta name=\"description\" content=\"Lavdia \u00ebsht\u00eb e Allahut q\u00eb m\u00eb ka mbrojtur nga ajo me t\u00eb cil\u00ebn po sprovohesh dhe m\u00eb dha ep\u00ebrsi mbi shum\u00eb nga krijesat e Tij.\" \/>\n<meta name=\"robots\" content=\"index, follow, max-snippet:-1, max-image-preview:large, max-video-preview:-1\" \/>\n<link rel=\"canonical\" href=\"https:\/\/www.ahmadiyya-islam.org\/al\/lutjet\/lutja-e-atij-qe-shikon-nje-hallexhi\/\" \/>\n<meta property=\"og:locale\" content=\"sq_AL\" \/>\n<meta property=\"og:type\" content=\"article\" \/>\n<meta property=\"og:title\" content=\"Lutja e atij q\u00eb shikon nj\u00eb hallexhi\" \/>\n<meta property=\"og:description\" content=\"Lavdia \u00ebsht\u00eb e Allahut q\u00eb m\u00eb ka mbrojtur nga ajo me t\u00eb cil\u00ebn po sprovohesh dhe m\u00eb dha ep\u00ebrsi mbi shum\u00eb nga krijesat e Tij.\" \/>\n<meta property=\"og:url\" content=\"https:\/\/www.ahmadiyya-islam.org\/al\/lutjet\/lutja-e-atij-qe-shikon-nje-hallexhi\/\" \/>\n<meta property=\"og:site_name\" content=\"Xhemati Musliman Ahmedia\" \/>\n<meta property=\"og:image\" content=\"https:\/\/www.ahmadiyya-islam.org\/al\/wp-content\/uploads\/sites\/3\/2016\/05\/varferia-te-varfrit.jpg\" \/>\n\t<meta property=\"og:image:width\" content=\"1200\" \/>\n\t<meta property=\"og:image:height\" content=\"600\" \/>\n\t<meta property=\"og:image:type\" content=\"image\/jpeg\" \/>\n<meta name=\"twitter:card\" content=\"summary_large_image\" \/>\n<script type=\"application\/ld+json\" class=\"yoast-schema-graph\">{\"@context\":\"https:\\\/\\\/schema.org\",\"@graph\":[{\"@type\":\"WebPage\",\"@id\":\"https:\\\/\\\/www.ahmadiyya-islam.org\\\/al\\\/lutjet\\\/lutja-e-atij-qe-shikon-nje-hallexhi\\\/\",\"url\":\"https:\\\/\\\/www.ahmadiyya-islam.org\\\/al\\\/lutjet\\\/lutja-e-atij-qe-shikon-nje-hallexhi\\\/\",\"name\":\"Lutja e atij q\u00eb shikon nj\u00eb hallexhi\",\"isPartOf\":{\"@id\":\"https:\\\/\\\/www.ahmadiyya-islam.org\\\/al\\\/#website\"},\"primaryImageOfPage\":{\"@id\":\"https:\\\/\\\/www.ahmadiyya-islam.org\\\/al\\\/lutjet\\\/lutja-e-atij-qe-shikon-nje-hallexhi\\\/#primaryimage\"},\"image\":{\"@id\":\"https:\\\/\\\/www.ahmadiyya-islam.org\\\/al\\\/lutjet\\\/lutja-e-atij-qe-shikon-nje-hallexhi\\\/#primaryimage\"},\"thumbnailUrl\":\"https:\\\/\\\/www.ahmadiyya-islam.org\\\/al\\\/wp-content\\\/uploads\\\/sites\\\/3\\\/2016\\\/05\\\/varferia-te-varfrit.jpg\",\"datePublished\":\"2019-03-30T12:09:26+00:00\",\"description\":\"Lavdia \u00ebsht\u00eb e Allahut q\u00eb m\u00eb ka mbrojtur nga ajo me t\u00eb cil\u00ebn po sprovohesh dhe m\u00eb dha ep\u00ebrsi mbi shum\u00eb nga krijesat e Tij.\",\"breadcrumb\":{\"@id\":\"https:\\\/\\\/www.ahmadiyya-islam.org\\\/al\\\/lutjet\\\/lutja-e-atij-qe-shikon-nje-hallexhi\\\/#breadcrumb\"},\"inLanguage\":\"sq-AL\",\"potentialAction\":[{\"@type\":\"ReadAction\",\"target\":[\"https:\\\/\\\/www.ahmadiyya-islam.org\\\/al\\\/lutjet\\\/lutja-e-atij-qe-shikon-nje-hallexhi\\\/\"]}]},{\"@type\":\"ImageObject\",\"inLanguage\":\"sq-AL\",\"@id\":\"https:\\\/\\\/www.ahmadiyya-islam.org\\\/al\\\/lutjet\\\/lutja-e-atij-qe-shikon-nje-hallexhi\\\/#primaryimage\",\"url\":\"https:\\\/\\\/www.ahmadiyya-islam.org\\\/al\\\/wp-content\\\/uploads\\\/sites\\\/3\\\/2016\\\/05\\\/varferia-te-varfrit.jpg\",\"contentUrl\":\"https:\\\/\\\/www.ahmadiyya-islam.org\\\/al\\\/wp-content\\\/uploads\\\/sites\\\/3\\\/2016\\\/05\\\/varferia-te-varfrit.jpg\",\"width\":1200,\"height\":600,\"caption\":\"varferia te varfrit\"},{\"@type\":\"BreadcrumbList\",\"@id\":\"https:\\\/\\\/www.ahmadiyya-islam.org\\\/al\\\/lutjet\\\/lutja-e-atij-qe-shikon-nje-hallexhi\\\/#breadcrumb\",\"itemListElement\":[{\"@type\":\"ListItem\",\"position\":1,\"name\":\"Home\",\"item\":\"https:\\\/\\\/www.ahmadiyya-islam.org\\\/al\\\/\"},{\"@type\":\"ListItem\",\"position\":2,\"name\":\"Lutjet\",\"item\":\"https:\\\/\\\/www.ahmadiyya-islam.org\\\/al\\\/lutjet\\\/\"},{\"@type\":\"ListItem\",\"position\":3,\"name\":\"Lutja e atij q\u00eb shikon nj\u00eb hallexhi\"}]},{\"@type\":\"WebSite\",\"@id\":\"https:\\\/\\\/www.ahmadiyya-islam.org\\\/al\\\/#website\",\"url\":\"https:\\\/\\\/www.ahmadiyya-islam.org\\\/al\\\/\",\"name\":\"Xhemati Musliman Ahmedia\",\"description\":\"Albania\",\"potentialAction\":[{\"@type\":\"SearchAction\",\"target\":{\"@type\":\"EntryPoint\",\"urlTemplate\":\"https:\\\/\\\/www.ahmadiyya-islam.org\\\/al\\\/?s={search_term_string}\"},\"query-input\":{\"@type\":\"PropertyValueSpecification\",\"valueRequired\":true,\"valueName\":\"search_term_string\"}}],\"inLanguage\":\"sq-AL\"}]}<\/script>\n<!-- \/ Yoast SEO Premium plugin. -->","yoast_head_json":{"title":"Lutja e atij q\u00eb shikon nj\u00eb hallexhi","description":"Lavdia \u00ebsht\u00eb e Allahut q\u00eb m\u00eb ka mbrojtur nga ajo me t\u00eb cil\u00ebn po sprovohesh dhe m\u00eb dha ep\u00ebrsi mbi shum\u00eb nga krijesat e Tij.","robots":{"index":"index","follow":"follow","max-snippet":"max-snippet:-1","max-image-preview":"max-image-preview:large","max-video-preview":"max-video-preview:-1"},"canonical":"https:\/\/www.ahmadiyya-islam.org\/al\/lutjet\/lutja-e-atij-qe-shikon-nje-hallexhi\/","og_locale":"sq_AL","og_type":"article","og_title":"Lutja e atij q\u00eb shikon nj\u00eb hallexhi","og_description":"Lavdia \u00ebsht\u00eb e Allahut q\u00eb m\u00eb ka mbrojtur nga ajo me t\u00eb cil\u00ebn po sprovohesh dhe m\u00eb dha ep\u00ebrsi mbi shum\u00eb nga krijesat e Tij.","og_url":"https:\/\/www.ahmadiyya-islam.org\/al\/lutjet\/lutja-e-atij-qe-shikon-nje-hallexhi\/","og_site_name":"Xhemati Musliman Ahmedia","og_image":[{"width":1200,"height":600,"url":"https:\/\/www.ahmadiyya-islam.org\/al\/wp-content\/uploads\/sites\/3\/2016\/05\/varferia-te-varfrit.jpg","type":"image\/jpeg"}],"twitter_card":"summary_large_image","schema":{"@context":"https:\/\/schema.org","@graph":[{"@type":"WebPage","@id":"https:\/\/www.ahmadiyya-islam.org\/al\/lutjet\/lutja-e-atij-qe-shikon-nje-hallexhi\/","url":"https:\/\/www.ahmadiyya-islam.org\/al\/lutjet\/lutja-e-atij-qe-shikon-nje-hallexhi\/","name":"Lutja e atij q\u00eb shikon nj\u00eb hallexhi","isPartOf":{"@id":"https:\/\/www.ahmadiyya-islam.org\/al\/#website"},"primaryImageOfPage":{"@id":"https:\/\/www.ahmadiyya-islam.org\/al\/lutjet\/lutja-e-atij-qe-shikon-nje-hallexhi\/#primaryimage"},"image":{"@id":"https:\/\/www.ahmadiyya-islam.org\/al\/lutjet\/lutja-e-atij-qe-shikon-nje-hallexhi\/#primaryimage"},"thumbnailUrl":"https:\/\/www.ahmadiyya-islam.org\/al\/wp-content\/uploads\/sites\/3\/2016\/05\/varferia-te-varfrit.jpg","datePublished":"2019-03-30T12:09:26+00:00","description":"Lavdia \u00ebsht\u00eb e Allahut q\u00eb m\u00eb ka mbrojtur nga ajo me t\u00eb cil\u00ebn po sprovohesh dhe m\u00eb dha ep\u00ebrsi mbi shum\u00eb nga krijesat e Tij.","breadcrumb":{"@id":"https:\/\/www.ahmadiyya-islam.org\/al\/lutjet\/lutja-e-atij-qe-shikon-nje-hallexhi\/#breadcrumb"},"inLanguage":"sq-AL","potentialAction":[{"@type":"ReadAction","target":["https:\/\/www.ahmadiyya-islam.org\/al\/lutjet\/lutja-e-atij-qe-shikon-nje-hallexhi\/"]}]},{"@type":"ImageObject","inLanguage":"sq-AL","@id":"https:\/\/www.ahmadiyya-islam.org\/al\/lutjet\/lutja-e-atij-qe-shikon-nje-hallexhi\/#primaryimage","url":"https:\/\/www.ahmadiyya-islam.org\/al\/wp-content\/uploads\/sites\/3\/2016\/05\/varferia-te-varfrit.jpg","contentUrl":"https:\/\/www.ahmadiyya-islam.org\/al\/wp-content\/uploads\/sites\/3\/2016\/05\/varferia-te-varfrit.jpg","width":1200,"height":600,"caption":"varferia te varfrit"},{"@type":"BreadcrumbList","@id":"https:\/\/www.ahmadiyya-islam.org\/al\/lutjet\/lutja-e-atij-qe-shikon-nje-hallexhi\/#breadcrumb","itemListElement":[{"@type":"ListItem","position":1,"name":"Home","item":"https:\/\/www.ahmadiyya-islam.org\/al\/"},{"@type":"ListItem","position":2,"name":"Lutjet","item":"https:\/\/www.ahmadiyya-islam.org\/al\/lutjet\/"},{"@type":"ListItem","position":3,"name":"Lutja e atij q\u00eb shikon nj\u00eb hallexhi"}]},{"@type":"WebSite","@id":"https:\/\/www.ahmadiyya-islam.org\/al\/#website","url":"https:\/\/www.ahmadiyya-islam.org\/al\/","name":"Xhemati Musliman Ahmedia","description":"Albania","potentialAction":[{"@type":"SearchAction","target":{"@type":"EntryPoint","urlTemplate":"https:\/\/www.ahmadiyya-islam.org\/al\/?s={search_term_string}"},"query-input":{"@type":"PropertyValueSpecification","valueRequired":true,"valueName":"search_term_string"}}],"inLanguage":"sq-AL"}]}},"_links":{"self":[{"href":"https:\/\/www.ahmadiyya-islam.org\/al\/wp-json\/wp\/v2\/prayers\/9112","targetHints":{"allow":["GET"]}}],"collection":[{"href":"https:\/\/www.ahmadiyya-islam.org\/al\/wp-json\/wp\/v2\/prayers"}],"about":[{"href":"https:\/\/www.ahmadiyya-islam.org\/al\/wp-json\/wp\/v2\/types\/prayers"}],"version-history":[{"count":0,"href":"https:\/\/www.ahmadiyya-islam.org\/al\/wp-json\/wp\/v2\/prayers\/9112\/revisions"}],"wp:featuredmedia":[{"embeddable":true,"href":"https:\/\/www.ahmadiyya-islam.org\/al\/wp-json\/wp\/v2\/media\/8785"}],"wp:attachment":[{"href":"https:\/\/www.ahmadiyya-islam.org\/al\/wp-json\/wp\/v2\/media?parent=9112"}],"wp:term":[{"taxonomy":"post_tag","embeddable":true,"href":"https:\/\/www.ahmadiyya-islam.org\/al\/wp-json\/wp\/v2\/tags?post=9112"},{"taxonomy":"authors","embeddable":true,"href":"https:\/\/www.ahmadiyya-islam.org\/al\/wp-json\/wp\/v2\/authors?post=9112"},{"taxonomy":"content_source","embeddable":true,"href":"https:\/\/www.ahmadiyya-islam.org\/al\/wp-json\/wp\/v2\/content_source?post=9112"}],"curies":[{"name":"wp","href":"https:\/\/api.w.org\/{rel}","templated":true}]}}

Lutja e atij që shikon një hallexhi

<p>Hazret Omeri r.a. dhe Hazret Ebu Bekri r.a. thonë: Ai që shikon ndonjë hallexhi, le të bëjë lutjen e mëposhtme, sepse do të jetë i mbrojtur nga vështirësia e tij:</p>
<p style="text-align: center"><img loading="lazy" decoding="async" class="aligncenter size-full wp-image-9116" src="https://www.ahmadiyya-islam.org/al/wp-content/uploads/sites/3/2019/03/lutje-per-hallexhiun.jpg" alt="" width="383" height="117" srcset="https://www.ahmadiyya-islam.org/al/wp-content/uploads/sites/3/2019/03/lutje-per-hallexhiun.jpg 383w, https://www.ahmadiyya-islam.org/al/wp-content/uploads/sites/3/2019/03/lutje-per-hallexhiun-300x92.jpg 300w" sizes="auto, (max-width: 383px) 100vw, 383px" /></p>
<blockquote><p><strong>Lavdia është e Allahut që më ka mbrojtur nga ajo me të cilën po sprovohesh dhe më dha epërsi mbi shumë nga krijesat e Tij.</strong><a href="#_ftn1" name="_ftnref1"><sup>[1]</sup></a></p></blockquote>
<p><a href="#_ftnref1" name="_ftn1"><sup>[1]</sup></a>. Xhami‘u et-Tirmidhi, kitab “<em>Ed-Da&#8217;vat</em>”, bab “<em>Ma jekulu isha re&#8217;a mubtela</em>”, hadithi nr. 3431.</p>

<p>Lavdia është e Allahut që më ka mbrojtur nga ajo me të cilën po sprovohesh dhe më dha epërsi mbi shumë nga krijesat e Tij.</p>

<!-- This site is optimized with the Yoast SEO Premium plugin v21.1 (Yoast SEO v27.4) - https://yoast.com/product/yoast-seo-premium-wordpress/ -->
<title>Lutja e atij që shikon një hallexhi</title>
<meta name="description" content="Lavdia është e Allahut që më ka mbrojtur nga ajo me të cilën po sprovohesh dhe më dha epërsi mbi shumë nga krijesat e Tij." />
<meta name="robots" content="index, follow, max-snippet:-1, max-image-preview:large, max-video-preview:-1" />
<link rel="canonical" href="https://www.ahmadiyya-islam.org/al/lutjet/lutja-e-atij-qe-shikon-nje-hallexhi/" />
<meta property="og:locale" content="sq_AL" />
<meta property="og:type" content="article" />
<meta property="og:title" content="Lutja e atij që shikon një hallexhi" />
<meta property="og:description" content="Lavdia është e Allahut që më ka mbrojtur nga ajo me të cilën po sprovohesh dhe më dha epërsi mbi shumë nga krijesat e Tij." />
<meta property="og:url" content="https://www.ahmadiyya-islam.org/al/lutjet/lutja-e-atij-qe-shikon-nje-hallexhi/" />
<meta property="og:site_name" content="Xhemati Musliman Ahmedia" />
<meta property="og:image" content="https://www.ahmadiyya-islam.org/al/wp-content/uploads/sites/3/2016/05/varferia-te-varfrit.jpg" />
	<meta property="og:image:width" content="1200" />
	<meta property="og:image:height" content="600" />
	<meta property="og:image:type" content="image/jpeg" />
<meta name="twitter:card" content="summary_large_image" />
<script type="application/ld+json" class="yoast-schema-graph">{"@context":"https:\/\/schema.org","@graph":[{"@type":"WebPage","@id":"https:\/\/www.ahmadiyya-islam.org\/al\/lutjet\/lutja-e-atij-qe-shikon-nje-hallexhi\/","url":"https:\/\/www.ahmadiyya-islam.org\/al\/lutjet\/lutja-e-atij-qe-shikon-nje-hallexhi\/","name":"Lutja e atij që shikon një hallexhi","isPartOf":{"@id":"https:\/\/www.ahmadiyya-islam.org\/al\/#website"},"primaryImageOfPage":{"@id":"https:\/\/www.ahmadiyya-islam.org\/al\/lutjet\/lutja-e-atij-qe-shikon-nje-hallexhi\/#primaryimage"},"image":{"@id":"https:\/\/www.ahmadiyya-islam.org\/al\/lutjet\/lutja-e-atij-qe-shikon-nje-hallexhi\/#primaryimage"},"thumbnailUrl":"https:\/\/www.ahmadiyya-islam.org\/al\/wp-content\/uploads\/sites\/3\/2016\/05\/varferia-te-varfrit.jpg","datePublished":"2019-03-30T12:09:26+00:00","description":"Lavdia është e Allahut që më ka mbrojtur nga ajo me të cilën po sprovohesh dhe më dha epërsi mbi shumë nga krijesat e Tij.","breadcrumb":{"@id":"https:\/\/www.ahmadiyya-islam.org\/al\/lutjet\/lutja-e-atij-qe-shikon-nje-hallexhi\/#breadcrumb"},"inLanguage":"sq-AL","potentialAction":[{"@type":"ReadAction","target":["https:\/\/www.ahmadiyya-islam.org\/al\/lutjet\/lutja-e-atij-qe-shikon-nje-hallexhi\/"]}]},{"@type":"ImageObject","inLanguage":"sq-AL","@id":"https:\/\/www.ahmadiyya-islam.org\/al\/lutjet\/lutja-e-atij-qe-shikon-nje-hallexhi\/#primaryimage","url":"https:\/\/www.ahmadiyya-islam.org\/al\/wp-content\/uploads\/sites\/3\/2016\/05\/varferia-te-varfrit.jpg","contentUrl":"https:\/\/www.ahmadiyya-islam.org\/al\/wp-content\/uploads\/sites\/3\/2016\/05\/varferia-te-varfrit.jpg","width":1200,"height":600,"caption":"varferia te varfrit"},{"@type":"BreadcrumbList","@id":"https:\/\/www.ahmadiyya-islam.org\/al\/lutjet\/lutja-e-atij-qe-shikon-nje-hallexhi\/#breadcrumb","itemListElement":[{"@type":"ListItem","position":1,"name":"Home","item":"https:\/\/www.ahmadiyya-islam.org\/al\/"},{"@type":"ListItem","position":2,"name":"Lutjet","item":"https:\/\/www.ahmadiyya-islam.org\/al\/lutjet\/"},{"@type":"ListItem","position":3,"name":"Lutja e atij që shikon një hallexhi"}]},{"@type":"WebSite","@id":"https:\/\/www.ahmadiyya-islam.org\/al\/#website","url":"https:\/\/www.ahmadiyya-islam.org\/al\/","name":"Xhemati Musliman Ahmedia","description":"Albania","potentialAction":[{"@type":"SearchAction","target":{"@type":"EntryPoint","urlTemplate":"https:\/\/www.ahmadiyya-islam.org\/al\/?s={search_term_string}"},"query-input":{"@type":"PropertyValueSpecification","valueRequired":true,"valueName":"search_term_string"}}],"inLanguage":"sq-AL"}]}</script>
<!-- / Yoast SEO Premium plugin. -->

Lavdia është e Allahut që më ka mbrojtur nga ajo me të cilën po sprovohesh dhe më dha epërsi mbi shumë nga krijesat e Tij.
