{"id":8933,"date":"2019-03-18T17:24:31","date_gmt":"2019-03-18T17:24:31","guid":{"rendered":"https:\/\/www.ahmadiyya-islam.org\/al\/?post_type=prayers&#038;p=8933"},"modified":"2019-03-18T17:24:31","modified_gmt":"2019-03-18T17:24:31","slug":"lutja-e-popullit-te-musait-per-pendese","status":"publish","type":"prayers","link":"https:\/\/www.ahmadiyya-islam.org\/al\/lutjet\/lutja-e-popullit-te-musait-per-pendese\/","title":{"rendered":"Lutja e popullit t\u00eb Musait a.s. p\u00ebr pendes\u00eb"},"content":{"rendered":"<p>Gjat\u00eb munges\u00ebs s\u00eb Hazret Musait a.s., bijt\u00eb e Izraelit e b\u00ebn\u00eb vi\u00e7in Zot. Kur u kthye, Hazret Musai a.s. qortoi v\u00ebllan\u00eb e tij, Harunin, si dhe popullin e tij. Populli u pendua dhe b\u00ebri nj\u00eb lutje, t\u00eb cil\u00ebn mund ta quajm\u00eb \u201cLutja e popullit t\u00eb Musait a.s. p\u00ebr pendes\u00eb\u201d:<\/p>\n<p><span class=\"quranic\">\u0644\u064e\u0626\u0650\u0646\u06e1 \u0644\u0651\u064e\u0645\u06e1 \u06cc\u064e\u0631\u06e1\u062d\u064e\u0645\u06e1\u0646\u064e\u0627 \u0631\u064e\u0628\u0651\u064f\u0646\u064e\u0627 \u0648\u064e \u06cc\u064e\u063a\u06e1\u0641\u0650\u0631\u06e1 \u0644\u064e\u0646\u064e\u0627 \u0644\u064e\u0646\u064e\u06a9\u064f\u0648\u06e1\u0646\u064e\u0646\u0651\u064e \u0645\u0650\u0646\u064e \u0627\u0644\u06e1\u062e\u0670\u0633\u0650\u0631\u0650\u06cc\u06e1\u0646\u064e<\/span><\/p>\n<p style=\"text-align: center\"><strong>Zoti yn\u00eb, n\u00ebse nuk na m\u00ebshiron e nuk na fal, ne p\u00ebrnj\u00ebmend do t\u00eb jemi t\u00eb humbur.<a href=\"#_ftn1\" name=\"_ftnref1\"><sup>[1]<\/sup><\/a><\/strong><\/p>\n<p><a href=\"#_ftnref1\" name=\"_ftn1\"><sup>[1]<\/sup><\/a>. Kurani Fam\u00eblart\u00eb 7:150.<\/p>\n","protected":false},"excerpt":{"rendered":"<p>Kur u kthye, Hazret Musai a.s. qortoi v\u00ebllan\u00eb e tij, Harunin, si dhe popullin e tij. Populli u pendua dhe b\u00ebri nj\u00eb lutje.<\/p>\n","protected":false},"featured_media":8952,"parent":0,"template":"","tags":[193],"authors":[],"content_source":[],"class_list":["post-8933","prayers","type-prayers","status-publish","has-post-thumbnail","hentry","tag-hazret-musai-a-s","topics-lutja","topics-pendesa-tevbe","prayer-cat-lutjet-e-kuranit"],"acf":[],"yoast_head":"<!-- This site is optimized with the Yoast SEO Premium plugin v21.1 (Yoast SEO v27.4) - https:\/\/yoast.com\/product\/yoast-seo-premium-wordpress\/ -->\n<title>Lutja e popullit t\u00eb Musait a.s. p\u00ebr pendes\u00eb<\/title>\n<meta name=\"description\" content=\"Kur u kthye, Hazret Musai a.s. qortoi v\u00ebllan\u00eb e tij, Harunin, si dhe popullin e tij. Populli u pendua dhe b\u00ebri nj\u00eb lutje.\" \/>\n<meta name=\"robots\" content=\"index, follow, max-snippet:-1, max-image-preview:large, max-video-preview:-1\" \/>\n<link rel=\"canonical\" href=\"https:\/\/www.ahmadiyya-islam.org\/al\/lutjet\/lutja-e-popullit-te-musait-per-pendese\/\" \/>\n<meta property=\"og:locale\" content=\"sq_AL\" \/>\n<meta property=\"og:type\" content=\"article\" \/>\n<meta property=\"og:title\" content=\"Lutja e popullit t\u00eb Musait a.s. p\u00ebr pendes\u00eb\" \/>\n<meta property=\"og:description\" content=\"Kur u kthye, Hazret Musai a.s. qortoi v\u00ebllan\u00eb e tij, Harunin, si dhe popullin e tij. Populli u pendua dhe b\u00ebri nj\u00eb lutje.\" \/>\n<meta property=\"og:url\" content=\"https:\/\/www.ahmadiyya-islam.org\/al\/lutjet\/lutja-e-popullit-te-musait-per-pendese\/\" \/>\n<meta property=\"og:site_name\" content=\"Xhemati Musliman Ahmedia\" \/>\n<meta property=\"og:image\" content=\"https:\/\/www.ahmadiyya-islam.org\/al\/wp-content\/uploads\/sites\/3\/2019\/03\/Lutjet-e-Kuranit.jpg\" \/>\n\t<meta property=\"og:image:width\" content=\"1280\" \/>\n\t<meta property=\"og:image:height\" content=\"720\" \/>\n\t<meta property=\"og:image:type\" content=\"image\/jpeg\" \/>\n<meta name=\"twitter:card\" content=\"summary_large_image\" \/>\n<script type=\"application\/ld+json\" class=\"yoast-schema-graph\">{\"@context\":\"https:\\\/\\\/schema.org\",\"@graph\":[{\"@type\":\"WebPage\",\"@id\":\"https:\\\/\\\/www.ahmadiyya-islam.org\\\/al\\\/lutjet\\\/lutja-e-popullit-te-musait-per-pendese\\\/\",\"url\":\"https:\\\/\\\/www.ahmadiyya-islam.org\\\/al\\\/lutjet\\\/lutja-e-popullit-te-musait-per-pendese\\\/\",\"name\":\"Lutja e popullit t\u00eb Musait a.s. p\u00ebr pendes\u00eb\",\"isPartOf\":{\"@id\":\"https:\\\/\\\/www.ahmadiyya-islam.org\\\/al\\\/#website\"},\"primaryImageOfPage\":{\"@id\":\"https:\\\/\\\/www.ahmadiyya-islam.org\\\/al\\\/lutjet\\\/lutja-e-popullit-te-musait-per-pendese\\\/#primaryimage\"},\"image\":{\"@id\":\"https:\\\/\\\/www.ahmadiyya-islam.org\\\/al\\\/lutjet\\\/lutja-e-popullit-te-musait-per-pendese\\\/#primaryimage\"},\"thumbnailUrl\":\"https:\\\/\\\/www.ahmadiyya-islam.org\\\/al\\\/wp-content\\\/uploads\\\/sites\\\/3\\\/2019\\\/03\\\/Lutjet-e-Kuranit.jpg\",\"datePublished\":\"2019-03-18T17:24:31+00:00\",\"description\":\"Kur u kthye, Hazret Musai a.s. qortoi v\u00ebllan\u00eb e tij, Harunin, si dhe popullin e tij. Populli u pendua dhe b\u00ebri nj\u00eb lutje.\",\"breadcrumb\":{\"@id\":\"https:\\\/\\\/www.ahmadiyya-islam.org\\\/al\\\/lutjet\\\/lutja-e-popullit-te-musait-per-pendese\\\/#breadcrumb\"},\"inLanguage\":\"sq-AL\",\"potentialAction\":[{\"@type\":\"ReadAction\",\"target\":[\"https:\\\/\\\/www.ahmadiyya-islam.org\\\/al\\\/lutjet\\\/lutja-e-popullit-te-musait-per-pendese\\\/\"]}]},{\"@type\":\"ImageObject\",\"inLanguage\":\"sq-AL\",\"@id\":\"https:\\\/\\\/www.ahmadiyya-islam.org\\\/al\\\/lutjet\\\/lutja-e-popullit-te-musait-per-pendese\\\/#primaryimage\",\"url\":\"https:\\\/\\\/www.ahmadiyya-islam.org\\\/al\\\/wp-content\\\/uploads\\\/sites\\\/3\\\/2019\\\/03\\\/Lutjet-e-Kuranit.jpg\",\"contentUrl\":\"https:\\\/\\\/www.ahmadiyya-islam.org\\\/al\\\/wp-content\\\/uploads\\\/sites\\\/3\\\/2019\\\/03\\\/Lutjet-e-Kuranit.jpg\",\"width\":1280,\"height\":720,\"caption\":\"lutjet e kuranit lutja\"},{\"@type\":\"BreadcrumbList\",\"@id\":\"https:\\\/\\\/www.ahmadiyya-islam.org\\\/al\\\/lutjet\\\/lutja-e-popullit-te-musait-per-pendese\\\/#breadcrumb\",\"itemListElement\":[{\"@type\":\"ListItem\",\"position\":1,\"name\":\"Home\",\"item\":\"https:\\\/\\\/www.ahmadiyya-islam.org\\\/al\\\/\"},{\"@type\":\"ListItem\",\"position\":2,\"name\":\"Lutjet\",\"item\":\"https:\\\/\\\/www.ahmadiyya-islam.org\\\/al\\\/lutjet\\\/\"},{\"@type\":\"ListItem\",\"position\":3,\"name\":\"Lutja e popullit t\u00eb Musait a.s. p\u00ebr pendes\u00eb\"}]},{\"@type\":\"WebSite\",\"@id\":\"https:\\\/\\\/www.ahmadiyya-islam.org\\\/al\\\/#website\",\"url\":\"https:\\\/\\\/www.ahmadiyya-islam.org\\\/al\\\/\",\"name\":\"Xhemati Musliman Ahmedia\",\"description\":\"Albania\",\"potentialAction\":[{\"@type\":\"SearchAction\",\"target\":{\"@type\":\"EntryPoint\",\"urlTemplate\":\"https:\\\/\\\/www.ahmadiyya-islam.org\\\/al\\\/?s={search_term_string}\"},\"query-input\":{\"@type\":\"PropertyValueSpecification\",\"valueRequired\":true,\"valueName\":\"search_term_string\"}}],\"inLanguage\":\"sq-AL\"}]}<\/script>\n<!-- \/ Yoast SEO Premium plugin. -->","yoast_head_json":{"title":"Lutja e popullit t\u00eb Musait a.s. p\u00ebr pendes\u00eb","description":"Kur u kthye, Hazret Musai a.s. qortoi v\u00ebllan\u00eb e tij, Harunin, si dhe popullin e tij. Populli u pendua dhe b\u00ebri nj\u00eb lutje.","robots":{"index":"index","follow":"follow","max-snippet":"max-snippet:-1","max-image-preview":"max-image-preview:large","max-video-preview":"max-video-preview:-1"},"canonical":"https:\/\/www.ahmadiyya-islam.org\/al\/lutjet\/lutja-e-popullit-te-musait-per-pendese\/","og_locale":"sq_AL","og_type":"article","og_title":"Lutja e popullit t\u00eb Musait a.s. p\u00ebr pendes\u00eb","og_description":"Kur u kthye, Hazret Musai a.s. qortoi v\u00ebllan\u00eb e tij, Harunin, si dhe popullin e tij. Populli u pendua dhe b\u00ebri nj\u00eb lutje.","og_url":"https:\/\/www.ahmadiyya-islam.org\/al\/lutjet\/lutja-e-popullit-te-musait-per-pendese\/","og_site_name":"Xhemati Musliman Ahmedia","og_image":[{"width":1280,"height":720,"url":"https:\/\/www.ahmadiyya-islam.org\/al\/wp-content\/uploads\/sites\/3\/2019\/03\/Lutjet-e-Kuranit.jpg","type":"image\/jpeg"}],"twitter_card":"summary_large_image","schema":{"@context":"https:\/\/schema.org","@graph":[{"@type":"WebPage","@id":"https:\/\/www.ahmadiyya-islam.org\/al\/lutjet\/lutja-e-popullit-te-musait-per-pendese\/","url":"https:\/\/www.ahmadiyya-islam.org\/al\/lutjet\/lutja-e-popullit-te-musait-per-pendese\/","name":"Lutja e popullit t\u00eb Musait a.s. p\u00ebr pendes\u00eb","isPartOf":{"@id":"https:\/\/www.ahmadiyya-islam.org\/al\/#website"},"primaryImageOfPage":{"@id":"https:\/\/www.ahmadiyya-islam.org\/al\/lutjet\/lutja-e-popullit-te-musait-per-pendese\/#primaryimage"},"image":{"@id":"https:\/\/www.ahmadiyya-islam.org\/al\/lutjet\/lutja-e-popullit-te-musait-per-pendese\/#primaryimage"},"thumbnailUrl":"https:\/\/www.ahmadiyya-islam.org\/al\/wp-content\/uploads\/sites\/3\/2019\/03\/Lutjet-e-Kuranit.jpg","datePublished":"2019-03-18T17:24:31+00:00","description":"Kur u kthye, Hazret Musai a.s. qortoi v\u00ebllan\u00eb e tij, Harunin, si dhe popullin e tij. Populli u pendua dhe b\u00ebri nj\u00eb lutje.","breadcrumb":{"@id":"https:\/\/www.ahmadiyya-islam.org\/al\/lutjet\/lutja-e-popullit-te-musait-per-pendese\/#breadcrumb"},"inLanguage":"sq-AL","potentialAction":[{"@type":"ReadAction","target":["https:\/\/www.ahmadiyya-islam.org\/al\/lutjet\/lutja-e-popullit-te-musait-per-pendese\/"]}]},{"@type":"ImageObject","inLanguage":"sq-AL","@id":"https:\/\/www.ahmadiyya-islam.org\/al\/lutjet\/lutja-e-popullit-te-musait-per-pendese\/#primaryimage","url":"https:\/\/www.ahmadiyya-islam.org\/al\/wp-content\/uploads\/sites\/3\/2019\/03\/Lutjet-e-Kuranit.jpg","contentUrl":"https:\/\/www.ahmadiyya-islam.org\/al\/wp-content\/uploads\/sites\/3\/2019\/03\/Lutjet-e-Kuranit.jpg","width":1280,"height":720,"caption":"lutjet e kuranit lutja"},{"@type":"BreadcrumbList","@id":"https:\/\/www.ahmadiyya-islam.org\/al\/lutjet\/lutja-e-popullit-te-musait-per-pendese\/#breadcrumb","itemListElement":[{"@type":"ListItem","position":1,"name":"Home","item":"https:\/\/www.ahmadiyya-islam.org\/al\/"},{"@type":"ListItem","position":2,"name":"Lutjet","item":"https:\/\/www.ahmadiyya-islam.org\/al\/lutjet\/"},{"@type":"ListItem","position":3,"name":"Lutja e popullit t\u00eb Musait a.s. p\u00ebr pendes\u00eb"}]},{"@type":"WebSite","@id":"https:\/\/www.ahmadiyya-islam.org\/al\/#website","url":"https:\/\/www.ahmadiyya-islam.org\/al\/","name":"Xhemati Musliman Ahmedia","description":"Albania","potentialAction":[{"@type":"SearchAction","target":{"@type":"EntryPoint","urlTemplate":"https:\/\/www.ahmadiyya-islam.org\/al\/?s={search_term_string}"},"query-input":{"@type":"PropertyValueSpecification","valueRequired":true,"valueName":"search_term_string"}}],"inLanguage":"sq-AL"}]}},"_links":{"self":[{"href":"https:\/\/www.ahmadiyya-islam.org\/al\/wp-json\/wp\/v2\/prayers\/8933","targetHints":{"allow":["GET"]}}],"collection":[{"href":"https:\/\/www.ahmadiyya-islam.org\/al\/wp-json\/wp\/v2\/prayers"}],"about":[{"href":"https:\/\/www.ahmadiyya-islam.org\/al\/wp-json\/wp\/v2\/types\/prayers"}],"version-history":[{"count":0,"href":"https:\/\/www.ahmadiyya-islam.org\/al\/wp-json\/wp\/v2\/prayers\/8933\/revisions"}],"wp:featuredmedia":[{"embeddable":true,"href":"https:\/\/www.ahmadiyya-islam.org\/al\/wp-json\/wp\/v2\/media\/8952"}],"wp:attachment":[{"href":"https:\/\/www.ahmadiyya-islam.org\/al\/wp-json\/wp\/v2\/media?parent=8933"}],"wp:term":[{"taxonomy":"post_tag","embeddable":true,"href":"https:\/\/www.ahmadiyya-islam.org\/al\/wp-json\/wp\/v2\/tags?post=8933"},{"taxonomy":"authors","embeddable":true,"href":"https:\/\/www.ahmadiyya-islam.org\/al\/wp-json\/wp\/v2\/authors?post=8933"},{"taxonomy":"content_source","embeddable":true,"href":"https:\/\/www.ahmadiyya-islam.org\/al\/wp-json\/wp\/v2\/content_source?post=8933"}],"curies":[{"name":"wp","href":"https:\/\/api.w.org\/{rel}","templated":true}]}}

Lutja e popullit të Musait a.s. për pendesë

<p>Gjatë mungesës së Hazret Musait a.s., bijtë e Izraelit e bënë viçin Zot. Kur u kthye, Hazret Musai a.s. qortoi vëllanë e tij, Harunin, si dhe popullin e tij. Populli u pendua dhe bëri një lutje, të cilën mund ta quajmë “Lutja e popullit të Musait a.s. për pendesë”:</p>
<p><span class="quranic">لَئِنۡ لَّمۡ یَرۡحَمۡنَا رَبُّنَا وَ یَغۡفِرۡ لَنَا لَنَکُوۡنَنَّ مِنَ الۡخٰسِرِیۡنَ</span></p>
<p style="text-align: center"><strong>Zoti ynë, nëse nuk na mëshiron e nuk na fal, ne përnjëmend do të jemi të humbur.<a href="#_ftn1" name="_ftnref1"><sup>[1]</sup></a></strong></p>
<p><a href="#_ftnref1" name="_ftn1"><sup>[1]</sup></a>. Kurani Famëlartë 7:150.</p>

<p>Kur u kthye, Hazret Musai a.s. qortoi vëllanë e tij, Harunin, si dhe popullin e tij. Populli u pendua dhe bëri një lutje.</p>

<!-- This site is optimized with the Yoast SEO Premium plugin v21.1 (Yoast SEO v27.4) - https://yoast.com/product/yoast-seo-premium-wordpress/ -->
<title>Lutja e popullit të Musait a.s. për pendesë</title>
<meta name="description" content="Kur u kthye, Hazret Musai a.s. qortoi vëllanë e tij, Harunin, si dhe popullin e tij. Populli u pendua dhe bëri një lutje." />
<meta name="robots" content="index, follow, max-snippet:-1, max-image-preview:large, max-video-preview:-1" />
<link rel="canonical" href="https://www.ahmadiyya-islam.org/al/lutjet/lutja-e-popullit-te-musait-per-pendese/" />
<meta property="og:locale" content="sq_AL" />
<meta property="og:type" content="article" />
<meta property="og:title" content="Lutja e popullit të Musait a.s. për pendesë" />
<meta property="og:description" content="Kur u kthye, Hazret Musai a.s. qortoi vëllanë e tij, Harunin, si dhe popullin e tij. Populli u pendua dhe bëri një lutje." />
<meta property="og:url" content="https://www.ahmadiyya-islam.org/al/lutjet/lutja-e-popullit-te-musait-per-pendese/" />
<meta property="og:site_name" content="Xhemati Musliman Ahmedia" />
<meta property="og:image" content="https://www.ahmadiyya-islam.org/al/wp-content/uploads/sites/3/2019/03/Lutjet-e-Kuranit.jpg" />
	<meta property="og:image:width" content="1280" />
	<meta property="og:image:height" content="720" />
	<meta property="og:image:type" content="image/jpeg" />
<meta name="twitter:card" content="summary_large_image" />
<script type="application/ld+json" class="yoast-schema-graph">{"@context":"https:\/\/schema.org","@graph":[{"@type":"WebPage","@id":"https:\/\/www.ahmadiyya-islam.org\/al\/lutjet\/lutja-e-popullit-te-musait-per-pendese\/","url":"https:\/\/www.ahmadiyya-islam.org\/al\/lutjet\/lutja-e-popullit-te-musait-per-pendese\/","name":"Lutja e popullit të Musait a.s. për pendesë","isPartOf":{"@id":"https:\/\/www.ahmadiyya-islam.org\/al\/#website"},"primaryImageOfPage":{"@id":"https:\/\/www.ahmadiyya-islam.org\/al\/lutjet\/lutja-e-popullit-te-musait-per-pendese\/#primaryimage"},"image":{"@id":"https:\/\/www.ahmadiyya-islam.org\/al\/lutjet\/lutja-e-popullit-te-musait-per-pendese\/#primaryimage"},"thumbnailUrl":"https:\/\/www.ahmadiyya-islam.org\/al\/wp-content\/uploads\/sites\/3\/2019\/03\/Lutjet-e-Kuranit.jpg","datePublished":"2019-03-18T17:24:31+00:00","description":"Kur u kthye, Hazret Musai a.s. qortoi vëllanë e tij, Harunin, si dhe popullin e tij. Populli u pendua dhe bëri një lutje.","breadcrumb":{"@id":"https:\/\/www.ahmadiyya-islam.org\/al\/lutjet\/lutja-e-popullit-te-musait-per-pendese\/#breadcrumb"},"inLanguage":"sq-AL","potentialAction":[{"@type":"ReadAction","target":["https:\/\/www.ahmadiyya-islam.org\/al\/lutjet\/lutja-e-popullit-te-musait-per-pendese\/"]}]},{"@type":"ImageObject","inLanguage":"sq-AL","@id":"https:\/\/www.ahmadiyya-islam.org\/al\/lutjet\/lutja-e-popullit-te-musait-per-pendese\/#primaryimage","url":"https:\/\/www.ahmadiyya-islam.org\/al\/wp-content\/uploads\/sites\/3\/2019\/03\/Lutjet-e-Kuranit.jpg","contentUrl":"https:\/\/www.ahmadiyya-islam.org\/al\/wp-content\/uploads\/sites\/3\/2019\/03\/Lutjet-e-Kuranit.jpg","width":1280,"height":720,"caption":"lutjet e kuranit lutja"},{"@type":"BreadcrumbList","@id":"https:\/\/www.ahmadiyya-islam.org\/al\/lutjet\/lutja-e-popullit-te-musait-per-pendese\/#breadcrumb","itemListElement":[{"@type":"ListItem","position":1,"name":"Home","item":"https:\/\/www.ahmadiyya-islam.org\/al\/"},{"@type":"ListItem","position":2,"name":"Lutjet","item":"https:\/\/www.ahmadiyya-islam.org\/al\/lutjet\/"},{"@type":"ListItem","position":3,"name":"Lutja e popullit të Musait a.s. për pendesë"}]},{"@type":"WebSite","@id":"https:\/\/www.ahmadiyya-islam.org\/al\/#website","url":"https:\/\/www.ahmadiyya-islam.org\/al\/","name":"Xhemati Musliman Ahmedia","description":"Albania","potentialAction":[{"@type":"SearchAction","target":{"@type":"EntryPoint","urlTemplate":"https:\/\/www.ahmadiyya-islam.org\/al\/?s={search_term_string}"},"query-input":{"@type":"PropertyValueSpecification","valueRequired":true,"valueName":"search_term_string"}}],"inLanguage":"sq-AL"}]}</script>
<!-- / Yoast SEO Premium plugin. -->

Kur u kthye, Hazret Musai a.s. qortoi vëllanë e tij, Harunin, si dhe popullin e tij. Populli u pendua dhe bëri një lutje.
