{"id":8905,"date":"2019-03-16T20:27:34","date_gmt":"2019-03-16T20:27:34","guid":{"rendered":"https:\/\/www.ahmadiyya-islam.org\/al\/?post_type=prayers&#038;p=8905"},"modified":"2019-03-16T20:31:21","modified_gmt":"2019-03-16T20:31:21","slug":"lutje-e-sinqerte-e-hazret-musait","status":"publish","type":"prayers","link":"https:\/\/www.ahmadiyya-islam.org\/al\/lutjet\/lutje-e-sinqerte-e-hazret-musait\/","title":{"rendered":"Lutje e sinqert\u00eb e Hazret Musait a.s."},"content":{"rendered":"<p>Hazret Musai a.s. s\u00eb bashku me shtat\u00ebdhjet\u00eb besimtar\u00eb shkuan rr\u00ebz\u00eb malit Turi Sina, ashtu si\u00e7 ishin porositur nga Zoti i Madh\u00ebrish\u00ebm. Por, aty ra t\u00ebrmet. Hazret Musai a.s. mendoi se ishte nj\u00eb nd\u00ebshkim nga Zoti, p\u00ebr shkak t\u00eb <em>shirkut<\/em> q\u00eb kishte b\u00ebr\u00eb populli i tij dhe p\u00ebr k\u00ebt\u00eb iu lut Atij:<\/p>\n<p style=\"text-align: center\"><span class=\"quranic\">\u00a0\u0627\u064e\u0646\u06e1\u062a\u064e \u0648\u064e\u0644\u0650\u06cc\u0651\u064f\u0646\u064e\u0627 \u0641\u064e\u0627\u063a\u06e1\u0641\u0650\u0631\u06e1 \u0644\u064e\u0646\u064e\u0627 \u0648\u064e \u0627\u0631\u06e1\u062d\u064e\u0645\u06e1\u0646\u064e\u0627 \u0648\u064e \u0627\u064e\u0646\u06e1\u062a\u064e \u062e\u064e\u06cc\u06e1\u0631\u064f \u0627\u0644\u06e1\u063a\u0670\u0641\u0650\u0631\u0650\u06cc\u06e1\u0646\u064e\u00a0<\/span><\/p>\n<blockquote><p><strong>Ti je Miku yn\u00eb! Falna dhe m\u00ebshirona, sepse Ti je M\u00ebkatfal\u00ebsi m\u00eb i mir\u00eb.<a href=\"#_ftn1\" name=\"_ftnref1\"><sup>[1]<\/sup><\/a><\/strong><\/p><\/blockquote>\n<hr \/>\n<p><a href=\"#_ftnref1\" name=\"_ftn1\"><sup>[1]<\/sup><\/a>. Kurani Fam\u00eblart\u00eb 7:156.<\/p>\n","protected":false},"excerpt":{"rendered":"<p>Hazret Musai a.s. s\u00eb bashku me shtat\u00ebdhjet\u00eb besimtar\u00eb shkuan rr\u00ebz\u00eb malit Tur, ashtu si\u00e7 ishin porositur nga Zoti i Madh\u00ebrish\u00ebm. Por, aty ra t\u00ebrmet &#8230;<\/p>\n","protected":false},"featured_media":8952,"parent":0,"template":"","tags":[193,504],"authors":[],"content_source":[],"class_list":["post-8905","prayers","type-prayers","status-publish","has-post-thumbnail","hentry","tag-hazret-musai-a-s","tag-shirku","topics-lutja","prayer-cat-lutjet-e-kuranit"],"acf":[],"yoast_head":"<!-- This site is optimized with the Yoast SEO Premium plugin v21.1 (Yoast SEO v27.4) - https:\/\/yoast.com\/product\/yoast-seo-premium-wordpress\/ -->\n<title>Lutje e sinqert\u00eb e Hazret Musait a.s.<\/title>\n<meta name=\"description\" content=\"Hazret Musai a.s. s\u00eb bashku me shtat\u00ebdhjet\u00eb besimtar\u00eb shkuan rr\u00ebz\u00eb malit Turi Sina, ashtu si\u00e7 ishin porositur nga Zoti i Madh\u00ebrish\u00ebm. Por, aty ra t\u00ebrmet ...\" \/>\n<meta name=\"robots\" content=\"index, follow, max-snippet:-1, max-image-preview:large, max-video-preview:-1\" \/>\n<link rel=\"canonical\" href=\"https:\/\/www.ahmadiyya-islam.org\/al\/lutjet\/lutje-e-sinqerte-e-hazret-musait\/\" \/>\n<meta property=\"og:locale\" content=\"sq_AL\" \/>\n<meta property=\"og:type\" content=\"article\" \/>\n<meta property=\"og:title\" content=\"Lutje e sinqert\u00eb e Hazret Musait a.s.\" \/>\n<meta property=\"og:description\" content=\"Hazret Musai a.s. s\u00eb bashku me shtat\u00ebdhjet\u00eb besimtar\u00eb shkuan rr\u00ebz\u00eb malit Turi Sina, ashtu si\u00e7 ishin porositur nga Zoti i Madh\u00ebrish\u00ebm. Por, aty ra t\u00ebrmet ...\" \/>\n<meta property=\"og:url\" content=\"https:\/\/www.ahmadiyya-islam.org\/al\/lutjet\/lutje-e-sinqerte-e-hazret-musait\/\" \/>\n<meta property=\"og:site_name\" content=\"Xhemati Musliman Ahmedia\" \/>\n<meta property=\"article:modified_time\" content=\"2019-03-16T20:31:21+00:00\" \/>\n<meta property=\"og:image\" content=\"https:\/\/www.ahmadiyya-islam.org\/al\/wp-content\/uploads\/sites\/3\/2019\/03\/Lutjet-e-Kuranit.jpg\" \/>\n\t<meta property=\"og:image:width\" content=\"1280\" \/>\n\t<meta property=\"og:image:height\" content=\"720\" \/>\n\t<meta property=\"og:image:type\" content=\"image\/jpeg\" \/>\n<meta name=\"twitter:card\" content=\"summary_large_image\" \/>\n<script type=\"application\/ld+json\" class=\"yoast-schema-graph\">{\"@context\":\"https:\\\/\\\/schema.org\",\"@graph\":[{\"@type\":\"WebPage\",\"@id\":\"https:\\\/\\\/www.ahmadiyya-islam.org\\\/al\\\/lutjet\\\/lutje-e-sinqerte-e-hazret-musait\\\/\",\"url\":\"https:\\\/\\\/www.ahmadiyya-islam.org\\\/al\\\/lutjet\\\/lutje-e-sinqerte-e-hazret-musait\\\/\",\"name\":\"Lutje e sinqert\u00eb e Hazret Musait a.s.\",\"isPartOf\":{\"@id\":\"https:\\\/\\\/www.ahmadiyya-islam.org\\\/al\\\/#website\"},\"primaryImageOfPage\":{\"@id\":\"https:\\\/\\\/www.ahmadiyya-islam.org\\\/al\\\/lutjet\\\/lutje-e-sinqerte-e-hazret-musait\\\/#primaryimage\"},\"image\":{\"@id\":\"https:\\\/\\\/www.ahmadiyya-islam.org\\\/al\\\/lutjet\\\/lutje-e-sinqerte-e-hazret-musait\\\/#primaryimage\"},\"thumbnailUrl\":\"https:\\\/\\\/www.ahmadiyya-islam.org\\\/al\\\/wp-content\\\/uploads\\\/sites\\\/3\\\/2019\\\/03\\\/Lutjet-e-Kuranit.jpg\",\"datePublished\":\"2019-03-16T20:27:34+00:00\",\"dateModified\":\"2019-03-16T20:31:21+00:00\",\"description\":\"Hazret Musai a.s. s\u00eb bashku me shtat\u00ebdhjet\u00eb besimtar\u00eb shkuan rr\u00ebz\u00eb malit Turi Sina, ashtu si\u00e7 ishin porositur nga Zoti i Madh\u00ebrish\u00ebm. Por, aty ra t\u00ebrmet ...\",\"breadcrumb\":{\"@id\":\"https:\\\/\\\/www.ahmadiyya-islam.org\\\/al\\\/lutjet\\\/lutje-e-sinqerte-e-hazret-musait\\\/#breadcrumb\"},\"inLanguage\":\"sq-AL\",\"potentialAction\":[{\"@type\":\"ReadAction\",\"target\":[\"https:\\\/\\\/www.ahmadiyya-islam.org\\\/al\\\/lutjet\\\/lutje-e-sinqerte-e-hazret-musait\\\/\"]}]},{\"@type\":\"ImageObject\",\"inLanguage\":\"sq-AL\",\"@id\":\"https:\\\/\\\/www.ahmadiyya-islam.org\\\/al\\\/lutjet\\\/lutje-e-sinqerte-e-hazret-musait\\\/#primaryimage\",\"url\":\"https:\\\/\\\/www.ahmadiyya-islam.org\\\/al\\\/wp-content\\\/uploads\\\/sites\\\/3\\\/2019\\\/03\\\/Lutjet-e-Kuranit.jpg\",\"contentUrl\":\"https:\\\/\\\/www.ahmadiyya-islam.org\\\/al\\\/wp-content\\\/uploads\\\/sites\\\/3\\\/2019\\\/03\\\/Lutjet-e-Kuranit.jpg\",\"width\":1280,\"height\":720,\"caption\":\"lutjet e kuranit lutja\"},{\"@type\":\"BreadcrumbList\",\"@id\":\"https:\\\/\\\/www.ahmadiyya-islam.org\\\/al\\\/lutjet\\\/lutje-e-sinqerte-e-hazret-musait\\\/#breadcrumb\",\"itemListElement\":[{\"@type\":\"ListItem\",\"position\":1,\"name\":\"Home\",\"item\":\"https:\\\/\\\/www.ahmadiyya-islam.org\\\/al\\\/\"},{\"@type\":\"ListItem\",\"position\":2,\"name\":\"Lutjet\",\"item\":\"https:\\\/\\\/www.ahmadiyya-islam.org\\\/al\\\/lutjet\\\/\"},{\"@type\":\"ListItem\",\"position\":3,\"name\":\"Lutje e sinqert\u00eb e Hazret Musait a.s.\"}]},{\"@type\":\"WebSite\",\"@id\":\"https:\\\/\\\/www.ahmadiyya-islam.org\\\/al\\\/#website\",\"url\":\"https:\\\/\\\/www.ahmadiyya-islam.org\\\/al\\\/\",\"name\":\"Xhemati Musliman Ahmedia\",\"description\":\"Albania\",\"potentialAction\":[{\"@type\":\"SearchAction\",\"target\":{\"@type\":\"EntryPoint\",\"urlTemplate\":\"https:\\\/\\\/www.ahmadiyya-islam.org\\\/al\\\/?s={search_term_string}\"},\"query-input\":{\"@type\":\"PropertyValueSpecification\",\"valueRequired\":true,\"valueName\":\"search_term_string\"}}],\"inLanguage\":\"sq-AL\"}]}<\/script>\n<!-- \/ Yoast SEO Premium plugin. -->","yoast_head_json":{"title":"Lutje e sinqert\u00eb e Hazret Musait a.s.","description":"Hazret Musai a.s. s\u00eb bashku me shtat\u00ebdhjet\u00eb besimtar\u00eb shkuan rr\u00ebz\u00eb malit Turi Sina, ashtu si\u00e7 ishin porositur nga Zoti i Madh\u00ebrish\u00ebm. Por, aty ra t\u00ebrmet ...","robots":{"index":"index","follow":"follow","max-snippet":"max-snippet:-1","max-image-preview":"max-image-preview:large","max-video-preview":"max-video-preview:-1"},"canonical":"https:\/\/www.ahmadiyya-islam.org\/al\/lutjet\/lutje-e-sinqerte-e-hazret-musait\/","og_locale":"sq_AL","og_type":"article","og_title":"Lutje e sinqert\u00eb e Hazret Musait a.s.","og_description":"Hazret Musai a.s. s\u00eb bashku me shtat\u00ebdhjet\u00eb besimtar\u00eb shkuan rr\u00ebz\u00eb malit Turi Sina, ashtu si\u00e7 ishin porositur nga Zoti i Madh\u00ebrish\u00ebm. Por, aty ra t\u00ebrmet ...","og_url":"https:\/\/www.ahmadiyya-islam.org\/al\/lutjet\/lutje-e-sinqerte-e-hazret-musait\/","og_site_name":"Xhemati Musliman Ahmedia","article_modified_time":"2019-03-16T20:31:21+00:00","og_image":[{"width":1280,"height":720,"url":"https:\/\/www.ahmadiyya-islam.org\/al\/wp-content\/uploads\/sites\/3\/2019\/03\/Lutjet-e-Kuranit.jpg","type":"image\/jpeg"}],"twitter_card":"summary_large_image","schema":{"@context":"https:\/\/schema.org","@graph":[{"@type":"WebPage","@id":"https:\/\/www.ahmadiyya-islam.org\/al\/lutjet\/lutje-e-sinqerte-e-hazret-musait\/","url":"https:\/\/www.ahmadiyya-islam.org\/al\/lutjet\/lutje-e-sinqerte-e-hazret-musait\/","name":"Lutje e sinqert\u00eb e Hazret Musait a.s.","isPartOf":{"@id":"https:\/\/www.ahmadiyya-islam.org\/al\/#website"},"primaryImageOfPage":{"@id":"https:\/\/www.ahmadiyya-islam.org\/al\/lutjet\/lutje-e-sinqerte-e-hazret-musait\/#primaryimage"},"image":{"@id":"https:\/\/www.ahmadiyya-islam.org\/al\/lutjet\/lutje-e-sinqerte-e-hazret-musait\/#primaryimage"},"thumbnailUrl":"https:\/\/www.ahmadiyya-islam.org\/al\/wp-content\/uploads\/sites\/3\/2019\/03\/Lutjet-e-Kuranit.jpg","datePublished":"2019-03-16T20:27:34+00:00","dateModified":"2019-03-16T20:31:21+00:00","description":"Hazret Musai a.s. s\u00eb bashku me shtat\u00ebdhjet\u00eb besimtar\u00eb shkuan rr\u00ebz\u00eb malit Turi Sina, ashtu si\u00e7 ishin porositur nga Zoti i Madh\u00ebrish\u00ebm. Por, aty ra t\u00ebrmet ...","breadcrumb":{"@id":"https:\/\/www.ahmadiyya-islam.org\/al\/lutjet\/lutje-e-sinqerte-e-hazret-musait\/#breadcrumb"},"inLanguage":"sq-AL","potentialAction":[{"@type":"ReadAction","target":["https:\/\/www.ahmadiyya-islam.org\/al\/lutjet\/lutje-e-sinqerte-e-hazret-musait\/"]}]},{"@type":"ImageObject","inLanguage":"sq-AL","@id":"https:\/\/www.ahmadiyya-islam.org\/al\/lutjet\/lutje-e-sinqerte-e-hazret-musait\/#primaryimage","url":"https:\/\/www.ahmadiyya-islam.org\/al\/wp-content\/uploads\/sites\/3\/2019\/03\/Lutjet-e-Kuranit.jpg","contentUrl":"https:\/\/www.ahmadiyya-islam.org\/al\/wp-content\/uploads\/sites\/3\/2019\/03\/Lutjet-e-Kuranit.jpg","width":1280,"height":720,"caption":"lutjet e kuranit lutja"},{"@type":"BreadcrumbList","@id":"https:\/\/www.ahmadiyya-islam.org\/al\/lutjet\/lutje-e-sinqerte-e-hazret-musait\/#breadcrumb","itemListElement":[{"@type":"ListItem","position":1,"name":"Home","item":"https:\/\/www.ahmadiyya-islam.org\/al\/"},{"@type":"ListItem","position":2,"name":"Lutjet","item":"https:\/\/www.ahmadiyya-islam.org\/al\/lutjet\/"},{"@type":"ListItem","position":3,"name":"Lutje e sinqert\u00eb e Hazret Musait a.s."}]},{"@type":"WebSite","@id":"https:\/\/www.ahmadiyya-islam.org\/al\/#website","url":"https:\/\/www.ahmadiyya-islam.org\/al\/","name":"Xhemati Musliman Ahmedia","description":"Albania","potentialAction":[{"@type":"SearchAction","target":{"@type":"EntryPoint","urlTemplate":"https:\/\/www.ahmadiyya-islam.org\/al\/?s={search_term_string}"},"query-input":{"@type":"PropertyValueSpecification","valueRequired":true,"valueName":"search_term_string"}}],"inLanguage":"sq-AL"}]}},"_links":{"self":[{"href":"https:\/\/www.ahmadiyya-islam.org\/al\/wp-json\/wp\/v2\/prayers\/8905","targetHints":{"allow":["GET"]}}],"collection":[{"href":"https:\/\/www.ahmadiyya-islam.org\/al\/wp-json\/wp\/v2\/prayers"}],"about":[{"href":"https:\/\/www.ahmadiyya-islam.org\/al\/wp-json\/wp\/v2\/types\/prayers"}],"version-history":[{"count":0,"href":"https:\/\/www.ahmadiyya-islam.org\/al\/wp-json\/wp\/v2\/prayers\/8905\/revisions"}],"wp:featuredmedia":[{"embeddable":true,"href":"https:\/\/www.ahmadiyya-islam.org\/al\/wp-json\/wp\/v2\/media\/8952"}],"wp:attachment":[{"href":"https:\/\/www.ahmadiyya-islam.org\/al\/wp-json\/wp\/v2\/media?parent=8905"}],"wp:term":[{"taxonomy":"post_tag","embeddable":true,"href":"https:\/\/www.ahmadiyya-islam.org\/al\/wp-json\/wp\/v2\/tags?post=8905"},{"taxonomy":"authors","embeddable":true,"href":"https:\/\/www.ahmadiyya-islam.org\/al\/wp-json\/wp\/v2\/authors?post=8905"},{"taxonomy":"content_source","embeddable":true,"href":"https:\/\/www.ahmadiyya-islam.org\/al\/wp-json\/wp\/v2\/content_source?post=8905"}],"curies":[{"name":"wp","href":"https:\/\/api.w.org\/{rel}","templated":true}]}}

Lutje e sinqertë e Hazret Musait a.s.

<p>Hazret Musai a.s. së bashku me shtatëdhjetë besimtarë shkuan rrëzë malit Turi Sina, ashtu siç ishin porositur nga Zoti i Madhërishëm. Por, aty ra tërmet. Hazret Musai a.s. mendoi se ishte një ndëshkim nga Zoti, për shkak të <em>shirkut</em> që kishte bërë populli i tij dhe për këtë iu lut Atij:</p>
<p style="text-align: center"><span class="quranic"> اَنۡتَ وَلِیُّنَا فَاغۡفِرۡ لَنَا وَ ارۡحَمۡنَا وَ اَنۡتَ خَیۡرُ الۡغٰفِرِیۡنَ </span></p>
<blockquote><p><strong>Ti je Miku ynë! Falna dhe mëshirona, sepse Ti je Mëkatfalësi më i mirë.<a href="#_ftn1" name="_ftnref1"><sup>[1]</sup></a></strong></p></blockquote>
<hr />
<p><a href="#_ftnref1" name="_ftn1"><sup>[1]</sup></a>. Kurani Famëlartë 7:156.</p>

<p>Hazret Musai a.s. së bashku me shtatëdhjetë besimtarë shkuan rrëzë malit Tur, ashtu siç ishin porositur nga Zoti i Madhërishëm. Por, aty ra tërmet &#8230;</p>

<!-- This site is optimized with the Yoast SEO Premium plugin v21.1 (Yoast SEO v27.4) - https://yoast.com/product/yoast-seo-premium-wordpress/ -->
<title>Lutje e sinqertë e Hazret Musait a.s.</title>
<meta name="description" content="Hazret Musai a.s. së bashku me shtatëdhjetë besimtarë shkuan rrëzë malit Turi Sina, ashtu siç ishin porositur nga Zoti i Madhërishëm. Por, aty ra tërmet ..." />
<meta name="robots" content="index, follow, max-snippet:-1, max-image-preview:large, max-video-preview:-1" />
<link rel="canonical" href="https://www.ahmadiyya-islam.org/al/lutjet/lutje-e-sinqerte-e-hazret-musait/" />
<meta property="og:locale" content="sq_AL" />
<meta property="og:type" content="article" />
<meta property="og:title" content="Lutje e sinqertë e Hazret Musait a.s." />
<meta property="og:description" content="Hazret Musai a.s. së bashku me shtatëdhjetë besimtarë shkuan rrëzë malit Turi Sina, ashtu siç ishin porositur nga Zoti i Madhërishëm. Por, aty ra tërmet ..." />
<meta property="og:url" content="https://www.ahmadiyya-islam.org/al/lutjet/lutje-e-sinqerte-e-hazret-musait/" />
<meta property="og:site_name" content="Xhemati Musliman Ahmedia" />
<meta property="article:modified_time" content="2019-03-16T20:31:21+00:00" />
<meta property="og:image" content="https://www.ahmadiyya-islam.org/al/wp-content/uploads/sites/3/2019/03/Lutjet-e-Kuranit.jpg" />
	<meta property="og:image:width" content="1280" />
	<meta property="og:image:height" content="720" />
	<meta property="og:image:type" content="image/jpeg" />
<meta name="twitter:card" content="summary_large_image" />
<script type="application/ld+json" class="yoast-schema-graph">{"@context":"https:\/\/schema.org","@graph":[{"@type":"WebPage","@id":"https:\/\/www.ahmadiyya-islam.org\/al\/lutjet\/lutje-e-sinqerte-e-hazret-musait\/","url":"https:\/\/www.ahmadiyya-islam.org\/al\/lutjet\/lutje-e-sinqerte-e-hazret-musait\/","name":"Lutje e sinqertë e Hazret Musait a.s.","isPartOf":{"@id":"https:\/\/www.ahmadiyya-islam.org\/al\/#website"},"primaryImageOfPage":{"@id":"https:\/\/www.ahmadiyya-islam.org\/al\/lutjet\/lutje-e-sinqerte-e-hazret-musait\/#primaryimage"},"image":{"@id":"https:\/\/www.ahmadiyya-islam.org\/al\/lutjet\/lutje-e-sinqerte-e-hazret-musait\/#primaryimage"},"thumbnailUrl":"https:\/\/www.ahmadiyya-islam.org\/al\/wp-content\/uploads\/sites\/3\/2019\/03\/Lutjet-e-Kuranit.jpg","datePublished":"2019-03-16T20:27:34+00:00","dateModified":"2019-03-16T20:31:21+00:00","description":"Hazret Musai a.s. së bashku me shtatëdhjetë besimtarë shkuan rrëzë malit Turi Sina, ashtu siç ishin porositur nga Zoti i Madhërishëm. Por, aty ra tërmet ...","breadcrumb":{"@id":"https:\/\/www.ahmadiyya-islam.org\/al\/lutjet\/lutje-e-sinqerte-e-hazret-musait\/#breadcrumb"},"inLanguage":"sq-AL","potentialAction":[{"@type":"ReadAction","target":["https:\/\/www.ahmadiyya-islam.org\/al\/lutjet\/lutje-e-sinqerte-e-hazret-musait\/"]}]},{"@type":"ImageObject","inLanguage":"sq-AL","@id":"https:\/\/www.ahmadiyya-islam.org\/al\/lutjet\/lutje-e-sinqerte-e-hazret-musait\/#primaryimage","url":"https:\/\/www.ahmadiyya-islam.org\/al\/wp-content\/uploads\/sites\/3\/2019\/03\/Lutjet-e-Kuranit.jpg","contentUrl":"https:\/\/www.ahmadiyya-islam.org\/al\/wp-content\/uploads\/sites\/3\/2019\/03\/Lutjet-e-Kuranit.jpg","width":1280,"height":720,"caption":"lutjet e kuranit lutja"},{"@type":"BreadcrumbList","@id":"https:\/\/www.ahmadiyya-islam.org\/al\/lutjet\/lutje-e-sinqerte-e-hazret-musait\/#breadcrumb","itemListElement":[{"@type":"ListItem","position":1,"name":"Home","item":"https:\/\/www.ahmadiyya-islam.org\/al\/"},{"@type":"ListItem","position":2,"name":"Lutjet","item":"https:\/\/www.ahmadiyya-islam.org\/al\/lutjet\/"},{"@type":"ListItem","position":3,"name":"Lutje e sinqertë e Hazret Musait a.s."}]},{"@type":"WebSite","@id":"https:\/\/www.ahmadiyya-islam.org\/al\/#website","url":"https:\/\/www.ahmadiyya-islam.org\/al\/","name":"Xhemati Musliman Ahmedia","description":"Albania","potentialAction":[{"@type":"SearchAction","target":{"@type":"EntryPoint","urlTemplate":"https:\/\/www.ahmadiyya-islam.org\/al\/?s={search_term_string}"},"query-input":{"@type":"PropertyValueSpecification","valueRequired":true,"valueName":"search_term_string"}}],"inLanguage":"sq-AL"}]}</script>
<!-- / Yoast SEO Premium plugin. -->

Hazret Musai a.s. së bashku me shtatëdhjetë besimtarë shkuan rrëzë malit Turi Sina, ashtu siç ishin porositur nga Zoti i Madhërishëm. Por, aty ra tërmet ...
