{"id":6503,"date":"2016-05-09T14:14:13","date_gmt":"2016-05-09T14:14:13","guid":{"rendered":"https:\/\/www.ahmadiyya-islam.org\/al\/?post_type=books&#038;p=6503"},"modified":"2019-02-17T21:25:37","modified_gmt":"2019-02-17T21:25:37","slug":"vrasje-ne-emer-te-allahut","status":"publish","type":"books","link":"https:\/\/www.ahmadiyya-islam.org\/al\/librat\/vrasje-ne-emer-te-allahut\/","title":{"rendered":"Vrasje n\u00eb em\u00ebr t\u00eb Allahut"},"content":{"rendered":"<p>A fillon historia jon\u00eb me mallkimin e v\u00ebllavrasjes? Ky \u00ebsht\u00eb nj\u00eb tregim i p\u00ebrgjaksh\u00ebm i vrasjes, i mbytjes dhe i torturave n\u00eb \u00e7do ngjarje. \u00cbsht\u00eb derdhur aq gjak gjat\u00eb t\u00ebr\u00eb historis\u00eb sa q\u00eb e t\u00ebr\u00eb bota mund t\u00eb ngjyrosej n\u00eb t\u00eb kuqe &#8211; bile shumica e gjakut do t\u00eb tepronte. Kur do t\u00eb pushoj\u00eb njeriu s\u00eb vrari njeriun? A do t\u00eb shuhet ndonj\u00ebher\u00eb etja e tij p\u00ebr gjak?<\/p>\n","protected":false},"featured_media":6504,"parent":0,"template":"","tags":[],"authors":[457],"class_list":["post-6503","books","type-books","status-publish","has-post-thumbnail","hentry","topics-terrorizmi","topics-xhihadi","book-types-libra","authors-hazret-mirza-tahir-ahmedi"],"acf":[],"yoast_head":"<!-- This site is optimized with the Yoast SEO Premium plugin v21.1 (Yoast SEO v27.4) - https:\/\/yoast.com\/product\/yoast-seo-premium-wordpress\/ -->\n<title>Vrasje n\u00eb em\u00ebr t\u00eb Allahut<\/title>\n<meta name=\"description\" content=\"A fillon historia jon\u00eb me mallkimin e v\u00ebllavrasjes? Ky \u00ebsht\u00eb nj\u00eb tregim i p\u00ebrgjaksh\u00ebm i vrasjes, i mbytjes dhe i torturave n\u00eb \u00e7do ngjarje.\" \/>\n<meta name=\"robots\" content=\"index, follow, max-snippet:-1, max-image-preview:large, max-video-preview:-1\" \/>\n<link rel=\"canonical\" href=\"https:\/\/www.ahmadiyya-islam.org\/al\/librat\/vrasje-ne-emer-te-allahut\/\" \/>\n<meta property=\"og:locale\" content=\"sq_AL\" \/>\n<meta property=\"og:type\" content=\"article\" \/>\n<meta property=\"og:title\" content=\"Vrasje n\u00eb em\u00ebr t\u00eb Allahut\" \/>\n<meta property=\"og:description\" content=\"A fillon historia jon\u00eb me mallkimin e v\u00ebllavrasjes? Ky \u00ebsht\u00eb nj\u00eb tregim i p\u00ebrgjaksh\u00ebm i vrasjes, i mbytjes dhe i torturave n\u00eb \u00e7do ngjarje.\" \/>\n<meta property=\"og:url\" content=\"https:\/\/www.ahmadiyya-islam.org\/al\/librat\/vrasje-ne-emer-te-allahut\/\" \/>\n<meta property=\"og:site_name\" content=\"Xhemati Musliman Ahmedia\" \/>\n<meta property=\"article:modified_time\" content=\"2019-02-17T21:25:37+00:00\" \/>\n<meta property=\"og:image\" content=\"https:\/\/www.ahmadiyya-islam.org\/al\/wp-content\/uploads\/sites\/3\/2017\/05\/al-liber-vrasje-ne-emer-te-allahut.jpg\" \/>\n\t<meta property=\"og:image:width\" content=\"1200\" \/>\n\t<meta property=\"og:image:height\" content=\"600\" \/>\n\t<meta property=\"og:image:type\" content=\"image\/jpeg\" \/>\n<meta name=\"twitter:card\" content=\"summary_large_image\" \/>\n<script type=\"application\/ld+json\" class=\"yoast-schema-graph\">{\"@context\":\"https:\\\/\\\/schema.org\",\"@graph\":[{\"@type\":\"WebPage\",\"@id\":\"https:\\\/\\\/www.ahmadiyya-islam.org\\\/al\\\/librat\\\/vrasje-ne-emer-te-allahut\\\/\",\"url\":\"https:\\\/\\\/www.ahmadiyya-islam.org\\\/al\\\/librat\\\/vrasje-ne-emer-te-allahut\\\/\",\"name\":\"Vrasje n\u00eb em\u00ebr t\u00eb Allahut\",\"isPartOf\":{\"@id\":\"https:\\\/\\\/www.ahmadiyya-islam.org\\\/al\\\/#website\"},\"primaryImageOfPage\":{\"@id\":\"https:\\\/\\\/www.ahmadiyya-islam.org\\\/al\\\/librat\\\/vrasje-ne-emer-te-allahut\\\/#primaryimage\"},\"image\":{\"@id\":\"https:\\\/\\\/www.ahmadiyya-islam.org\\\/al\\\/librat\\\/vrasje-ne-emer-te-allahut\\\/#primaryimage\"},\"thumbnailUrl\":\"https:\\\/\\\/www.ahmadiyya-islam.org\\\/al\\\/wp-content\\\/uploads\\\/sites\\\/3\\\/2017\\\/05\\\/al-liber-vrasje-ne-emer-te-allahut.jpg\",\"datePublished\":\"2016-05-09T14:14:13+00:00\",\"dateModified\":\"2019-02-17T21:25:37+00:00\",\"description\":\"A fillon historia jon\u00eb me mallkimin e v\u00ebllavrasjes? Ky \u00ebsht\u00eb nj\u00eb tregim i p\u00ebrgjaksh\u00ebm i vrasjes, i mbytjes dhe i torturave n\u00eb \u00e7do ngjarje.\",\"breadcrumb\":{\"@id\":\"https:\\\/\\\/www.ahmadiyya-islam.org\\\/al\\\/librat\\\/vrasje-ne-emer-te-allahut\\\/#breadcrumb\"},\"inLanguage\":\"sq-AL\",\"potentialAction\":[{\"@type\":\"ReadAction\",\"target\":[\"https:\\\/\\\/www.ahmadiyya-islam.org\\\/al\\\/librat\\\/vrasje-ne-emer-te-allahut\\\/\"]}]},{\"@type\":\"ImageObject\",\"inLanguage\":\"sq-AL\",\"@id\":\"https:\\\/\\\/www.ahmadiyya-islam.org\\\/al\\\/librat\\\/vrasje-ne-emer-te-allahut\\\/#primaryimage\",\"url\":\"https:\\\/\\\/www.ahmadiyya-islam.org\\\/al\\\/wp-content\\\/uploads\\\/sites\\\/3\\\/2017\\\/05\\\/al-liber-vrasje-ne-emer-te-allahut.jpg\",\"contentUrl\":\"https:\\\/\\\/www.ahmadiyya-islam.org\\\/al\\\/wp-content\\\/uploads\\\/sites\\\/3\\\/2017\\\/05\\\/al-liber-vrasje-ne-emer-te-allahut.jpg\",\"width\":1200,\"height\":600,\"caption\":\"terrorizmi\"},{\"@type\":\"BreadcrumbList\",\"@id\":\"https:\\\/\\\/www.ahmadiyya-islam.org\\\/al\\\/librat\\\/vrasje-ne-emer-te-allahut\\\/#breadcrumb\",\"itemListElement\":[{\"@type\":\"ListItem\",\"position\":1,\"name\":\"Home\",\"item\":\"https:\\\/\\\/www.ahmadiyya-islam.org\\\/al\\\/\"},{\"@type\":\"ListItem\",\"position\":2,\"name\":\"Librat\",\"item\":\"https:\\\/\\\/www.ahmadiyya-islam.org\\\/al\\\/librat\\\/\"},{\"@type\":\"ListItem\",\"position\":3,\"name\":\"Vrasje n\u00eb em\u00ebr t\u00eb Allahut\"}]},{\"@type\":\"WebSite\",\"@id\":\"https:\\\/\\\/www.ahmadiyya-islam.org\\\/al\\\/#website\",\"url\":\"https:\\\/\\\/www.ahmadiyya-islam.org\\\/al\\\/\",\"name\":\"Xhemati Musliman Ahmedia\",\"description\":\"Albania\",\"potentialAction\":[{\"@type\":\"SearchAction\",\"target\":{\"@type\":\"EntryPoint\",\"urlTemplate\":\"https:\\\/\\\/www.ahmadiyya-islam.org\\\/al\\\/?s={search_term_string}\"},\"query-input\":{\"@type\":\"PropertyValueSpecification\",\"valueRequired\":true,\"valueName\":\"search_term_string\"}}],\"inLanguage\":\"sq-AL\"}]}<\/script>\n<!-- \/ Yoast SEO Premium plugin. -->","yoast_head_json":{"title":"Vrasje n\u00eb em\u00ebr t\u00eb Allahut","description":"A fillon historia jon\u00eb me mallkimin e v\u00ebllavrasjes? Ky \u00ebsht\u00eb nj\u00eb tregim i p\u00ebrgjaksh\u00ebm i vrasjes, i mbytjes dhe i torturave n\u00eb \u00e7do ngjarje.","robots":{"index":"index","follow":"follow","max-snippet":"max-snippet:-1","max-image-preview":"max-image-preview:large","max-video-preview":"max-video-preview:-1"},"canonical":"https:\/\/www.ahmadiyya-islam.org\/al\/librat\/vrasje-ne-emer-te-allahut\/","og_locale":"sq_AL","og_type":"article","og_title":"Vrasje n\u00eb em\u00ebr t\u00eb Allahut","og_description":"A fillon historia jon\u00eb me mallkimin e v\u00ebllavrasjes? Ky \u00ebsht\u00eb nj\u00eb tregim i p\u00ebrgjaksh\u00ebm i vrasjes, i mbytjes dhe i torturave n\u00eb \u00e7do ngjarje.","og_url":"https:\/\/www.ahmadiyya-islam.org\/al\/librat\/vrasje-ne-emer-te-allahut\/","og_site_name":"Xhemati Musliman Ahmedia","article_modified_time":"2019-02-17T21:25:37+00:00","og_image":[{"width":1200,"height":600,"url":"https:\/\/www.ahmadiyya-islam.org\/al\/wp-content\/uploads\/sites\/3\/2017\/05\/al-liber-vrasje-ne-emer-te-allahut.jpg","type":"image\/jpeg"}],"twitter_card":"summary_large_image","schema":{"@context":"https:\/\/schema.org","@graph":[{"@type":"WebPage","@id":"https:\/\/www.ahmadiyya-islam.org\/al\/librat\/vrasje-ne-emer-te-allahut\/","url":"https:\/\/www.ahmadiyya-islam.org\/al\/librat\/vrasje-ne-emer-te-allahut\/","name":"Vrasje n\u00eb em\u00ebr t\u00eb Allahut","isPartOf":{"@id":"https:\/\/www.ahmadiyya-islam.org\/al\/#website"},"primaryImageOfPage":{"@id":"https:\/\/www.ahmadiyya-islam.org\/al\/librat\/vrasje-ne-emer-te-allahut\/#primaryimage"},"image":{"@id":"https:\/\/www.ahmadiyya-islam.org\/al\/librat\/vrasje-ne-emer-te-allahut\/#primaryimage"},"thumbnailUrl":"https:\/\/www.ahmadiyya-islam.org\/al\/wp-content\/uploads\/sites\/3\/2017\/05\/al-liber-vrasje-ne-emer-te-allahut.jpg","datePublished":"2016-05-09T14:14:13+00:00","dateModified":"2019-02-17T21:25:37+00:00","description":"A fillon historia jon\u00eb me mallkimin e v\u00ebllavrasjes? Ky \u00ebsht\u00eb nj\u00eb tregim i p\u00ebrgjaksh\u00ebm i vrasjes, i mbytjes dhe i torturave n\u00eb \u00e7do ngjarje.","breadcrumb":{"@id":"https:\/\/www.ahmadiyya-islam.org\/al\/librat\/vrasje-ne-emer-te-allahut\/#breadcrumb"},"inLanguage":"sq-AL","potentialAction":[{"@type":"ReadAction","target":["https:\/\/www.ahmadiyya-islam.org\/al\/librat\/vrasje-ne-emer-te-allahut\/"]}]},{"@type":"ImageObject","inLanguage":"sq-AL","@id":"https:\/\/www.ahmadiyya-islam.org\/al\/librat\/vrasje-ne-emer-te-allahut\/#primaryimage","url":"https:\/\/www.ahmadiyya-islam.org\/al\/wp-content\/uploads\/sites\/3\/2017\/05\/al-liber-vrasje-ne-emer-te-allahut.jpg","contentUrl":"https:\/\/www.ahmadiyya-islam.org\/al\/wp-content\/uploads\/sites\/3\/2017\/05\/al-liber-vrasje-ne-emer-te-allahut.jpg","width":1200,"height":600,"caption":"terrorizmi"},{"@type":"BreadcrumbList","@id":"https:\/\/www.ahmadiyya-islam.org\/al\/librat\/vrasje-ne-emer-te-allahut\/#breadcrumb","itemListElement":[{"@type":"ListItem","position":1,"name":"Home","item":"https:\/\/www.ahmadiyya-islam.org\/al\/"},{"@type":"ListItem","position":2,"name":"Librat","item":"https:\/\/www.ahmadiyya-islam.org\/al\/librat\/"},{"@type":"ListItem","position":3,"name":"Vrasje n\u00eb em\u00ebr t\u00eb Allahut"}]},{"@type":"WebSite","@id":"https:\/\/www.ahmadiyya-islam.org\/al\/#website","url":"https:\/\/www.ahmadiyya-islam.org\/al\/","name":"Xhemati Musliman Ahmedia","description":"Albania","potentialAction":[{"@type":"SearchAction","target":{"@type":"EntryPoint","urlTemplate":"https:\/\/www.ahmadiyya-islam.org\/al\/?s={search_term_string}"},"query-input":{"@type":"PropertyValueSpecification","valueRequired":true,"valueName":"search_term_string"}}],"inLanguage":"sq-AL"}]}},"_links":{"self":[{"href":"https:\/\/www.ahmadiyya-islam.org\/al\/wp-json\/wp\/v2\/books\/6503","targetHints":{"allow":["GET"]}}],"collection":[{"href":"https:\/\/www.ahmadiyya-islam.org\/al\/wp-json\/wp\/v2\/books"}],"about":[{"href":"https:\/\/www.ahmadiyya-islam.org\/al\/wp-json\/wp\/v2\/types\/books"}],"version-history":[{"count":0,"href":"https:\/\/www.ahmadiyya-islam.org\/al\/wp-json\/wp\/v2\/books\/6503\/revisions"}],"wp:featuredmedia":[{"embeddable":true,"href":"https:\/\/www.ahmadiyya-islam.org\/al\/wp-json\/wp\/v2\/media\/6504"}],"wp:attachment":[{"href":"https:\/\/www.ahmadiyya-islam.org\/al\/wp-json\/wp\/v2\/media?parent=6503"}],"wp:term":[{"taxonomy":"post_tag","embeddable":true,"href":"https:\/\/www.ahmadiyya-islam.org\/al\/wp-json\/wp\/v2\/tags?post=6503"},{"taxonomy":"authors","embeddable":true,"href":"https:\/\/www.ahmadiyya-islam.org\/al\/wp-json\/wp\/v2\/authors?post=6503"}],"curies":[{"name":"wp","href":"https:\/\/api.w.org\/{rel}","templated":true}]}}

Vrasje në emër të Allahut

<p>A fillon historia jonë me mallkimin e vëllavrasjes? Ky është një tregim i përgjakshëm i vrasjes, i mbytjes dhe i torturave në çdo ngjarje. Është derdhur aq gjak gjatë tërë historisë sa që e tërë bota mund të ngjyrosej në të kuqe &#8211; bile shumica e gjakut do të tepronte. Kur do të pushojë njeriu së vrari njeriun? A do të shuhet ndonjëherë etja e tij për gjak?</p>

<!-- This site is optimized with the Yoast SEO Premium plugin v21.1 (Yoast SEO v27.4) - https://yoast.com/product/yoast-seo-premium-wordpress/ -->
<title>Vrasje në emër të Allahut</title>
<meta name="description" content="A fillon historia jonë me mallkimin e vëllavrasjes? Ky është një tregim i përgjakshëm i vrasjes, i mbytjes dhe i torturave në çdo ngjarje." />
<meta name="robots" content="index, follow, max-snippet:-1, max-image-preview:large, max-video-preview:-1" />
<link rel="canonical" href="https://www.ahmadiyya-islam.org/al/librat/vrasje-ne-emer-te-allahut/" />
<meta property="og:locale" content="sq_AL" />
<meta property="og:type" content="article" />
<meta property="og:title" content="Vrasje në emër të Allahut" />
<meta property="og:description" content="A fillon historia jonë me mallkimin e vëllavrasjes? Ky është një tregim i përgjakshëm i vrasjes, i mbytjes dhe i torturave në çdo ngjarje." />
<meta property="og:url" content="https://www.ahmadiyya-islam.org/al/librat/vrasje-ne-emer-te-allahut/" />
<meta property="og:site_name" content="Xhemati Musliman Ahmedia" />
<meta property="article:modified_time" content="2019-02-17T21:25:37+00:00" />
<meta property="og:image" content="https://www.ahmadiyya-islam.org/al/wp-content/uploads/sites/3/2017/05/al-liber-vrasje-ne-emer-te-allahut.jpg" />
	<meta property="og:image:width" content="1200" />
	<meta property="og:image:height" content="600" />
	<meta property="og:image:type" content="image/jpeg" />
<meta name="twitter:card" content="summary_large_image" />
<script type="application/ld+json" class="yoast-schema-graph">{"@context":"https:\/\/schema.org","@graph":[{"@type":"WebPage","@id":"https:\/\/www.ahmadiyya-islam.org\/al\/librat\/vrasje-ne-emer-te-allahut\/","url":"https:\/\/www.ahmadiyya-islam.org\/al\/librat\/vrasje-ne-emer-te-allahut\/","name":"Vrasje në emër të Allahut","isPartOf":{"@id":"https:\/\/www.ahmadiyya-islam.org\/al\/#website"},"primaryImageOfPage":{"@id":"https:\/\/www.ahmadiyya-islam.org\/al\/librat\/vrasje-ne-emer-te-allahut\/#primaryimage"},"image":{"@id":"https:\/\/www.ahmadiyya-islam.org\/al\/librat\/vrasje-ne-emer-te-allahut\/#primaryimage"},"thumbnailUrl":"https:\/\/www.ahmadiyya-islam.org\/al\/wp-content\/uploads\/sites\/3\/2017\/05\/al-liber-vrasje-ne-emer-te-allahut.jpg","datePublished":"2016-05-09T14:14:13+00:00","dateModified":"2019-02-17T21:25:37+00:00","description":"A fillon historia jonë me mallkimin e vëllavrasjes? Ky është një tregim i përgjakshëm i vrasjes, i mbytjes dhe i torturave në çdo ngjarje.","breadcrumb":{"@id":"https:\/\/www.ahmadiyya-islam.org\/al\/librat\/vrasje-ne-emer-te-allahut\/#breadcrumb"},"inLanguage":"sq-AL","potentialAction":[{"@type":"ReadAction","target":["https:\/\/www.ahmadiyya-islam.org\/al\/librat\/vrasje-ne-emer-te-allahut\/"]}]},{"@type":"ImageObject","inLanguage":"sq-AL","@id":"https:\/\/www.ahmadiyya-islam.org\/al\/librat\/vrasje-ne-emer-te-allahut\/#primaryimage","url":"https:\/\/www.ahmadiyya-islam.org\/al\/wp-content\/uploads\/sites\/3\/2017\/05\/al-liber-vrasje-ne-emer-te-allahut.jpg","contentUrl":"https:\/\/www.ahmadiyya-islam.org\/al\/wp-content\/uploads\/sites\/3\/2017\/05\/al-liber-vrasje-ne-emer-te-allahut.jpg","width":1200,"height":600,"caption":"terrorizmi"},{"@type":"BreadcrumbList","@id":"https:\/\/www.ahmadiyya-islam.org\/al\/librat\/vrasje-ne-emer-te-allahut\/#breadcrumb","itemListElement":[{"@type":"ListItem","position":1,"name":"Home","item":"https:\/\/www.ahmadiyya-islam.org\/al\/"},{"@type":"ListItem","position":2,"name":"Librat","item":"https:\/\/www.ahmadiyya-islam.org\/al\/librat\/"},{"@type":"ListItem","position":3,"name":"Vrasje në emër të Allahut"}]},{"@type":"WebSite","@id":"https:\/\/www.ahmadiyya-islam.org\/al\/#website","url":"https:\/\/www.ahmadiyya-islam.org\/al\/","name":"Xhemati Musliman Ahmedia","description":"Albania","potentialAction":[{"@type":"SearchAction","target":{"@type":"EntryPoint","urlTemplate":"https:\/\/www.ahmadiyya-islam.org\/al\/?s={search_term_string}"},"query-input":{"@type":"PropertyValueSpecification","valueRequired":true,"valueName":"search_term_string"}}],"inLanguage":"sq-AL"}]}</script>
<!-- / Yoast SEO Premium plugin. -->

A fillon historia jonë me mallkimin e vëllavrasjes? Ky është një tregim i përgjakshëm i vrasjes, i mbytjes dhe i torturave në çdo ngjarje.
